Rapporti sul clima in stile NOAA


Report for 2020 Giugno
                   Monthly Climatological Summary for giu 2020

Name: Meteo Massone   City: Massone - Arco (TN)   State: Italia
Elevation: 130 m  Lat: N 45 55 23   Lon: E 010 54 02

                  Temperature (°C), Rain (mm), Wind Speed (km/h)

                                      Heat  Cool        Avg
    Mean                              Deg   Deg         Wind                 Dom
Day Temp  High   Time   Low    Time   Days  Days  Rain  Speed High   Time    Dir
----------------------------------------------------------------------------------
01  19,1  25,3   15:46  12,4   04:53   2,0   2,8   0,0   5,4  36,0   16:33   SSE
02  20,9  26,4   17:40  14,4   05:54   0,8   3,4   0,0   3,3  29,0   13:14   SSE
03  20,2  25,4   14:57  14,5   06:04   0,9   2,8   0,0   4,9  31,0   15:54   SSE
04  16,3  19,4   00:00  14,6   22:12   2,0   0,1  18,9   4,0  32,0   12:48     S
05  18,9  23,4   12:44  13,9   04:28   1,4   2,0   3,9   6,3  33,0   17:27   SSE
06  19,0  23,1   11:11  15,2   05:48   0,8   1,5   6,5   2,9  26,0   12:46    SE
07  16,6  17,8   09:16  15,3   05:12   1,7   0,0  17,4   1,0  18,0   13:41    NE
08  16,9  21,9   13:24  13,4   04:20   1,9   0,4   7,0   1,1  13,0   16:46    NE
09  18,0  23,3   17:31  13,9   05:42   1,5   1,2   4,7   3,6  24,0   14:52     S
10  15,9  20,2   12:09  13,3   05:21   2,5   0,1   4,7   1,6  19,0   18:19    SE
11  16,0  21,1   15:56  13,1   09:36   2,7   0,4   7,0   2,2  19,0   15:41    SE
12  18,4  23,8   16:43  11,9   04:31   2,1   2,2   0,0   5,9  35,0   17:43   SSE
13  20,7  26,5   17:03  14,2   05:20   1,2   3,5   0,0   5,3  32,0   19:00   SSE
14  19,9  26,1   14:08  15,4   08:25   0,7   2,3  13,2   3,9  26,0   00:00   SSE
15  19,9  23,1   17:07  17,3   05:26   0,2   1,7   0,0   1,7  14,0   13:02    SE
16  21,2  26,4   17:22  16,5   05:41   0,4   3,3   0,0   2,2  27,0   16:23   SSE
17  19,6  23,9   16:47  17,0   23:59   0,1   1,4   1,5   1,1  16,0   18:27     S
18  20,1  25,4   15:20  14,6   05:53   1,0   2,8   0,0   4,9  32,0   14:00   SSE
19  19,3  25,4   14:46  15,6   23:54   0,6   1,6   0,5   3,7  32,0   13:58    SE
20  20,2  27,9   13:03  13,3   05:48   1,3   3,3   0,0   3,6  32,0   13:33    SE
21  23,8  31,3   17:26  16,4   07:33   0,2   5,7   0,0   3,7  26,0   18:15   NNO
22  26,3  33,2   15:06  17,9   07:22   0,0   8,0   0,0   4,5  28,0   20:42   NNO
23  25,1  31,8   13:56  18,2   07:37   0,0   6,8   0,0   3,6  28,0   14:23   SSE
24  23,9  27,6   13:59  19,8   06:58   0,0   5,6   0,0   5,3  32,0   14:15   SSE
25  22,9  24,9   15:41  20,5   06:48   0,0   4,6   0,0   5,6  33,0   16:18   SSE
26  22,9  26,8   17:25  18,9   06:03   0,0   4,6   0,0   4,3  23,0   11:28   SSE
27  24,4  29,4   18:08  18,6   06:04   0,0   6,1   0,0   4,9  26,0   18:55   SSE
28  25,7  30,4   15:47  20,0   05:57   0,0   7,3   0,0   5,3  32,0   17:01   SSE
29  25,1  30,3   18:35  19,8   05:44   0,0   6,7   0,0   4,6  32,0   13:01   SSE
30  25,8  29,4   17:23  21,7   05:32   0,0   7,5   0,0   6,0  34,0   14:04   SSE
----------------------------------------------------------------------------------
    20,8  33,2    22    11,9    12    26,0  99,7  85,3   3,9  36,0     1     SSE

Max >=  30,0  5
Max <=  25,0 12
Min <=   0,0  0
Min <=  -5,0  0
Max Rain: 18,9 on day 4
Days of Rain: 11 (>= 0,2 mm)  9 (>= 2,0 mm)  0 (>= 20,0 mm)
Heat Base: 18,3  Cool Base: 18,3  Method: Integration