Rapporti sul clima in stile NOAA


Report for 2013 Agosto
                   Monthly Climatological Summary for ago 2013

Name: Meteo Massone   City: Massone - Arco ( TN )   State: Italia
Elevation: 130 m  Lat: N 45° 55' 24"   Lon: E 010° 54' 03"

                  Temperature (°C), Rain (mm), Wind Speed (km/h)

                                      Heat  Cool        Avg
    Mean                              Deg   Deg         Wind                 Dom
Day Temp  High   Time   Low    Time   Days  Days  Rain  Speed High   Time    Dir
----------------------------------------------------------------------------------
19  20,8  21,9   22.36  19,8   23.41   0,0   0,5   1,0   8,5  40,0   23.12   NNE
20  22,8  29,2   13.34  19,0   04.30   0,0   4,5   0,0   9,2  33,0   02.18    NE
21  22,4  27,1   16.00  17,3   07.53   0,0   4,0   0,0   3,9  62,0   18.09   SSE
22  22,5  27,4   15.09  17,1   06.18   0,1   4,3   0,0   4,9  32,0   16.52     S
23  21,8  27,9   15.25  16,6   18.00   0,2   3,7  17,6   4,9  46,0   17.42   SSE
24  21,6  27,2   16.29  16,4   05.19   0,3   3,7   6,5   4,6  30,0   15.00   SSE
25  20,5  26,8   13.48  17,1   06.59   0,2   2,4   2,6   2,9  27,0   09.46    NE
26  19,8  24,3   14.52  15,9   07.59   0,4   1,9   5,7   2,8  23,0   15.00   SSW
27  19,9  24,6   17.09  16,5   06.23   0,3   1,9   6,0   3,4  22,0   14.20   SSE
28  20,3  27,8   13.58  15,4   06.11   0,7   2,7   5,2   3,5  26,0   01.38   ENE
29  21,3  25,8   16.08  16,6   06.54   0,1   3,1   0,0   4,3  26,0   14.29   SSE
30  21,8  26,1   15.28  18,1   03.16   0,0   3,5   0,0   5,2  32,0   14.51     S
31  22,2  26,6   15.25  18,2   04.19   0,0   3,9   0,0   4,0  29,0   14.41     S
----------------------------------------------------------------------------------
    21,4  29,2    20    15,4    28     2,3  40,1  44,6   4,6  62,0    21      SE

Max >=  27,0:  6
Max <=   0,0:  0
Min <=   0,0:  0
Min <= -18,0:  0
Max Rain: 17,6 on day 23
Days of Rain: 7 (>= 0,2 mm)  6 (>= 2,0 mm)  0 (>= 20,0 mm)
Heat Base: 18,3  Cool Base: 18,3  Method: Integration