Rapporti sul clima in stile NOAA


Report for 2013 Settembre
                   Monthly Climatological Summary for set 2013

Name: Meteo Massone   City: Massone - Arco ( TN )   State: Italia
Elevation: 130 m  Lat: N 45° 55' 24"   Lon: E 010° 54' 03"

                  Temperature (°C), Rain (mm), Wind Speed (km/h)

                                      Heat  Cool        Avg
    Mean                              Deg   Deg         Wind                 Dom
Day Temp  High   Time   Low    Time   Days  Days  Rain  Speed High   Time    Dir
----------------------------------------------------------------------------------
 1  22,4  27,6   12.26  17,9   23.59   0,0   4,1   1,8   4,3  29,0   17.20   SSE
 2  20,8  25,9   16.13  16,6   06.36   0,4   2,9   2,1   3,9  24,0   12.32     S
 3  22,3  27,9   12.17  16,4   07.26   0,2   4,2   0,0   4,5 184,0   22.28   SSE
 4  22,8  27,7   15.57  16,9   07.09   0,1   4,6   0,0   3,8  27,0   15.07     S
 5  24,3  27,9   15.50  20,9   06.49   0,0   6,1   0,0   4,0  28,0   12.35     S
 6  24,7  28,3   16.13  21,4   06.00   0,0   6,4   0,0   4,8  32,0   15.26     S
 7  24,4  28,9   15.43  19,2   06.54   0,0   6,1   0,0   4,1  30,0   17.56     S
 8  21,9  24,3   12.02  19,8   06.34   0,0   3,6   1,0   1,9  22,0   13.57     E
 9  22,1  28,1   14.31  18,8   07.17   0,0   3,8   4,4   3,4  23,0   16.07     S
10  20,1  23,8   12.52  15,9   23.16   0,2   2,0  12,2   3,9  30,0   23.49   SSE
11  17,3  22,3   13.06  13,4   07.14   1,7   0,7   4,9   6,6  36,0   01.00    SE
12  16,7  22,1   12.46  13,8   06.15   2,1   0,6   0,0   2,7 184,0   07.12   SSE
13  17,8  23,9   15.32  12,8   06.48   1,9   1,5   0,0   3,0  24,0   14.30   SSE
14  17,9  23,4   14.31  12,6   05.51   1,6   1,3   0,0   3,0  20,0   13.50     S
15  17,1  20,2   15.26  14,2   05.58   1,6   0,4   2,8   0,6  10,0   00.37   ENE
16  18,0  22,9   12.45  13,3   06.59   1,5   1,3   0,3   5,8  30,0   17.26   SSE
17  18,4  22,9   14.49  13,4   08.47   1,1   1,2   2,3   7,5  45,0   05.44    NE
18  15,4  20,1   12.55  10,3   07.01   3,0   0,1   0,0   3,7  21,0   13.02     S
19  17,8  25,2   12.55  11,9   06.53   2,1   1,5   0,0   3,3  25,0   13.01     S
20  18,3  22,8   14.03  14,1   05.33   1,2   1,2   0,0   2,7  24,0   14.07   SSW
21  19,1  24,1   12.48  14,7   07.50   0,9   1,7   0,0   3,7  26,0   15.03   SSE
22  18,9  23,2   12.51  14,1   07.31   1,0   1,6   0,0   3,7  23,0   15.47   SSE
23  18,7  24,6   15.27  13,3   07.43   1,4   1,8   0,0   3,0  21,0   14.00     S
24  19,7  24,9   14.29  14,2   07.07   1,1   2,6   0,0   3,8  23,0   16.06     S
25  20,5  23,1   13.26  17,8   06.51   0,0   2,2   0,0   4,3  30,0   14.43   SSE
26  19,9  25,0   16.54  15,3   07.13   0,7   2,3   0,0   2,9  24,0   15.02   SSE
27  20,5  22,9   14.35  17,8   05.32   0,0   2,2   0,0   2,8  23,0   14.40   SSW
28  20,8  22,9   15.03  18,9   05.37   0,0   2,5   0,0   1,9  21,0   14.38   SSW
29  19,7  22,3   12.10  17,4   22.11   0,1   1,5   1,6   2,0  20,0   17.43   SSE
30  15,7  17,6   00.00  14,7   11.06   2,6   0,0  16,8   4,8  27,0   02.52     S
----------------------------------------------------------------------------------
    19,8  28,9     7    10,3    18    26,5  72,0  50,2   3,7 184,0     3     SSE

Max >=  27,0:  7
Max <=   0,0:  0
Min <=   0,0:  0
Min <= -18,0:  0
Max Rain: 16,8 on day 30
Days of Rain: 11 (>= 0,2 mm)  7 (>= 2,0 mm)  0 (>= 20,0 mm)
Heat Base: 18,3  Cool Base: 18,3  Method: Integration