Rapporti sul clima in stile NOAA


Report for 2013 Ottobre
                   Monthly Climatological Summary for ott 2013

Name: Meteo Massone   City: Massone - Arco ( TN )   State: Italia
Elevation: 130 m  Lat: N 45° 55' 24"   Lon: E 010° 54' 03"

                  Temperature (°C), Rain (mm), Wind Speed (km/h)

                                      Heat  Cool        Avg
    Mean                              Deg   Deg         Wind                 Dom
Day Temp  High   Time   Low    Time   Days  Days  Rain  Speed High   Time    Dir
----------------------------------------------------------------------------------
 1  16,6  18,3   13.32  15,2   06.13   1,7   0,0   0,0   1,9  18,0   13.18   SSE
 2  17,3  20,0   13.14  14,6   06.44   1,2   0,2   0,0   4,2  31,0   14.23   SSE
 3  16,0  17,4   00.00  14,6   22.46   2,3   0,0   0,0   7,4  29,0   13.26   SSE
 4  14,8  15,4   16.03  13,6   22.27   3,5   0,0   0,0   5,5  24,0   13.29   SSE
 5  13,9  15,3   13.44  12,5   06.48   4,4   0,0   3,6   1,8  19,0   07.31    NE
 6  15,9  19,6   14.19  12,9   05.47   2,5   0,1   1,3   1,3  14,0   09.50    SE
 7  16,4  17,4   13.11  15,4   05.56   1,9   0,0   4,7   0,7  11,0   04.11    NE
 8  15,9  17,1   17.12  14,6   06.51   2,4   0,0   2,6   2,0  15,0   10.07   SSE
 9  16,3  18,3   14.38  14,8   06.39   2,0   0,0   6,5   2,0  22,0   22.28   SSE
10  16,5  18,4   22.05  14,9   21.42   1,8   0,0   6,7   7,5  37,0   23.26     S
11  11,2  16,2   16.07   7,9   07.16   7,1   0,0  21,8   4,7  35,0   00.03     N
12  11,0  17,0   16.32   6,9   08.08   7,3   0,0  17,6   3,5  21,0   06.28   NNE
13  12,2  14,9   14.38   9,2   02.23   6,1   0,0   0,0   1,2  15,0   08.23   ENE
14  13,9  17,1   14.09  11,8   07.41   4,4   0,0   0,0   1,2  13,0   06.01   ESE
15  14,6  18,3   13.34  12,3   06.47   3,7   0,0   0,0   2,6  21,0   16.37     S
16  16,0  22,7   14.24  11,2   09.02   3,2   0,8   0,0   3,2  27,0   14.48   NNE
17  14,3  20,8   14.05   9,6   08.13   4,3   0,3   0,0   3,7  23,0   05.18   ENE
18  13,6  19,9   14.02   8,5   08.13   4,9   0,1   0,0   2,6  18,0   04.44   ESE
19  13,7  18,7   13.47   9,0   08.33   4,6   0,0   0,0   1,7  17,0   09.12   SSE
20  14,4  17,3   14.06  12,3   08.17   3,9   0,0  15,0   1,2  13,0   23.49    NE
21  15,9  20,1   14.43  13,0   08.00   2,5   0,1   0,3   1,7  21,0   16.12   SSE
22  16,0  18,9   15.19  14,2   01.24   2,3   0,0   0,8   1,1  10,0   16.18   SSW
23  16,3  17,2   10.12  15,5   21.41   2,0   0,0  23,8   1,1  14,0   22.18   NNE
24  17,0  22,1   16.04  14,6   08.13   1,7   0,4  10,6   1,5  19,0   05.31   NNE
25  17,2  20,9   12.49  15,2   23.39   1,4   0,3   0,3   1,4  23,0   14.47     S
26  17,2  21,9   13.32  13,8   09.04   1,6   0,5   0,0   2,1  26,0   14.22     S
27  17,3  19,6   14.46  15,6   07.08   1,3   0,2   0,0   4,6  35,0   14.17     S
28  17,4  19,8   17.19  15,9   07.02   1,1   0,2   0,0   2,6  32,0   17.18     S
29  16,0  18,1   14.29  14,9   06.13   2,3   0,0  31,3   2,3  25,0   03.12     N
30  15,3  17,5   14.39  13,4   10.13   3,0   0,0   7,0   2,8  27,0   13.26   NNE
31  15,2  18,3   11.55  12,8   06.10   3,1   0,0   0,0   1,8  20,0   13.03     S
----------------------------------------------------------------------------------
    15,3  22,7    16     6,9    12    95,5   3,2 153,9   2,7  37,0    10      SE

Max >=  27,0:  0
Max <=   0,0:  0
Min <=   0,0:  0
Min <= -18,0:  0
Max Rain: 31,3 on day 29
Days of Rain: 16 (>= 0,2 mm)  12 (>= 2,0 mm)  3 (>= 20,0 mm)
Heat Base: 18,3  Cool Base: 18,3  Method: Integration