Rapporti sul clima in stile NOAA


Report for 2013 Novembre
                   Monthly Climatological Summary for nov 2013

Name: Meteo Massone   City: Massone - Arco ( TN )   State: Italia
Elevation: 130 m  Lat: N 45° 55' 24"   Lon: E 010° 54' 03"

                  Temperature (°C), Rain (mm), Wind Speed (km/h)

                                      Heat  Cool        Avg
    Mean                              Deg   Deg         Wind                 Dom
Day Temp  High   Time   Low    Time   Days  Days  Rain  Speed High   Time    Dir
----------------------------------------------------------------------------------
 1  14,6  17,6   11.27  11,3   07.32   3,7   0,0   0,0   1,8  16,0   12.01     S
 2  14,5  16,2   14.40  12,8   21.20   3,8   0,0   0,3   4,3  28,0   05.57     S
 3  14,9  18,1   15.39  12,6   04.01   3,4   0,0   6,0   7,0  34,0   13.43   SSE
 4  10,9  12,9   00.17  10,0   17.00   7,4   0,0   4,9   1,1  15,0   00.43    NE
 5  12,4  18,3   13.59   8,6   07.28   5,9   0,0   0,0   1,8  25,0   14.19   SSE
 6  13,1  18,8   13.24  10,1   23.45   5,2   0,0   0,0   2,2  19,0   16.22   NNE
 7  12,3  17,5   12.29   8,2   07.19   6,0   0,0   0,0   2,4  23,0   13.28   SSE
 8  13,4  15,5   13.48  12,3   21.51   4,9   0,0   1,3   0,5   8,0   21.54    NE
 9  12,1  13,9   13.24   9,3   22.51   6,2   0,0  40,1   3,1  31,0   19.13   NNE
10  10,2  13,4   23.28   6,5   05.58   8,1   0,0   0,3   4,8  51,0   23.30   NNE
11  14,5  16,9   15.41  13,2   01.19   3,8   0,0   0,0  17,9  64,0   10.56   NNE
12  11,7  17,3   13.16   7,7   23.43   6,6   0,0   0,0   2,8  32,0   00.04    NE
13  11,7  16,8   15.43   7,9   00.00   6,6   0,0   0,0   1,1  16,0   04.56    NE
14  10,9  12,6   12.28   9,4   23.36   7,4   0,0  11,9   1,3  36,0   23.39   NNE
15   9,5  10,8   16.54   8,6   02.50   8,8   0,0   9,1   8,8  39,0   00.51   NNE
16  10,0  15,3   13.58   6,8   08.22   8,3   0,0   0,0   1,6  14,0   14.44     E
17  10,7  13,4   13.24   8,8   23.44   7,6   0,0   0,0   1,6  18,0   13.51     N
18  10,0  12,0   12.27   8,2   00.43   8,3   0,0   0,3   0,8  13,0   19.39    NE
19  10,7  12,4   10.05   9,3   21.38   7,6   0,0   1,3   1,8  29,0   09.02    NE
20  10,5  13,7   12.09   8,5   05.08   7,8   0,0  16,1   3,6  30,0   20.36    SE
21   7,7  10,6   00.14   4,2   23.58  10,6   0,0  22,8   2,3  30,0   22.05    NE
22   5,9   9,5   15.23   3,2   03.11  12,4   0,0   6,0   4,9  34,0   21.44   NNE
23   9,0  11,4   14.00   7,5   01.07   9,3   0,0   0,3   7,5  37,0   06.01   NNE
24   9,2  12,8   14.42   7,3   07.31   9,1   0,0   0,3   1,3  15,0   08.01   NNE
25   8,3  11,3   13.00   4,9   22.07  10,0   0,0   0,0   7,2  34,0   23.51     N
26   6,0   9,4   13.49   4,3   05.00  12,3   0,0   0,0  11,2  37,0   01.28     N
27   4,4   7,5   12.41   1,8   22.41  13,8   0,0   0,0   5,7  28,0   08.49     N
28   2,8   7,9   13.46  -0,4   04.29  15,5   0,0   0,0   1,7  14,0   06.28    NE
29   3,5   8,7   12.59   0,1   08.41  14,8   0,0   0,0   1,9  18,0   13.26   ESE
30   4,5   8,3   14.59   2,4   00.10  13,8   0,0   0,0   1,2  12,0   08.42    NE
----------------------------------------------------------------------------------
    10,0  18,8     6    -0,4    28   249,0   0,0 121,0   3,8  64,0    11      NE

Max >=  27,0:  0
Max <=   0,0:  0
Min <=   0,0:  1
Min <= -18,0:  0
Max Rain: 40,1 on day 9
Days of Rain: 15 (>= 0,2 mm)  8 (>= 2,0 mm)  2 (>= 20,0 mm)
Heat Base: 18,3  Cool Base: 18,3  Method: Integration