Rapporti sul clima in stile NOAA


Report for 2013 Dicembre
                   Monthly Climatological Summary for dic 2013

Name: Meteo Massone   City: Massone - Arco ( TN )   State: Italia
Elevation: 130 m  Lat: N 45° 55' 24"   Lon: E 010° 54' 03"

                  Temperature (°C), Rain (mm), Wind Speed (km/h)

                                      Heat  Cool        Avg
    Mean                              Deg   Deg         Wind                 Dom
Day Temp  High   Time   Low    Time   Days  Days  Rain  Speed High   Time    Dir
----------------------------------------------------------------------------------
 1   4,9  11,6   14.40   1,8   03.11  13,4   0,0   0,0   2,3  19,0   11.37    NE
 2   5,5  12,6   14.16   1,7   08.10  12,8   0,0   0,0   2,0  13,0   01.54   NNE
 3   4,8  12,1   15.16   0,8   01.54  13,5   0,0   0,0   1,6  15,0   23.08   NNE
 4   6,2  13,5   14.04   2,5   06.56  12,1   0,0   0,0   1,9  19,0   08.23   NNE
 5   6,6  13,6   11.47   2,6   23.55  11,7   0,0   0,0   2,0  13,0   13.26   NNE
 6   5,5  11,1   12.45   2,3   01.59  12,8   0,0   0,0   3,0  16,0   02.07   ENE
 7   5,8  13,4   14.04   2,4   02.56  12,5   0,0   0,0   2,4  21,0   11.27   NNE
 8   4,0  10,3   14.19   0,7   08.21  14,3   0,0   0,0   1,5  19,0   02.27   NNE
 9   4,8   8,6   14.14   2,4   00.18  13,5   0,0   0,0   1,5  14,0   19.52   NNE
10   5,9  12,7   12.33   2,1   02.25  12,4   0,0   0,0   2,0  14,0   13.42   NNE
11   5,5  11,9   13.17   2,9   06.40  12,8   0,0   0,0   1,4  13,0   13.33     N
12   5,1  11,5   13.18   1,6   05.00  13,2   0,0   0,0   1,2  14,0   14.09    NW
13   6,1  13,8   14.34   2,4   07.57  12,2   0,0   0,0   1,4   9,0   04.51   NNE
14   6,0  12,6   14.10   2,9   22.36  12,3   0,0   0,0   1,7  13,0   05.57    NE
15   7,5  13,4   13.26   3,7   01.03  10,8   0,0   0,0   2,3  28,0   02.20    NE
16   6,7  13,6   14.13   3,1   08.10  11,6   0,0   0,0   2,2  18,0   06.47    NE
17   6,4  13,6   15.19   2,5   07.48  11,8   0,0   0,0   1,6  12,0   22.11    NE
18   5,5  11,5   14.47   2,2   23.42  12,8   0,0   0,0   1,2  14,0   09.12   NNE
19   3,6   5,6   17.22   1,2   03.55  14,7   0,0   4,4   0,6  10,0   04.26   NNE
20   6,0   7,3   13.57   4,3   00.00  12,5   0,0   3,6   0,8  15,0   05.50    NE
21   7,9   9,8   13.37   6,3   06.08  10,4   0,0   0,3   0,7  12,0   04.04   NNE
22   7,8   8,6   13.21   7,0   05.53  10,5   0,0   0,8   0,2   7,0   03.07   NNE
23   8,5  11,1   12.07   7,3   08.34   9,8   0,0   1,0   0,7  16,0   19.59     S
24   8,3   8,6   13.42   8,1   01.52  10,0   0,0   2,6   3,5  20,0   18.35     S
25   9,0   9,8   06.10   8,0   23.38   9,3   0,0  35,7   2,5  26,0   23.10   ENE
26   7,3  10,0   23.59   5,8   11.36  11,0   0,0  47,9   5,2  39,0   21.02   NNE
27   8,4  12,9   12.40   5,4   07.31   9,9   0,0   0,0   3,4  34,0   00.28   NNE
28   6,2   9,1   14.15   3,8   08.10  12,1   0,0   0,3   1,8  19,0   09.59   NNE
29   7,0   8,6   14.50   5,1   22.20  11,3   0,0  11,1   0,9  14,0   04.25    NE
30   5,7  10,4   14.16   1,9   23.37  12,6   0,0   0,3   2,3  17,0   13.18   NNE
31   3,5   8,8   14.25   0,9   07.23  14,8   0,0   0,0   2,1  19,0   14.36   NNE
----------------------------------------------------------------------------------
     6,2  13,8    13     0,7     8   375,4   0,0 108,0   1,9  39,0    26      NE

Max >=  27,0:  0
Max <=   0,0:  0
Min <=   0,0:  0
Min <= -18,0:  0
Max Rain: 47,9 on day 26
Days of Rain: 11 (>= 0,2 mm)  6 (>= 2,0 mm)  2 (>= 20,0 mm)
Heat Base: 18,3  Cool Base: 18,3  Method: Integration