Rapporti sul clima in stile NOAA


Report for 2014
                   Annual Climatological Summary for 2014

Name: Meteo Massone   City: Massone - Arco ( TN )   State: Italia
Elevation: 130 m  Lat: N 45° 55' 24"   Lon: E 010° 54' 03"

                  Temperature (°C), Heat Base: 18,3  Cool Base: 18,3
                          Dep.  Heat  Cool                       Max  Max  Min  Min
        Mean  Mean        From  Deg   Deg                        >=   <=   <=   <=
 YR MO  Max   Min   Mean  Norm  Days  Days  Hi  Date  Low  Date 30,0 25,0  0,0  -5,0
------------------------------------------------------------------------------------
 14  1   9,6   3,4   6,1   0.0   379     0  15,3  21  -0,4   29    0   31    2    0
 14  2  11,2   5,0   7,6   0.0   288     0  15,0  12   2,4   13    0   27    0    0
 14  3  16,8   6,0  11,5   0.0   212     1  20,7  30 -30,0   13    0   31    1    1
 14  4  19,3  10,8  14,9   0.0   111    10  25,8  24   7,1   17    0   29    0    0
 14  5  22,4  12,9  17,5   0.0    59    36  27,5  25   8,4   14    0   28    0    0
 14  6  27,0  17,0  21,8   0.0    11   117  34,4  12  13,0   30    6   10    0    0
 14  7  26,4  17,7  21,8   0.0     6   114  31,1  19  14,4    9    2   11    0    0
 14  8  25,8  17,5  21,1   0.0    10    98  30,8   5  13,1   17    2   12    0    0
 14  9  24,1  15,5  19,4   0.0    23    55  27,8  22  11,1   23    0   20    0    0
 14 10  20,4  13,1  16,3   0.0    81    18  24,9  17   5,9   29    0   31    0    0
 14 11  15,0   9,3  11,6   0.0   202     0  20,1   2   4,5   22    0   30    0    0
 14 12  10,3   4,5   6,9   0.0   353     0  14,6   6  -1,9   28    0   31    4    0
------------------------------------------------------------------------------------
        19,0  11,1  14,7   0.0  1741   452  34,4 giu -30,0  mar   10  291    7    1

                                Precipitation (mm)

              Dep.   Max        Days of Rain
              From   Obs.           >=
 YR MO Total  Norm   Day Date  0,2  2,0 20,0
---------------------------------------------
 14  1 290,7   0.0  48,7  30    15   13    8
 14  2 232,5   0.0  38,6  10    21   16    3
 14  3 129,2   0.0  52,8  22     5    4    3
 14  4 115,7   0.0  51,0  27    11    4    2
 14  5  29,8   0.0  13,7  11     6    3    0
 14  6 105,1   0.0  32,1  25    15    9    1
 14  7 193,8   0.0  40,4  26    19   11    4
 14  8 156,1   0.0  27,5   3    19   14    2
 14  9  26,3   0.0   5,4  11    11    6    0
 14 10  88,4   0.0  55,2  13     8    5    1
 14 11 260,5   0.0 100,8   5    20   12    3
 14 12  51,9   0.0  24,3   1    11    7    1
---------------------------------------------
      1680,0   0.0 100,8  nov  161  104   28

                                Wind Speed (km/h)
                          Dom
 YR MO   Avg.  Hi   Date  Dir
------------------------------
 14  1   1,9  41,0   24   NNE
 14  2   2,5  35,0   22   NNE
 14  3   3,9  36,0   27    SE
 14  4   4,2  40,0   16   ESE
 14  5   5,4  63,0   11   SSE
 14  6   4,9  53,0   13   SSE
 14  7   3,7  42,0   28   SSE
 14  8   3,9  42,0    5   SSE
 14  9   3,5  35,0   23   SSE
 14 10   3,0  53,0   23   ESE
 14 11   1,6  30,0   15    NE
 14 12   1,9  36,0    9   NNE
------------------------------
         3,4  63,0  mag    SE