Rapporti sul clima in stile NOAA


Report for 2014 Gennaio
                   Monthly Climatological Summary for gen 2014

Name: Meteo Massone   City: Massone - Arco ( TN )   State: Italia
Elevation: 130 m  Lat: N 45° 55' 24"   Lon: E 010° 54' 03"

                  Temperature (°C), Rain (mm), Wind Speed (km/h)

                                      Heat  Cool        Avg
    Mean                              Deg   Deg         Wind                 Dom
Day Temp  High   Time   Low    Time   Days  Days  Rain  Speed High   Time    Dir
----------------------------------------------------------------------------------
 1   2,8   8,1   13.44  -0,1   08.05  15,5   0,0   0,0   1,7  14,0   04.16    NE
 2   2,5   3,8   09.47   1,0   11.39  15,8   0,0   5,4   0,5  14,0   02.47    NE
 3   4,8   8,1   15.53   2,0   06.22  13,5   0,0   0,0   1,1  21,0   23.07   NNE
 4   5,5   6,4   04.50   4,8   00.07  12,8   0,0  46,9   1,1  19,0   14.06    NE
 5   6,9  10,1   18.04   5,4   00.05  11,4   0,0  21,5   3,6  33,0   14.42    NE
 6   7,2  12,5   13.48   3,7   08.10  11,1   0,0   0,0   2,1  17,0   05.11    NE
 7   6,4  11,1   14.54   3,9   23.36  11,9   0,0   0,0   1,3  10,0   01.04   NNE
 8   6,4  12,1   13.50   3,6   04.53  11,9   0,0   0,0   1,4  19,0   06.44   NNE
 9   6,8  11,8   13.01   3,9   07.07  11,5   0,0   0,0   1,2  15,0   09.15    SE
10   8,2  10,8   13.00   6,5   06.03  10,1   0,0   0,0   1,0  16,0   14.40     S
11   8,8  10,9   14.53   6,6   23.49   9,5   0,0   0,0   0,7   9,0   01.12   NNE
12   6,5  12,4   13.09   3,6   23.38  11,8   0,0   0,0   2,1  17,0   13.41    SE
13   5,0   8,6   14.44   0,9   07.13  13,3   0,0   1,0   0,9   9,0   02.37    NE
14   4,5   5,8   00.00   2,8   23.31  13,8   0,0  32,1   1,3  15,0   18.00    NE
15   4,8  11,2   13.58   1,8   07.53  13,4   0,0   0,0   1,9  18,0   03.35    NE
16   4,8   7,8   13.00   1,7   08.00  13,4   0,0   5,2   1,6  13,0   00.39   ESE
17   5,2   5,6   00.28   4,7   07.44  12,9   0,0  40,7   1,9  18,0   17.56    NE
18   6,3   7,0   21.50   5,3   05.00  12,4   0,0  26,2   1,0  13,0   21.52     E
19   6,9   8,1   15.09   5,2   17.02  11,4   0,0  21,5   0,8  16,0   00.20    NE
20   8,4  11,5   13.27   6,6   23.50   9,9   0,0   2,8   1,1  15,0   10.50    NE
21   9,2  15,3   14.42   5,8   08.27   9,0   0,0   0,0   2,3  20,0   23.04   NNE
22   8,0  13,9   14.21   3,3   08.35  10,3   0,0   0,0   2,4  19,0   05.25    NE
23   7,9  10,9   13.09   6,1   22.24  10,4   0,0   9,1   1,3  15,0   00.06     N
24   7,3  11,0   16.23   2,9   06.25  11,0   0,0   0,3   5,0  41,0   19.48     N
25   7,6  12,9   15.16   2,1   23.25  10,7   0,0   0,0   5,4  27,0   02.15   NNE
26   5,7  12,9   14.37   1,3   01.45  12,6   0,0   0,0   3,3  31,0   13.52     N
27   6,4   9,6   12.27   3,5   08.23  11,9   0,0   0,0   3,6  28,0   18.42   NNE
28   4,5   7,6   14.10   1,9   23.58  13,8   0,0   2,1   1,7  21,0   01.05     N
29   3,4   7,5   12.41  -0,4   07.11  14,9   0,0   0,0   2,0  26,0   23.54   NNE
30   3,9   4,8   09.04   2,1   16.13  14,4   0,0  48,7   2,1  22,0   11.33   ENE
31   5,4   6,9   13.30   3,9   00.00  12,9   0,0  27,2   1,5  17,0   23.52    NE
----------------------------------------------------------------------------------
     6,1  15,3    21    -0,4    29   379,2   0,0 290,7   1,9  41,0    24      NE

Max >=  27,0:  0
Max <=   0,0:  0
Min <=   0,0:  2
Min <= -18,0:  0
Max Rain: 48,7 on day 30
Days of Rain: 15 (>= 0,2 mm)  13 (>= 2,0 mm)  8 (>= 20,0 mm)
Heat Base: 18,3  Cool Base: 18,3  Method: Integration