Rapporti sul clima in stile NOAA


Report for 2014 Febbraio
                   Monthly Climatological Summary for feb 2014

Name: Meteo Massone   City: Massone - Arco ( TN )   State: Italia
Elevation: 130 m  Lat: N 45° 55' 24"   Lon: E 010° 54' 03"

                  Temperature (°C), Rain (mm), Wind Speed (km/h)

                                      Heat  Cool        Avg
    Mean                              Deg   Deg         Wind                 Dom
Day Temp  High   Time   Low    Time   Days  Days  Rain  Speed High   Time    Dir
----------------------------------------------------------------------------------
 1   7,3   8,6   13.47   5,9   02.53  11,0   0,0  16,6   1,4  18,0   23.52    NE
 2   8,0   9,3   13.06   7,1   06.36  10,3   0,0  23,6   2,2  28,0   23.47    NE
 3   8,3   9,2   14.35   7,1   07.54  10,0   0,0   9,8   2,7  26,0   01.27    NE
 4   7,2   8,0   00.11   6,1   21.13  11,1   0,0  19,2   1,6  15,0   12.50   NNE
 5   7,0   9,1   13.45   5,6   07.14  11,3   0,0   4,7   2,0  27,0   12.43   SSW
 6   7,4  13,6   14.26   4,1   08.10  10,9   0,0   1,0   1,9  24,0   14.51   NNE
 7   5,8   7,8   11.06   3,9   03.55  12,5   0,0  16,1   2,0  17,0   21.18   NNE
 8   6,7  11,2   14.00   3,6   08.59  11,6   0,0   9,3   2,6  26,0   15.58   SSE
 9   6,7  10,1   13.01   4,7   23.50  11,6   0,0  13,2   2,5  25,0   15.33   NNE
10   4,8   5,6   15.08   3,9   02.10  13,5   0,0  38,6   4,4  30,0   18.20     N
11   6,9  12,1   16.19   4,4   00.26  11,4   0,0   0,5   1,5  14,0   01.49   NNE
12   7,7  15,0   14.50   3,4   03.53  10,6   0,0   0,0   3,8  29,0   13.28   NNE
13   5,6   9,4   12.03   2,4   08.09  12,6   0,0  15,3   2,8  24,0   22.42    NE
14   7,1  13,6   14.31   2,4   05.42  11,2   0,0   0,5   2,8  23,0   06.54   NNE
15   7,0   9,2   14.49   5,4   01.27  11,3   0,0   0,3   2,2  19,0   01.35    NE
16   7,5   8,9   16.12   6,4   03.50  10,8   0,0  14,2   1,1  13,0   20.36     E
17   7,9  11,3   16.07   5,9   21.37  10,4   0,0  28,0   1,4  20,0   06.29   NNE
18   9,0  14,8   15.05   4,4   07.42   9,3   0,0   0,3   1,7  17,0   13.00     N
19   9,0  10,9   13.53   7,9   03.49   9,3   0,0   5,4   1,5  16,0   14.42    NE
20   9,6  12,3   12.18   7,9   01.46   8,7   0,0   0,0   1,5  18,0   14.56     S
21  10,1  14,9   12.23   5,7   07.49   8,2   0,0   3,4   3,1  21,0   23.21    SE
22   9,5  13,2   13.42   5,3   23.37   8,8   0,0   7,3   7,5  35,0   06.04   NNE
23   7,6  14,1   13.26   3,1   08.14  10,7   0,0   0,0   3,5  27,0   14.23   ESE
24   7,8  14,7   13.50   3,1   07.54  10,9   0,0   0,0   2,7  21,0   14.23    SE
25   7,8  13,4   13.09   2,7   07.40  10,5   0,0   0,0   2,5  19,0   13.40     S
26   8,2  11,1   11.34   6,8   23.40  10,1   0,0   5,2   1,5  16,0   07.17   NNE
27   8,3  12,3   14.58   5,6   03.10  10,0   0,0   0,0   2,5  19,0   15.26   SSW
28   8,3  11,8   11.55   6,3   05.00   9,8   0,0   0,0   2,5  23,0   12.14     S
----------------------------------------------------------------------------------
     7,6  15,0    12     2,4    13   298,4   0,0 232,5   2,5  35,0    22      NE

Max >=  27,0:  0
Max <=   0,0:  0
Min <=   0,0:  0
Min <= -18,0:  0
Max Rain: 38,6 on day 10
Days of Rain: 22 (>= 0,2 mm)  17 (>= 2,0 mm)  4 (>= 20,0 mm)
Heat Base: 18,3  Cool Base: 18,3  Method: Integration