Rapporti sul clima in stile NOAA


Report for 2014 Marzo
                   Monthly Climatological Summary for mar 2014

Name: Meteo Massone   City: Massone - Arco ( TN )   State: Italia
Elevation: 130 m  Lat: N 45° 55' 24"   Lon: E 010° 54' 03"

                  Temperature (°C), Rain (mm), Wind Speed (km/h)

                                      Heat  Cool        Avg
    Mean                              Deg   Deg         Wind                 Dom
Day Temp  High   Time   Low    Time   Days  Days  Rain  Speed High   Time    Dir
----------------------------------------------------------------------------------
 1   8,0  11,3   13.00   4,4   21.00  10,3   0,0  32,9   5,8  14,0   10.00   NNE
 2   7,9  11,3   15.00   5,1   00.00  10,4   0,0   8,0   2,8   7,0   02.00     E
 3   8,5  11,0   14.00   6,4   07.00   9,8   0,0   0,0   1,5   5,0   12.00     N
 4  10,6  15,6   15.00   7,8   23.03   7,8   0,0   0,0   3,6  18,0   07.00   NNE
 5   9,9  17,8   13.49   5,3   05.54   8,7   0,0   0,0   2,4  23,0   14.52   ESE
 6  12,8  19,9   14.58   6,9   03.52   5,7   0,2   0,0   3,7  28,0   12.45     N
 7  11,3  18,1   13.00   5,7   07.32   7,0   0,0   0,0   4,0  27,0   13.42    SE
 8  11,0  15,8   13.40   7,2   05.21   7,3   0,0   0,0   5,1  24,0   14.25   SSE
 9  10,7  16,4   12.08   5,9   05.32   7,6   0,0   0,0   4,2  26,0   14.31   SSE
10  10,1  15,8   15.00   5,3   06.38   8,2   0,0   0,0   3,8  30,0   12.28   SSE
11   9,9  14,5   11.58   6,2   03.05   8,4   0,0   0,0   3,4  24,0   13.39     S
12  11,1  18,4   13.06   5,3   05.49   7,2   0,0   0,0   3,3  23,0   13.37   SSE
13  12,1  18,3   12.21   6,0   20.56   6,2   0,0   0,0   3,8  19,0   12.35    SE
14  12,4  19,6   12.39   6,9   05.23   6,0   0,0   0,0   3,2  22,0   13.19   SSE
15  12,3  17,8   11.41   7,6   06.40   6,0   0,0   0,0   2,7  21,0   08.16    NE
16  12,2  18,2   16.26   6,7   05.24   6,1   0,0   0,0   3,4  21,0   12.10    SW
17  13,3  20,1   11.02   9,6   22.59   5,0   0,1   0,0   3,5  19,0   00.05   SSW
18  12,5  16,2   13.53   7,3   06.00   5,8   0,0   0,0   3,3  23,0   13.42     S
19  14,7  20,5   11.29  10,9   05.42   3,7   0,0   0,0   3,2  20,0   11.32     S
20  14,2  19,3   11.37   9,9   04.24   4,1   0,0   0,0   3,9  29,0   11.50   SSE
21  14,1  19,1   12.21   9,8   07.00   4,2   0,0   0,5   4,2  28,0   14.36     S
22  11,8  14,2   13.34   9,8   23.17   6,5   0,0  52,8   3,3  32,0   18.35     S
23   8,7  10,8   12.46   7,1   19.10   9,6   0,0  35,0   5,7  32,0   13.43     N
24   9,9  15,3   13.40   5,8   23.17   8,7   0,0   0,0   6,4  30,0   12.33   NNE
25   8,1  12,4   14.36   3,3   06.16  10,2   0,0   0,0   3,8  25,0   15.44   SSW
26  10,4  14,3   13.38   6,9   05.57   7,9   0,0   0,0   3,3  23,0   15.33   NNE
27  12,5  18,3   14.47   9,2   23.43   5,8   0,0   0,0   6,3  36,0   04.04     N
28  12,9  18,8   12.36   7,9   04.24   5,4   0,0   0,0   4,3  29,0   13.47   SSE
29  13,7  20,6   12.38   7,3   06.22   4,9   0,2   0,0   3,7  22,0   13.07    SE
30  14,5  20,7   13.54   8,8   06.33   3,9   0,3   0,0   4,2  24,0   14.11   SSE
31  14,7  20,6   14.54   9,2   07.31   4,0   0,4   0,0   3,2  24,0   13.26   SSE
----------------------------------------------------------------------------------
    11,5  20,7    30     3,3    13   212,4   1,2 129,2   3,9  36,0    27      SE

Max >=  27,0:  0
Max <=   0,0:  0
Min <=   0,0:  0
Min <= -18,0:  0
Max Rain: 52,8 on day 22
Days of Rain: 5 (>= 0,2 mm)  4 (>= 2,0 mm)  3 (>= 20,0 mm)
Heat Base: 18,3  Cool Base: 18,3  Method: Integration