Rapporti sul clima in stile NOAA


Report for 2014 Aprile
                   Monthly Climatological Summary for apr 2014

Name: Meteo Massone   City: Massone - Arco ( TN )   State: Italia
Elevation: 130 m  Lat: N 45° 55' 24"   Lon: E 010° 54' 03"

                  Temperature (°C), Rain (mm), Wind Speed (km/h)

                                      Heat  Cool        Avg
    Mean                              Deg   Deg         Wind                 Dom
Day Temp  High   Time   Low    Time   Days  Days  Rain  Speed High   Time    Dir
----------------------------------------------------------------------------------
 1  14,6  19,5   16.19   9,8   06.59   3,8   0,1   0,0   4,0  26,0   11.45     S
 2  14,3  18,9   14.39   9,9   05.51   4,0   0,0   0,0   4,5  30,0   17.00     S
 3  13,3  15,6   16.13  11,1   06.15   5,0   0,0   0,0   1,2  13,0   12.09   OSO
 4  15,0  19,8   12.50  10,7   06.47   3,5   0,1   0,5   3,2  31,0   08.05   NNE
 5  14,5  19,1   12.41  12,1   03.48   3,8   0,0   0,5   3,0  29,0   12.51   SSE
 6  16,2  21,9   16.05  10,9   05.53   3,0   0,9   0,0   4,1  28,0   13.14   SSE
 7  17,2  22,5   13.54  11,9   05.29   2,2   1,1   0,0   4,6  26,0   15.05    SE
 8  16,8  21,6   13.30  12,7   07.17   2,1   0,6   0,5   3,1  21,0   13.32   SSE
 9  17,0  22,0   13.18  12,1   07.16   1,9   0,6   0,0   6,5  34,0   13.22   ESE
10  14,2  19,7   15.50   8,1   07.52   4,3   0,1   0,0   3,3  28,0   14.01     S
11  14,8  19,6   15.37   9,1   08.01   3,6   0,1   0,0   7,8  35,0   18.06     S
12  15,3  17,3   12.02  12,6   23.49   3,0   0,0   0,0   4,1  25,0   00.05     S
13  14,4  18,2   14.45  11,5   07.08   3,9   0,0   0,0   2,8  25,0   17.19     S
14  15,9  22,2   16.35   9,9   03.48   3,2   0,8   0,0   6,0  32,0   18.12   SSE
15  15,7  19,2   15.00  11,8   23.59   2,6   0,0   0,0  10,9  35,0   15.38   NNE
16  13,8  19,9   16.28   7,2   06.11   4,6   0,1   0,0   8,3  40,0   19.35     N
17  13,2  18,3   12.31   7,1   07.02   5,1   0,0   0,0   5,9  30,0   12.51   SSE
18  12,7  16,6   11.59   7,8   07.18   5,6   0,0   0,8   3,3  18,0   20.00   ENE
19  12,5  16,9   17.14   9,8   05.09   5,8   0,0   1,6   6,7  35,0   09.00   NNE
20  14,0  17,7   11.21  10,4   05.42   4,3   0,0   0,0   2,3  28,0   11.56     S
21  12,2  13,4   16.29  11,2   07.09   6,1   0,0   5,4   1,7  16,0   05.15   NNE
22  14,4  19,6   14.00   9,4   07.17   4,1   0,1   0,0   1,6  14,0   13.00     S
23  15,7  20,2   13.00  11,0   07.00   3,1   0,4   0,0   1,9  12,0   13.00   OSO
24  18,4  25,8   13.29  11,6   06.00   2,0   2,0   0,0   5,5  28,0   14.13   SSE
25  18,8  24,1   16.37  12,8   05.15   1,5   2,0   0,0   4,5  29,0   14.02     S
26  17,7  22,6   14.20  13,8   06.20   1,3   0,7   0,5   3,0  26,0   14.18   SSE
27  13,6  15,6   12.55  12,1   21.40   4,7   0,0  51,0   2,3  32,0   12.04    NE
28  13,2  14,9   11.24  12,1   00.00   5,1   0,0  16,8   1,8  21,0   00.19    NE
29  16,0  20,9   17.41  12,2   05.27   2,6   0,3   1,6   2,8  27,0   02.16     S
30  12,9  15,3   00.01  11,0   23.48   5,4   0,0  36,5   3,0  30,0   12.22   NNE
----------------------------------------------------------------------------------
    14,9  25,8    24     7,1    17   111,2  10,0 115,7   4,2  40,0    16      SE

Max >=  27,0:  0
Max <=   0,0:  0
Min <=   0,0:  0
Min <= -18,0:  0
Max Rain: 51,0 on day 27
Days of Rain: 11 (>= 0,2 mm)  4 (>= 2,0 mm)  2 (>= 20,0 mm)
Heat Base: 18,3  Cool Base: 18,3  Method: Integration