Rapporti sul clima in stile NOAA


Report for 2014 Maggio
                   Monthly Climatological Summary for mag 2014

Name: Meteo Massone   City: Massone - Arco ( TN )   State: Italia
Elevation: 130 m  Lat: N 45° 55' 24"   Lon: E 010° 54' 03"

                  Temperature (°C), Rain (mm), Wind Speed (km/h)

                                      Heat  Cool        Avg
    Mean                              Deg   Deg         Wind                 Dom
Day Temp  High   Time   Low    Time   Days  Days  Rain  Speed High   Time    Dir
----------------------------------------------------------------------------------
 1  15,0  21,9   14.38   9,3   05.22   3,9   0,6   0,0   3,8  33,0   14.36    NO
 2  13,4  14,9   01.11  12,3   09.35   4,9   0,0   6,7   1,9  18,0   01.00   NNE
 3  15,0  20,1   15.55  10,4   06.15   3,4   0,1   0,0   4,0  29,0   23.51     S
 4  17,6  24,6   15.02  12,8   23.43   1,9   1,2   0,0   7,3  37,0   12.53   NNO
 5  15,0  19,5   15.38   9,6   06.20   3,4   0,1   0,0   6,1  36,0   14.27     S
 6  16,2  21,1   13.51  10,1   04.31   2,8   0,7   0,0   6,1  29,0   16.08   SSE
 7  16,4  19,1   17.37  14,4   06.08   2,0   0,0   0,0   5,0  29,0   16.58   SSE
 8  16,6  21,6   17.51  11,3   07.23   2,2   0,6   0,0   5,2  28,0   13.54     S
 9  18,7  23,3   17.37  14,1   03.52   1,3   1,7   0,0   4,8  28,0   16.16     S
10  19,7  24,7   16.11  14,6   04.36   1,0   2,4   0,0   4,7  32,0   16.18     S
11  16,8  22,6   15.12  11,5   23.37   2,2   0,7  13,7   7,3  63,0   17.56   SSE
12  15,3  20,8   16.52   9,3   06.23   3,4   0,4   0,0   6,1  32,0   15.18     S
13  14,7  19,3   12.54  10,1   06.14   3,6   0,0   0,5   5,9  33,0   02.43    SE
14  15,9  23,3   14.33   8,4   06.22   3,5   1,1   0,0   6,3  41,0   17.40     N
15  17,7  22,8   16.20  12,9   06.44   1,8   1,2   0,0  11,6  48,0   20.23     N
16  18,3  23,5   13.05  15,0   05.08   1,0   1,0   0,0  12,7  55,0   15.21     N
17  17,8  24,1   12.48  11,9   07.30   1,9   1,4   0,0   5,4  33,0   03.50   NNE
18  16,9  22,6   18.13  10,7   07.05   2,4   1,1   0,0   6,1  32,0   14.05     S
19  18,3  23,5   17.02  13,8   05.31   1,1   1,1   0,0   6,1  33,0   14.21     S
20  18,5  23,2   15.04  13,1   07.25   1,4   1,5   0,0   5,0  30,0   14.00     S
21  20,0  25,4   15.16  13,9   06.10   1,2   2,9   0,0   5,2  31,0   15.04     S
22  21,5  26,1   12.00  15,8   04.55   0,4   3,6   0,0   1,4  14,0   08.09     S
23  20,4  24,9   16.50  17,6   23.16   0,0   2,1   0,3   2,4  22,0   16.30   SSO
24  19,5  24,9   15.18  13,7   06.23   1,2   2,4   0,0   4,9  33,0   16.16     S
25  20,7  27,5   12.53  14,1   05.31   0,9   3,4   0,0   3,7  26,0   14.37     S
26  18,0  20,6   17.30  16,1   09.09   0,7   0,4   0,3   3,3  24,0   21.00     N
27  16,6  19,4   13.05  14,4   06.01   1,8   0,1   8,3   3,6  28,0   11.06   SSE
28  17,4  21,8   15.00  12,9   07.00   1,7   0,9   0,0   3,0  25,0   14.00     S
29  18,4  21,4   19.04  15,8   02.00   0,9   0,9   0,0   2,6  16,0   12.00     S
30  19,4  24,6   11.54  14,2   05.30   1,1   2,2   0,0   3,6  23,0   14.49    SE
31  18,2  20,9   16.00  15,0   05.00   0,8   0,8   0,0   8,8  27,0   13.00   SSE
----------------------------------------------------------------------------------
    17,5  27,5    25     8,4    14    59,8  36,6  29,8   5,4  63,0    11     SSE

Max >=  27,0:  1
Max <=   0,0:  0
Min <=   0,0:  0
Min <= -18,0:  0
Max Rain: 13,7 on day 11
Days of Rain: 6 (>= 0,2 mm)  3 (>= 2,0 mm)  0 (>= 20,0 mm)
Heat Base: 18,3  Cool Base: 18,3  Method: Integration