Rapporti sul clima in stile NOAA


Report for 2014 Giugno
                   Monthly Climatological Summary for giu 2014

Name: Meteo Massone   City: Massone - Arco ( TN )   State: Italia
Elevation: 130 m  Lat: N 45° 55' 24"   Lon: E 010° 54' 03"

                  Temperature (°C), Rain (mm), Wind Speed (km/h)

                                      Heat  Cool        Avg
    Mean                              Deg   Deg         Wind                 Dom
Day Temp  High   Time   Low    Time   Days  Days  Rain  Speed High   Time    Dir
----------------------------------------------------------------------------------
 1  18,6  23,9   16.00  13,1   06.00   1,6   1,9   0,0   7,3  24,0   17.00   SSO
 2  19,0  23,6   17.00  15,8   04.00   0,7   1,3   0,0   4,0  22,0   14.00   SSE
 3  18,8  24,0   16.00  14,6   06.00   1,0   1,5   0,0   5,3  32,0   16.34   OSO
 4  18,6  23,3   17.41  14,8   05.25   0,9   1,3   0,0   3,9  23,0   13.39   NNE
 5  19,5  24,8   17.45  13,7   04.46   1,2   2,4  12,2   5,8  32,0   01.47     S
 6  21,2  26,4   16.49  15,3   05.04   0,7   3,5   0,0   4,8  28,0   17.27     S
 7  23,3  28,9   16.37  17,5   04.15   0,1   5,1   0,0   4,5  29,0   13.13     S
 8  25,7  31,6   16.58  19,1   06.45   0,0   7,4   0,0   4,4  25,0   14.29     S
 9  25,5  31,9   16.16  21,5   04.06   0,0   7,2   1,0   4,4  26,0   13.52    SE
10  26,6  32,5   16.48  20,9   06.12   0,0   8,3   0,0   5,1  29,0   16.00    SE
11  27,5  33,3   17.44  20,9   06.19   0,0   9,2   0,0   5,1  34,0   22.09   SSE
12  27,7  34,4   13.38  21,6   06.35   0,0   9,4   0,0   4,3  31,0   16.33    SE
13  24,8  30,1   11.39  18,8   22.21   0,0   6,5   8,0   5,4  53,0   22.01   SSE
14  21,9  27,8   13.25  16,4   23.06   0,1   3,7   6,7   4,8  26,0   19.47   SSE
15  19,5  24,7   19.05  16,6   00.41   0,6   1,8   0,0   3,3  26,0   10.11   NNE
16  20,3  23,8   17.32  17,8   07.10   0,0   2,0   0,0   6,5  28,0   05.53   ESE
17  19,7  24,8   15.53  16,1   23.19   0,5   1,9   6,7   5,8  34,0   14.41     S
18  20,0  26,3   17.21  15,1   06.09   0,9   2,7   0,3   2,5  22,0   13.23     S
19  21,5  26,6   16.08  16,4   05.15   0,3   3,5   0,0   4,2  26,0   13.07     S
20  22,7  28,4   13.00  17,4   05.16   0,0   4,5   0,0   3,7  29,0   23.33   ENE
21  22,7  25,9   15.21  17,9   06.14   0,0   4,4   0,0   9,3  34,0   12.52   SSE
22  23,2  27,1   15.23  20,1   05.53   0,0   4,9   2,1   6,6  36,0   15.02     S
23  22,8  26,6   16.32  18,1   05.47   0,0   4,5   0,3   7,6  35,0   21.48   SSE
24  21,9  27,4   17.48  16,6   05.51   0,3   3,9   9,3   6,7  36,0   21.33   SSE
25  19,4  24,3   14.36  17,3   08.49   0,2   1,3  32,1   3,9  37,0   14.36     S
26  20,1  25,6   12.01  16,1   06.27   0,4   2,2   0,5   3,9  29,0   12.02     S
27  20,2  26,4   15.20  16,1   05.44   0,5   2,5   1,0   3,6  33,0   15.33   SSE
28  21,5  26,4   18.35  17,7   06.47   0,0   3,3   4,1   3,1  24,0   18.22     S
29  20,0  22,6   10.14  14,9   23.32   0,1   1,8  19,2   3,8  42,0   22.47   SSE
30  20,0  27,3   13.14  13,0   05.12   1,5   3,1   1,6   5,5  36,0   01.48   ESE
----------------------------------------------------------------------------------
    21,8  34,4    12    13,0    30    11,6 117,0 105,1   4,9  53,0    13     SSE

Max >=  27,0: 12
Max <=   0,0:  0
Min <=   0,0:  0
Min <= -18,0:  0
Max Rain: 32,1 on day 25
Days of Rain: 15 (>= 0,2 mm)  9 (>= 2,0 mm)  1 (>= 20,0 mm)
Heat Base: 18,3  Cool Base: 18,3  Method: Integration