Rapporti sul clima in stile NOAA


Report for 2014 Luglio
                   Monthly Climatological Summary for lug 2014

Name: Meteo Massone   City: Massone - Arco ( TN )   State: Italia
Elevation: 130 m  Lat: N 45° 55' 24"   Lon: E 010° 54' 03"

                  Temperature (°C), Rain (mm), Wind Speed (km/h)

                                      Heat  Cool        Avg
    Mean                              Deg   Deg         Wind                 Dom
Day Temp  High   Time   Low    Time   Days  Days  Rain  Speed High   Time    Dir
----------------------------------------------------------------------------------
 1  20,4  25,0   12.22  16,8   03.04   0,3   2,3   3,4   4,2  30,0   13.34   SSE
 2  19,8  25,1   16.31  16,5   07.06   0,5   2,0   1,8   3,3  32,0   23.31   NNE
 3  21,3  26,5   17.13  15,3   06.45   0,5   3,5   0,0   5,1  27,0   16.37   SSE
 4  21,0  25,6   14.33  16,4   05.43   0,2   2,9   0,3   4,3  32,0   16.07   SSE
 5  22,4  27,1   16.34  17,0   05.53   0,1   4,2   0,3   4,5  28,0   14.36     S
 6  24,5  29,9   16.56  19,2   05.51   0,0   6,2   0,0   5,1  32,0   16.01     S
 7  23,3  29,9   16.28  18,4   23.19   0,0   5,0   8,3   5,3  31,0   14.39   SSE
 8  18,6  23,0   16.09  15,3   23.43   0,5   0,8  32,1   3,2  34,0   17.46   NNE
 9  18,4  23,9   18.16  14,4   06.06   1,3   1,4   3,6   4,1  32,0   15.50     N
10  19,3  23,2   16.12  15,5   05.50   0,7   1,7   0,0   6,2  34,0   17.36     S
11  21,7  26,2   15.25  17,1   05.30   0,1   3,4   0,0   4,5  27,0   14.22     S
12  21,0  25,6   12.11  17,1   06.11   0,1   2,8   0,3   4,8  22,0   18.11    SE
13  20,2  23,6   13.41  17,5   06.11   0,2   2,1   1,8   4,6  15,0   13.41   SSE
14  20,8  23,9   18.11  17,9   06.11   0,0   2,5   7,5   2,1  10,0   16.41     S
15  23,2  28,4   15.11  17,3   06.11   0,1   5,0   0,0   3,9  15,0   13.41    SE
16  24,2  29,9   13.41  18,9   06.11   0,0   5,9   5,4   3,3   9,0   13.41   ENE
17  25,3  29,9   13.41  21,1   03.11   0,0   7,0   0,0   5,6  25,0   15.11   SSO
18  25,6  30,2   13.41  20,1   07.41   0,0   7,4   0,0   4,5  17,0   15.11     S
19  25,9  31,1   15.11  20,6   06.11   0,0   7,7   0,0   4,0  18,0   16.41   SSO
20  25,3  28,6   15.11  21,9   06.11   0,0   7,0   0,0   2,6  11,0   18.11     S
21  19,7  23,4   00.11  16,5   23.14   0,4   1,9  38,3   2,5  31,0   17.19   NNE
22  20,9  27,2   13.29  15,5   06.03   0,7   3,3   0,5   2,6  26,0   14.36     S
23  23,2  28,5   15.24  19,4   04.13   0,0   4,9   0,0   4,7  31,0   17.27   SSE
24  20,9  22,9   15.39  19,3   06.28   0,0   2,6   1,5   1,2  24,0   13.51   SSE
25  22,1  27,1   12.42  17,1   05.58   0,2   4,0   0,3   3,2  23,0   14.55     S
26  19,8  22,6   16.16  18,2   11.24   0,0   1,5  40,4   1,9  23,0   15.05   NNE
27  21,3  26,1   16.00  17,9   03.11   0,1   3,2   0,0   2,6  16,0   16.14   SSO
28  22,9  27,9   13.07  19,0   23.49   0,0   4,6  15,8   2,5  42,0   22.55     S
29  19,9  25,0   15.07  17,3   23.49   0,1   1,8  20,5   2,7  28,0   15.27    NE
30  19,4  23,3   18.01  17,4   00.12   0,2   1,3  11,7   1,7  18,0   15.35    SE
31  22,5  27,0   15.15  18,2   03.54   0,0   4,2   0,0   3,7  25,0   14.46     S
----------------------------------------------------------------------------------
    21,8  31,1    19    14,4     9     6,3 114,1 193,8   3,7  42,0    28     SSE

Max >=  30,0:  2
Max <=  25,0: 11
Min <=   0,0:  0
Min <=  -5,0:  0
Max Rain: 40,4 on day 26
Days of Rain: 19 (>= 0,2 mm)  11 (>= 2,0 mm)  4 (>= 20,0 mm)
Heat Base: 18,3  Cool Base: 18,3  Method: Integration