Rapporti sul clima in stile NOAA


Report for 2014 Agosto
                   Monthly Climatological Summary for ago 2014

Name: Meteo Massone   City: Massone - Arco ( TN )   State: Italia
Elevation: 130 m  Lat: N 45° 55' 24"   Lon: E 010° 54' 03"

                  Temperature (°C), Rain (mm), Wind Speed (km/h)

                                      Heat  Cool        Avg
    Mean                              Deg   Deg         Wind                 Dom
Day Temp  High   Time   Low    Time   Days  Days  Rain  Speed High   Time    Dir
----------------------------------------------------------------------------------
 1  24,1  28,8   16.33  19,9   06.11   0,0   5,8   0,0   5,0  37,0   16.05   SSE
 2  23,9  28,9   15.41  19,8   06.09   0,0   5,6   0,3   3,4  23,0   13.46     S
 3  21,3  25,2   19.01  19,0   12.51   0,0   3,0  27,5   2,1  25,0   16.25   NNE
 4  22,8  27,6   17.01  18,1   06.00   0,0   4,5   0,0   4,3  24,0   15.23     S
 5  23,2  30,8   14.53  19,4   06.39   0,0   4,9   1,8   4,9  42,0   02.51    NE
 6  23,5  30,4   13.53  18,2   07.54   0,0   5,2   0,0   5,6  25,0   07.37     E
 7  23,0  27,9   12.10  19,0   07.10   0,0   4,7   2,1   3,4  21,0   14.12     E
 8  23,4  28,4   12.56  19,0   07.10   0,0   5,1   0,0   4,3  22,0   13.05   ESE
 9  21,9  25,9   18.57  18,4   06.27   0,0   3,6   5,7   2,0  22,0   13.43   NNE
10  24,1  28,9   16.05  18,9   04.30   0,0   5,8   0,3   5,0  30,0   18.47   SSE
11  25,0  28,9   16.14  20,9   05.48   0,0   6,7   0,0   6,2  36,0   16.08     S
12  24,3  28,9   17.13  20,9   07.31   0,0   6,0  15,0   5,9  39,0   14.45     S
13  21,0  23,9   18.23  19,3   05.35   0,0   2,7   9,3   3,6  38,0   14.27   SSE
14  20,8  24,2   13.57  18,8   06.16   0,0   2,5   0,3   3,4  23,0   09.17   NNE
15  17,5  21,8   17.25  15,4   06.44   1,2   0,4   8,0   2,5  18,0   01.37   NNE
16  17,5  23,0   14.27  13,8   04.28   1,7   0,9   0,0   2,5  25,0   15.41   SSE
17  18,9  24,3   15.54  13,1   06.37   1,5   2,1   0,0   5,9  33,0   17.19   SSE
18  20,1  25,3   15.41  14,8   05.59   1,0   2,8   0,0   6,7  32,0   14.41   SSE
19  18,0  20,4   18.18  16,5   05.06   0,6   0,2  17,6   1,1  16,0   10.27   NNE
20  19,2  23,6   15.16  16,8   08.55   0,5   1,4  21,0   3,2  24,0   15.46   SSO
21  19,5  25,1   13.27  14,4   06.59   1,0   2,3   2,6   3,8  25,0   13.35     S
22  19,5  24,5   15.21  16,2   02.45   0,4   1,6   2,3   2,9  20,0   16.18     S
23  18,0  22,2   17.19  16,3   22.34   0,8   0,5  19,2   1,9  24,0   14.12     N
24  18,7  24,1   13.28  13,6   07.05   1,3   1,7   0,0   3,2  21,0   16.19     S
25  18,9  21,3   18.48  16,9   00.48   0,2   0,8   0,0   2,7  21,0   21.13   SSE
26  19,3  23,5   14.08  16,6   03.18   0,4   1,4   2,1   4,5  33,0   16.59     S
27  22,0  27,4   16.15  18,2   05.26   0,0   3,7   0,3   3,1  24,0   12.42     S
28  21,3  25,3   11.49  17,3   05.33   0,0   3,0   0,0   5,2  32,0   13.50     S
29  21,2  26,4   15.21  16,4   06.04   0,4   3,3   0,0   3,9  26,0   14.09   SSE
30  21,7  27,6   13.34  18,0   05.55   0,0   3,4   2,3   2,2  22,0   20.15     E
31  21,5  25,8   14.40  18,4   06.28   0,0   3,2  18,4   5,7  35,0   22.13    SE
----------------------------------------------------------------------------------
    21,1  30,8     5    13,1    17    11,0  98,8 156,1   3,9  42,0     5     SSE

Max >=  30,0:  2
Max <=  25,0: 12
Min <=   0,0:  0
Min <=  -5,0:  0
Max Rain: 27,5 on day 3
Days of Rain: 19 (>= 0,2 mm)  14 (>= 2,0 mm)  2 (>= 20,0 mm)
Heat Base: 18,3  Cool Base: 18,3  Method: Integration