Rapporti sul clima in stile NOAA


Report for 2014 Settembre
                   Monthly Climatological Summary for set 2014

Name: Meteo Massone   City: Massone - Arco ( TN )   State: Italia
Elevation: 130 m  Lat: N 45° 55' 24"   Lon: E 010° 54' 03"

                  Temperature (°C), Rain (mm), Wind Speed (km/h)

                                      Heat  Cool        Avg
    Mean                              Deg   Deg         Wind                 Dom
Day Temp  High   Time   Low    Time   Days  Days  Rain  Speed High   Time    Dir
----------------------------------------------------------------------------------
 1  20,1  25,4   17.31  13,9   07.50   0,9   2,7   0,0   6,2  34,0   16.28     N
 2  21,4  27,4   16.21  15,9   07.45   0,1   3,2   0,0   5,6  33,0   15.34   NNE
 3  18,0  22,7   16.13  15,3   05.39   0,9   0,6   4,4   1,8  25,0   07.35    NE
 4  19,5  22,9   16.28  17,3   04.32   0,1   1,3   0,3   1,0  13,0   03.33   NNE
 5  20,5  26,1   15.39  17,9   05.17   0,0   2,2   2,6   1,6  15,0   16.26    NE
 6  21,0  27,1   15.18  16,8   06.48   0,2   2,9   0,3   2,4  18,0   14.44   ESE
 7  21,6  25,2   17.07  18,6   06.40   0,0   3,3   0,8   3,9  25,0   15.32     S
 8  21,7  26,2   12.36  17,8   04.18   0,0   3,4   0,0   3,7  23,0   14.25   SSE
 9  21,5  27,1   12.50  17,8   07.39   0,0   3,2   3,9   3,2  23,0   14.47    SE
10  19,9  24,4   12.01  15,9   08.13   0,4   2,0   4,4   4,5  32,0   20.57   SSE
11  18,4  23,3   12.35  14,9   06.10   1,0   1,1   5,4   3,1  24,0   13.37   SSE
12  17,1  22,3   12.41  12,9   08.34   2,1   0,9   0,8   5,6  32,0   13.45   SSE
13  17,3  22,2   15.13  12,8   07.47   2,0   1,0   0,0   4,2  26,0   12.45   SSE
14  18,9  23,9   17.29  14,1   06.59   1,2   1,8   0,0   4,7  28,0   16.46   SSE
15  19,7  23,9   16.09  16,9   00.18   0,4   1,7   0,0   1,7  17,0   14.48     S
16  19,5  23,9   13.28  15,6   06.03   0,6   1,8   0,0   2,7  23,0   15.02     S
17  20,4  24,1   12.32  17,4   06.10   0,1   2,2   0,0   3,0  30,0   17.03     S
18  19,6  22,9   14.32  16,6   08.13   0,2   1,6   0,0   3,5  24,0   14.37     S
19  19,1  22,9   15.06  16,6   06.27   0,3   1,1   2,6   2,2  17,0   18.29   SSE
20  20,4  25,6   15.08  17,6   01.13   0,1   2,2   0,0   2,1  21,0   15.59   SSE
21  21,0  25,1   12.14  16,9   07.46   0,1   2,8   0,8   3,5  26,0   12.47     S
22  21,2  27,8   14.38  16,8   07.57   0,2   3,0   0,0   5,5  34,0   23.09   NNE
23  17,2  23,1   13.20  11,1   07.28   2,0   0,9   0,0   6,5  35,0   13.29    SE
24  16,1  20,9   14.09  11,6   02.40   2,6   0,4   0,0   3,8  24,0   15.26    SE
25  17,9  22,4   13.09  14,4   06.15   1,4   1,0   0,0   3,6  27,0   13.54   SSE
26  17,0  22,2   15.14  12,9   07.54   2,0   0,7   0,0   2,6  18,0   14.40    SO
27  17,9  22,6   12.11  13,1   07.06   1,7   1,3   0,0   4,4  27,0   16.18   SSE
28  18,4  23,9   13.19  14,0   07.41   1,4   1,5   0,0   2,5  19,0   16.58     S
29  19,1  24,1   12.49  14,9   03.18   1,1   1,9   0,0   3,5  25,0   15.40     S
30  19,4  22,9   11.42  15,3   06.49   0,7   1,8   0,0   2,5  23,0   15.43     S
----------------------------------------------------------------------------------
    19,4  27,8    22    11,1    23    23,8  55,5  26,3   3,5  35,0    23     SSE

Max >=  30,0:  0
Max <=  25,0: 20
Min <=   0,0:  0
Min <=  -5,0:  0
Max Rain: 5,4 on day 11
Days of Rain: 11 (>= 0,2 mm)  6 (>= 2,0 mm)  0 (>= 20,0 mm)
Heat Base: 18,3  Cool Base: 18,3  Method: Integration