Rapporti sul clima in stile NOAA


Report for 2014 Ottobre
                   Monthly Climatological Summary for ott 2014

Name: Meteo Massone   City: Massone - Arco ( TN )   State: Italia
Elevation: 130 m  Lat: N 45° 55' 24"   Lon: E 010° 54' 03"

                  Temperature (°C), Rain (mm), Wind Speed (km/h)

                                      Heat  Cool        Avg
    Mean                              Deg   Deg         Wind                 Dom
Day Temp  High   Time   Low    Time   Days  Days  Rain  Speed High   Time    Dir
----------------------------------------------------------------------------------
 1  18,7  21,8   15.18  16,6   23.53   0,2   0,6   7,0   1,1  19,0   16.29     S
 2  18,7  24,8   13.44  14,3   08.03   1,2   1,6   0,0   2,6  22,0   14.23     S
 3  19,2  22,5   14.39  16,9   06.12   0,4   1,3   0,0   3,0  21,0   16.00     S
 4  17,9  21,3   15.16  15,3   22.35   1,0   0,7   0,0   3,3  30,0   14.22     S
 5  17,5  21,5   14.46  13,8   05.15   1,5   0,8   0,0   3,2  24,0   15.10   SSE
 6  17,2  22,1   13.16  13,6   06.26   1,9   0,8   0,0   3,8  31,0   14.31   SSE
 7  15,5  19,1   15.06  12,4   04.18   2,8   0,1   3,4   1,7  24,0   16.18     S
 8  15,9  17,3   14.26  14,8   01.06   2,4   0,0   7,5   0,6  11,0   06.43   NNE
 9  18,4  21,8   13.57  16,1   01.33   0,7   0,8   0,0   1,5  13,0   15.51   SSE
10  19,1  23,1   13.41  16,3   06.11   0,6   1,4   0,8   1,3   8,0   00.53   SSO
11  18,8  21,4   13.41  17,2   22.41   0,4   0,9  13,2   2,6  11,0   13.41   SSO
12  18,7  21,8   12.11  16,4   01.41   0,6   1,0   0,3   2,2  15,0   14.45     E
13  17,1  18,0   09.20  15,9   23.35   1,2   0,0  55,2   2,5  24,0   19.02   NNE
14  17,1  22,6   15.12  14,3   08.15   1,8   0,6   0,0   1,5  21,0   15.27   SSE
15  17,6  22,4   13.31  15,3   04.53   1,4   0,7   0,0   1,8  18,0   00.58   ESE
16  17,1  20,1   17.08  14,2   06.46   1,5   0,3   0,0   1,3  12,0   07.34    NE
17  18,9  24,9   16.30  16,2   04.15   0,8   1,4   0,0   1,6  16,0   11.21     O
18  19,0  24,1   14.42  15,8   01.18   0,6   1,3   0,0   2,3  17,0   05.57   ESE
19  19,2  23,4   13.32  16,2   06.08   0,3   1,3   0,0   1,8  16,0   13.47     S
20  18,7  22,3   13.35  15,9   06.22   0,5   0,9   0,0   2,4  19,0   14.10    SE
21  19,6  22,1   13.36  17,4   06.56   0,1   1,4   0,0   4,6  33,0   23.44   SSE
22  15,6  19,6   00.00  11,6   23.46   2,8   0,1   1,0   9,9  46,0   01.52   NNE
23  14,6  19,3   16.46   9,1   01.19   3,7   0,0   0,0  12,7  53,0   07.40     N
24  16,7  22,8   14.31  11,1   23.46   2,3   0,7   0,0   6,4  36,0   08.07    NE
25  12,3  16,8   13.41   9,1   04.04   6,0   0,0   0,0   2,0  19,0   15.06     S
26  12,4  16,9   12.35   8,6   07.57   6,1   0,0   0,0   2,9  21,0   14.42   SSE
27  11,7  14,5   15.01   8,1   23.55   6,6   0,0   0,0   3,2  26,0   12.58     S
28   9,9  14,9   13.19   6,2   05.31   8,4   0,0   0,0   2,5  21,0   11.42   SSE
29   9,7  15,0   12.17   5,9   06.23   8,6   0,0   0,0   2,3  18,0   14.19   SSE
30  10,4  16,8   13.20   6,2   06.48   7,9   0,0   0,0   1,9  16,0   02.49    SE
31  11,0  17,1   12.21   6,4   07.32   7,3   0,0   0,0   1,7  16,0   04.10     S
----------------------------------------------------------------------------------
    16,3  24,9    17     5,9    29    81,6  18,7  88,4   3,0  53,0    23      SE

Max >=  30,0:  0
Max <=  25,0: 31
Min <=   0,0:  0
Min <=  -5,0:  0
Max Rain: 55,2 on day 13
Days of Rain: 8 (>= 0,2 mm)  5 (>= 2,0 mm)  1 (>= 20,0 mm)
Heat Base: 18,3  Cool Base: 18,3  Method: Integration