Rapporti sul clima in stile NOAA


Report for 2014 Novembre
                   Monthly Climatological Summary for nov 2014

Name: Meteo Massone   City: Massone - Arco ( TN )   State: Italia
Elevation: 130 m  Lat: N 45° 55' 24"   Lon: E 010° 54' 03"

                  Temperature (°C), Rain (mm), Wind Speed (km/h)

                                      Heat  Cool        Avg
    Mean                              Deg   Deg         Wind                 Dom
Day Temp  High   Time   Low    Time   Days  Days  Rain  Speed High   Time    Dir
----------------------------------------------------------------------------------
 1  12,7  19,9   13.03   8,5   07.38   5,6   0,1   0,0   1,9  18,0   13.41     S
 2  12,6  20,1   13.10   8,4   07.18   5,8   0,1   0,0   1,5  19,0   13.51   SSE
 3  11,6  16,1   13.00   7,6   07.30   6,7   0,0   1,8   2,4  23,0   14.19     S
 4  12,9  14,6   13.38  11,6   04.31   5,4   0,0   5,2   2,7  25,0   23.38   NNE
 5  13,1  14,4   00.00  12,2   22.38   5,2   0,0 100,8   3,4  24,0   01.10   NNE
 6  12,5  13,9   00.14  11,0   23.58   5,8   0,0  44,3   1,3  23,0   00.12   NNE
 7  12,6  15,4   14.58  11,0   00.00   5,7   0,0   1,0   0,9  14,0   09.35    NE
 8  14,1  17,9   14.21  11,3   05.48   4,2   0,0   1,6   1,1  14,0   14.50     N
 9  14,2  17,7   13.12  12,7   03.17   4,1   0,0   0,5   1,8  20,0   13.15     S
10  13,1  13,9   00.50  12,6   04.25   5,2   0,0  51,3   1,1  19,0   15.59   NNE
11  13,1  14,6   15.44  11,6   06.18   5,2   0,0  12,2   1,5  18,0   19.46    NE
12  14,0  16,8   13.06  12,7   23.59   4,3   0,0   7,8   1,9  20,0   20.32    NE
13  13,7  17,0   13.39  11,9   19.39   4,6   0,0   0,5   1,0  10,0   05.12     E
14  13,8  17,4   14.03  11,8   04.20   4,5   0,0   0,0   0,9  14,0   14.12   SSE
15  13,0  14,3   12.25  11,1   23.27   5,3   0,0   6,5   2,8  30,0   21.54   NNE
16  11,7  15,9   11.50   9,5   08.41   6,6   0,0   0,3   2,2  19,0   00.00     N
17  10,2  11,9   11.57   9,2   08.00   8,1   0,0  11,1   1,5  15,0   08.35    NE
18   9,7  13,9   13.07   7,2   23.56   8,6   0,0   3,9   1,2  17,0   14.09   SSE
19   9,3  15,7   14.06   5,9   07.09   9,0   0,0   0,0   1,9  15,0   09.16    NE
20   9,0  14,4   14.58   5,8   03.39   9,3   0,0   0,0   2,4  18,0   06.59   NNE
21   8,0  12,9   14.01   5,1   06.23  10,3   0,0   0,0   1,3  14,0   05.20    NE
22   7,9  13,6   13.17   4,5   06.04  10,4   0,0   0,0   1,6  17,0   02.37     E
23   8,6  14,6   13.23   4,9   07.09   9,7   0,0   0,0   1,7  16,0   14.02    NE
24   9,8  15,1   14.15   6,3   01.49   8,5   0,0   0,0   1,5  21,0   09.31   NNE
25  10,4  14,4   14.14   7,1   03.11   7,9   0,0   0,0   1,5  15,0   14.33   SSE
26  10,0  11,4   00.04   9,1   19.05   8,3   0,0   1,0   1,5  20,0   19.03   SSE
27   9,4  10,3   11.33   8,8   04.22   8,9   0,0   2,1   0,5   9,0   08.42   ESE
28  10,6  12,2   23.56   8,6   03.42   7,7   0,0   3,6   1,2  14,0   02.37   NNE
29  12,7  16,8   14.33  10,5   23.58   5,6   0,0   1,6   1,5  18,0   03.26    NE
30  12,2  14,3   11.27   9,6   03.47   6,1   0,0   3,4   1,2  15,0   17.57    NE
----------------------------------------------------------------------------------
    11,6  20,1     2     4,5    22   202,6   0,2 260,5   1,6  30,0    15      NE

Max >=  30,0:  0
Max <=  25,0: 30
Min <=   0,0:  0
Min <=  -5,0:  0
Max Rain: 100,8 on day 5
Days of Rain: 20 (>= 0,2 mm)  12 (>= 2,0 mm)  3 (>= 20,0 mm)
Heat Base: 18,3  Cool Base: 18,3  Method: Integration