Rapporti sul clima in stile NOAA


Report for 2014 Dicembre
                   Monthly Climatological Summary for dic 2014

Name: Meteo Massone   City: Massone - Arco ( TN )   State: Italia
Elevation: 130 m  Lat: N 45° 55' 24"   Lon: E 010° 54' 03"

                  Temperature (°C), Rain (mm), Wind Speed (km/h)

                                      Heat  Cool        Avg
    Mean                              Deg   Deg         Wind                 Dom
Day Temp  High   Time   Low    Time   Days  Days  Rain  Speed High   Time    Dir
----------------------------------------------------------------------------------
 1  11,7  12,4   12.58  10,7   23.18   6,6   0,0  24,3   2,4  23,0   06.52    NE
 2  11,1  13,9   12.28   9,6   02.57   7,2   0,0   2,6   0,5  10,0   23.07   NNE
 3  10,9  12,7   12.21   9,4   05.17   7,4   0,0   2,8   0,8  13,0   12.26     S
 4  10,2  11,1   12.14   9,6   03.39   8,1   0,0   3,1   0,2   8,0   21.48   NNE
 5  10,4  12,9   14.48   9,1   04.53   7,9   0,0   0,8   0,5  12,0   23.57   NNE
 6  10,7  14,6   13.51   8,9   06.55   7,6   0,0   2,8   0,8  13,0   00.06     N
 7   9,5  10,7   14.07   7,0   23.53   8,8   0,0   1,8   0,7  10,0   23.10   SSO
 8   8,2  12,8   13.07   5,9   07.33  10,1   0,0   0,0   2,0  14,0   04.42   ENE
 9   9,4  13,6   13.27   6,5   19.06   8,9   0,0   0,0   5,6  36,0   01.45   NNE
10   6,5   9,9   14.07   3,5   23.59  11,8   0,0   0,0   3,2  25,0   00.14   NNE
11   5,1  10,8   14.10   2,4   05.20  13,2   0,0   0,0   2,2  17,0   22.11   NNE
12   4,6  10,1   13.28   1,9   08.06  13,7   0,0   0,0   2,2  22,0   23.59    NE
13   5,6   8,2   13.37   2,9   00.42  12,7   0,0   0,0   1,5  18,0   07.45    NE
14   7,5   9,8   13.29   5,5   05.40  10,8   0,0   0,0   0,7  14,0   08.52   NNE
15   8,9  11,1   14.23   7,3   08.03   9,4   0,0   0,3   0,5   8,0   18.14    NE
16   9,0  10,5   13.58   7,9   23.01   9,3   0,0   9,8   0,5  13,0   10.57   NNE
17   8,4  11,2   13.40   5,9   07.34   9,9   0,0   0,0   1,7  17,0   04.32   NNE
18   7,6  12,1   14.10   5,1   07.06  10,3   0,0   0,0   2,4  18,0   05.43     N
19   7,8  11,8   12.57   4,7   09.16  10,5   0,0   0,0   1,8  14,0   00.37   SSE
20   7,6  11,0   13.23   5,4   08.28  10,5   0,0   0,0   2,6  17,0   12.37   NNE
21   7,1  13,5   12.40   3,8   03.40  10,9   0,0   0,0   1,4  12,0   00.40   NNE
22   5,5  10,6   12.47   2,6   07.50  12,8   0,0   0,0   1,7  17,0   12.56     E
23   5,0   9,0   14.14   1,6   05.57  13,4   0,0   0,0   1,9  13,0   13.47   SSE
24   3,9   7,6   14.53   0,9   07.36  14,4   0,0   0,0   0,6   9,0   09.31     N
25   4,8   9,8   13.35   2,5   06.00  13,5   0,0   0,0   1,8  13,0   14.29     N
26   6,7  12,3   13.23   1,9   01.16  11,6   0,0   0,0   3,6  33,0   04.16   NNE
27   1,3   3,2   11.49  -0,3   23.59  17,0   0,0   0,5   1,0  18,0   12.54   ENE
28   2,3   7,6   20.36  -1,9   05.05  16,0   0,0   3,1   2,3  33,0   20.40   NNE
29   3,6   6,9   14.39   0,1   22.34  14,7   0,0   0,0   5,5  33,0   07.08     N
30   1,4   5,3   14.24  -1,7   08.08  16,9   0,0   0,0   2,3  19,0   14.39    SE
31   0,9   2,6   13.13  -0,4   23.57  17,4   0,0   0,0   2,9  27,0   15.25    SE
----------------------------------------------------------------------------------
     6,9  14,6     6    -1,9    28   353,3   0,0  51,9   1,9  36,0     9      NE

Max >=  30,0:  0
Max <=  25,0: 31
Min <=   0,0:  4
Min <=  -5,0:  0
Max Rain: 24,3 on day 1
Days of Rain: 11 (>= 0,2 mm)  7 (>= 2,0 mm)  1 (>= 20,0 mm)
Heat Base: 18,3  Cool Base: 18,3  Method: Integration