Rapporti sul clima in stile NOAA


Report for 2015
                   Annual Climatological Summary for 2015

Name: Meteo Massone   City: Massone - Arco ( TN )   State: Italia
Elevation: 130 m  Lat: N 45° 55' 24"   Lon: E 010° 54' 03"

                  Temperature (°C), Heat Base: 18,3  Cool Base: 18,3
                          Dep.  Heat  Cool                       Max  Max  Min  Min
        Mean  Mean        From  Deg   Deg                        >=   <=   <=   <=
 YR MO  Max   Min   Mean  Norm  Days  Days  Hi  Date  Low  Date 30,0 25,0  0,0  -5,0
------------------------------------------------------------------------------------
 15  1  10,1   2,3   5,5   0.0   397     0  15,1   4  -1,5    1    0   31    2    0
 15  2  10,7   3,4   6,5   0.0   331     0  14,1  11  -0,8    3    0   28    3    0
 15  3  15,1   6,2  10,4   0.0   245     0  20,6  27   1,6    7    0   31    0    0
 15  4  18,5   9,9  14,4   0.0    99     1  23,3  13   4,3    6    0   25    0    0
 15  5  22,8  14,6  18,6   0.0    42    49  26,4  17  10,6   21    0   23    0    0
 15  6  27,3  18,0  22,4   0.0     3   128  31,3   7  14,4   24    6    7    0    0
 15  7  31,7  22,3  27,2   0.0     0   274  35,9  22  18,3   10   24    0    0    0
 15  8  31,8  21,1  26,1   0.0     1   188  35,4   9  15,9   27   14    1    0    0
 15  9  23,4  15,1  18,9   0.0    34    52  30,1   1  10,6   30    1   21    0    0
 15 10  17,9  10,9  13,7   0.0   146     3  23,3   7   5,3   22    0   31    0    0
 15 11  14,5   6,1   9,6   0.0   263     1  22,0  10  -0,1   24    0   30    2    0
 15 12  10,1   1,9   4,9   0.0   415     0  12,6  19  -0,4   14    0   31    2    0
------------------------------------------------------------------------------------
        19,5  11,0  14,8   0.0  1979   700  35,9 lug  -1,5  gen   45  259    9    0

                                Precipitation (mm)

              Dep.   Max        Days of Rain
              From   Obs.           >=
 YR MO Total  Norm   Day Date  0,2  2,0 20,0
---------------------------------------------
 15  1  38,1   0.0  15,0  17     6    3    0
 15  2  70,7   0.0  29,5   5     8    6    1
 15  3  13,8   0.0   5,2  25     6    3    0
 15  4  27,0   0.0  16,3  27     4    3    0
 15  5  60,3   0.0  19,7  15    11    6    0
 15  6  65,2   0.0  21,0  27     9    7    1
 15  7  24,0   0.0  10,4  25     7    4    0
 15  8  81,1   0.0  58,0  27     5    3    1
 15  9 148,9   0.0  47,9  14    10    6    3
 15 10 129,4   0.0  25,6  14    13   11    2
 15 11   1,6   0.0   1,6  21     1    0    0
 15 12   0,0   0.0   0,0   0     0    0    0
---------------------------------------------
       660,1   0.0  58,0  ago   80   52    8

                                Wind Speed (km/h)
                          Dom
 YR MO   Avg.  Hi   Date  Dir
------------------------------
 15  1   2,9  45,0    5   NNE
 15  2   3,8  55,0    8   NNE
 15  3   4,2  52,0    5   ENE
 15  4   5,3  46,0    1   SSE
 15  5   4,8  46,0   22     S
 15  6   4,8  51,0   27     S
 15  7   6,4  46,0   31   SSE
 15  8   4,0  39,0   10   SSE
 15  9   4,2  56,0   17    SE
 15 10   2,1  31,0   14    SE
 15 11   2,3  40,0   26   ESE
 15 12   1,6  24,0   10   NNE
------------------------------
         3,9  56,0  set    SE