Rapporti sul clima in stile NOAA


Report for 2015 Gennaio
                   Monthly Climatological Summary for gen 2015

Name: Meteo Massone   City: Massone - Arco ( TN )   State: Italia
Elevation: 130 m  Lat: N 45° 55' 24"   Lon: E 010° 54' 03"

                  Temperature (°C), Rain (mm), Wind Speed (km/h)

                                      Heat  Cool        Avg
    Mean                              Deg   Deg         Wind                 Dom
Day Temp  High   Time   Low    Time   Days  Days  Rain  Speed High   Time    Dir
----------------------------------------------------------------------------------
 1   1,8   6,6   14.30  -1,5   02.49  16,5   0,0   0,0   2,2  18,0   09.00    NE
 2   5,4  11,1   14.00   1,3   05.49  12,9   0,0   0,0   2,2  17,0   01.10    NE
 3   5,9  10,7   14.01   2,5   08.20  12,4   0,0   0,0   2,6  20,0   18.47    NE
 4   8,6  15,1   15.35   3,1   00.04   9,7   0,0   0,0   6,2  32,0   19.46    NE
 5   6,8  12,3   14.32   2,5   09.06  11,5   0,0   0,0   4,6  45,0   04.35   NNE
 6   4,7  10,8   13.42   1,9   09.54  13,6   0,0   0,0   2,2  15,0   15.27   NNE
 7   4,2  10,1   14.53   1,3   01.15  14,1   0,0   0,0   1,1  14,0   02.48   ENE
 8   4,9   9,9   14.42   2,4   07.49  13,4   0,0   0,0   1,8  23,0   17.22    NE
 9   4,6   8,6   13.30   1,9   04.11  13,7   0,0   0,0   2,7  22,0   06.42    NE
10   5,7   9,1   12.12   2,6   03.32  12,6   0,0   0,0   2,9  19,0   07.29    NE
11   6,5  14,0   15.48   2,8   07.04  11,8   0,0   0,0   3,4  26,0   15.57     N
12   6,5  13,1   13.36   2,1   07.36  11,8   0,0   0,0   3,6  37,0   02.43   NNE
13   4,4  10,5   13.55   0,4   08.08  13,9   0,0   0,0   1,9  17,0   16.01   ESE
14   5,1   9,2   13.01   2,4   00.02  13,2   0,0   0,0   2,1  13,0   17.19   NNE
15   5,2   8,4   13.07   1,8   06.47  13,1   0,0   0,0   1,8  19,0   03.27   NNE
16   6,1   8,4   23.28   4,8   02.17  12,2   0,0  14,8   0,8  15,0   22.58   NNE
17   8,3  10,6   15.27   7,0   23.34  10,0   0,0  15,0   2,3  18,0   08.15   NNE
18   6,1  10,3   12.23   3,2   22.35  12,2   0,0   0,3   1,7  23,0   14.56     N
19   4,7   9,1   15.39   2,7   05.36  13,6   0,0   0,0   1,3  17,0   10.48    NE
20   3,8   8,3   15.18   1,3   06.19  14,5   0,0   0,0   1,6  15,0   00.01   ENE
21   4,3   5,5   11.01   1,6   00.44  14,0   0,0   0,5   1,2  18,0   12.42   NNE
22   6,3   9,1   15.50   4,4   04.30  12,0   0,0   0,5   1,1  16,0   02.59    NE
23   8,3  14,6   15.14   3,8   06.32  10,0   0,0   0,0   2,8  28,0   23.09   NNE
24  10,3  13,6   15.25   6,2   05.25   8,0   0,0   0,0   8,1  32,0   07.29   NNE
25   9,1  12,8   14.12   6,2   23.55   9,2   0,0   0,0  11,4  42,0   16.44   NNO
26   5,3  10,3   14.11   2,4   08.32  13,7   0,0   0,0   4,2  30,0   03.44   NNE
27   3,7   8,6   13.16   1,2   05.51  14,6   0,0   0,0   2,0  16,0   14.22    NE
28   4,8  11,5   14.14   0,4   01.12  13,5   0,0   0,0   4,2  29,0   02.17   ENE
29   3,1   6,4   13.44   0,3   05.15  15,2   0,0   0,0   1,4  16,0   23.50   ESE
30   3,0   7,9   15.45   0,6   23.23  15,3   0,0   7,0   2,6  31,0   14.01   NNE
31   2,4   7,9   14.55  -1,2   06.39  15,9   0,0   0,0   2,8  22,0   03.17    NE
----------------------------------------------------------------------------------
     5,5  15,1     4    -1,5     1   398,1   0,0  38,1   2,9  45,0     5     NNE

Max >=  30,0:  0
Max <=  25,0: 31
Min <=   0,0:  2
Min <=  -5,0:  0
Max Rain: 15,0 on day 17
Days of Rain: 6 (>= 0,2 mm)  3 (>= 2,0 mm)  0 (>= 20,0 mm)
Heat Base: 18,3  Cool Base: 18,3  Method: Integration