Rapporti sul clima in stile NOAA


Report for 2015 Febbraio
                   Monthly Climatological Summary for feb 2015

Name: Meteo Massone   City: Massone - Arco ( TN )   State: Italia
Elevation: 130 m  Lat: N 45° 55' 24"   Lon: E 010° 54' 03"

                  Temperature (°C), Rain (mm), Wind Speed (km/h)

                                      Heat  Cool        Avg
    Mean                              Deg   Deg         Wind                 Dom
Day Temp  High   Time   Low    Time   Days  Days  Rain  Speed High   Time    Dir
----------------------------------------------------------------------------------
 1   3,1   9,8   15.02  -0,7   08.39  15,2   0,0   0,0   2,2  17,0   15.35    NE
 2   2,8   9,9   15.09  -0,6   04.25  15,5   0,0   0,0   2,3  19,0   04.41    NE
 3   2,7   6,5   14.54  -0,8   07.38  15,6   0,0   0,0   2,2  22,0   15.00   NNE
 4   5,6  10,6   15.06   1,3   07.46  12,7   0,0   0,0   2,0  20,0   12.57   NNE
 5   6,2   8,3   02.43   3,3   15.36  12,1   0,0  29,5   9,6  34,0   05.34   NNE
 6   6,8   9,6   11.43   4,8   23.56  11,5   0,0   3,1   3,9  31,0   02.37   NNE
 7   4,7   7,8   15.11   3,0   23.10  13,5   0,0   1,8   2,5  16,0   01.55   SSE
 8   5,8  13,2   13.35   1,5   06.40  12,3   0,0   0,0  12,3  55,0   13.50   NNE
 9   4,0   8,8   15.03   0,1   08.40  14,3   0,0   0,0   3,2  27,0   00.38   ENE
10   6,9  13,2   12.59   2,8   23.48  10,9   0,0   0,0   3,5  18,0   00.58   SSO
11   6,3  14,1   12.43   1,6   04.52  12,0   0,0   0,0   2,0  18,0   13.46     S
12   6,5  10,6   13.27   2,1   07.16  11,8   0,0   0,0   3,7  22,0   19.24     S
13   6,3   7,2   00.39   5,3   07.00  12,0   0,0   0,3   0,7  13,0   22.33   NNO
14   6,1   7,1   14.10   4,8   21.17  12,1   0,0  10,6   1,3  15,0   20.22    NE
15   6,4   7,8   14.32   4,9   01.26  11,7   0,0   8,3   1,9  18,0   05.58   NNE
16   8,0  12,9   16.34   4,8   06.09  10,2   0,0   0,0   2,5  23,0   23.31    NE
17   7,9  14,1   13.16   3,6   08.02  10,4   0,0   0,0   3,9  23,0   00.07     E
18   5,7  10,0   15.05   1,8   07.07  12,6   0,0   0,0   3,6  28,0   12.57     S
19   5,8  11,5   12.39   1,9   07.14  12,4   0,0   0,0   3,1  22,0   14.03   SSE
20   5,7  10,3   13.04   1,8   08.46  12,9   0,0   0,0   3,6  23,0   17.03     S
21   5,8   6,8   05.10   4,5   00.40  12,3   0,0   4,7   2,7  18,0   22.03   ENE
22   7,4  13,3   15.03   5,2   04.03  10,9   0,0  12,4   4,2  30,0   07.51   NNE
23   8,1  13,8   13.38   3,6   06.45  10,2   0,0   0,0   2,7  27,0   14.49     E
24   9,0  11,2   19.41   6,9   00.54   9,2   0,0   0,0   6,4  38,0   20.55     N
25  11,1  13,9   12.58   8,1   23.16   7,2   0,0   0,0  10,8  41,0   04.25   NNO
26   9,7  12,7   14.43   8,3   07.52   8,6   0,0   0,0   4,3  29,0   03.13   NNE
27   7,9  10,8   15.05   5,7   07.07  10,4   0,0   0,0   2,7  21,0   15.25     N
28   8,9  13,9   12.43   5,3   23.53   9,4   0,0   0,0   3,3  32,0   14.18     S
----------------------------------------------------------------------------------
     6,5  14,1    11    -0,8     3   329,9   0,0  70,7   3,8  55,0     8      NE

Max >=  30,0:  0
Max <=  25,0: 28
Min <=   0,0:  3
Min <=  -5,0:  0
Max Rain: 29,5 on day 5
Days of Rain: 8 (>= 0,2 mm)  6 (>= 2,0 mm)  1 (>= 20,0 mm)
Heat Base: 18,3  Cool Base: 18,3  Method: Integration