Rapporti sul clima in stile NOAA


Report for 2015 Marzo
                   Monthly Climatological Summary for mar 2015

Name: Meteo Massone   City: Massone - Arco ( TN )   State: Italia
Elevation: 130 m  Lat: N 45° 55' 24"   Lon: E 010° 54' 03"

                  Temperature (°C), Rain (mm), Wind Speed (km/h)

                                      Heat  Cool        Avg
    Mean                              Deg   Deg         Wind                 Dom
Day Temp  High   Time   Low    Time   Days  Days  Rain  Speed High   Time    Dir
----------------------------------------------------------------------------------
 1   8,0  13,3   15.24   3,7   05.25  10,3   0,0   0,0   1,8  18,0   13.36   SSO
 2   7,1   8,9   17.50   5,3   03.12  11,2   0,0   0,3   2,0  14,0   21.57     N
 3   8,9  16,0   12.53   3,4   05.29   9,5   0,0   0,0   3,0  21,0   13.15    SE
 4   9,7  14,3   14.10   5,8   02.10   8,5   0,0   0,0  11,3  43,0   23.23   NNE
 5  10,7  13,9   14.17   8,8   07.12   7,2   0,0   0,0  14,8  52,0   10.54   NNE
 6   9,1  16,3   14.35   3,8   07.28   9,2   0,0   0,0   6,6  29,0   13.17    NE
 7   7,1  12,8   12.51   1,6   06.40  11,2   0,0   0,0   3,9  26,0   13.28   SSE
 8   7,5  13,0   14.44   2,9   08.22  10,7   0,0   0,0   3,8  22,0   12.18     S
 9   6,7  11,3   12.34   2,8   06.39  11,6   0,0   0,0   2,6  23,0   13.55     S
10   9,2  14,6   11.42   4,1   06.47   9,1   0,0   0,0   4,3  26,0   16.38   SSE
11  11,6  16,3   15.06   6,8   07.35   6,7   0,0   0,0   5,0  31,0   21.04   ESE
12  11,7  17,9   13.48   6,2   23.50   6,6   0,0   0,0   7,5  33,0   14.11   NNE
13   9,2  14,3   12.05   3,6   06.12   9,1   0,0   0,0   4,6  34,0   14.55     S
14   8,7  12,4   12.20   5,8   06.31   9,6   0,0   0,0   2,8  23,0   12.05     S
15  10,3  15,4   12.13   5,4   02.19   8,0   0,0   0,0   2,6  28,0   18.11    SE
16   9,1  11,2   00.18   7,3   08.48   9,2   0,0   3,6   5,4  28,0   03.58     N
17  11,6  17,9   15.34   7,9   02.51   6,7   0,0   0,3   2,6  23,0   11.46   NNE
18  10,7  14,4   13.45   7,3   02.55   7,6   0,0   0,0   4,1  26,0   12.14   SSE
19  10,9  15,5   12.52   6,5   05.52   7,4   0,0   0,0   3,9  30,0   16.19   SSE
20  11,0  14,9   16.03   7,0   23.51   7,3   0,0   0,0   2,2  17,0   18.29     S
21   9,6  12,9   13.49   5,6   04.50   8,7   0,0   0,0   1,7  17,0   21.56     S
22   9,7  12,5   16.01   7,6   05.53   8,6   0,0   0,5   0,9  13,0   23.08    NE
23  10,9  16,6   12.45   5,6   06.51   7,4   0,0   0,0   2,5  24,0   12.51     S
24  12,1  15,6   12.51   9,8   04.33   6,2   0,0   0,0   2,2  22,0   12.39     S
25  12,6  15,1   12.25   9,9   23.00   5,7   0,0   5,2   4,5  34,0   10.56     N
26  11,5  14,2   16.35   9,7   02.06   6,7   0,0   3,9   1,0  11,0   08.14     E
27  14,1  20,6   15.11   9,7   07.23   4,4   0,1   0,0   6,3  35,0   14.51   NNO
28  13,3  19,8   12.44   7,1   06.51   5,0   0,0   0,0   5,5  30,0   01.20    SO
29  12,1  16,4   17.23   7,1   05.15   6,1   0,0   0,0   4,3  33,0   19.25     S
30  12,9  19,3   17.38   6,9   06.05   5,4   0,0   0,0   3,7  29,0   22.13   NNE
31  14,5  19,9   16.11   8,1   07.16   3,9   0,1   0,0   7,1  37,0   14.27   SSE
----------------------------------------------------------------------------------
    10,4  20,6    27     1,6     7   244,8   0,2  13,8   4,2  52,0     5       E

Max >=  30,0:  0
Max <=  25,0: 31
Min <=   0,0:  0
Min <=  -5,0:  0
Max Rain: 5,2 on day 25
Days of Rain: 6 (>= 0,2 mm)  3 (>= 2,0 mm)  0 (>= 20,0 mm)
Heat Base: 18,3  Cool Base: 18,3  Method: Integration