Rapporti sul clima in stile NOAA


Report for 2015 Aprile
                   Monthly Climatological Summary for apr 2015

Name: Meteo Massone   City: Massone - Arco ( TN )   State: Italia
Elevation: 130 m  Lat: N 45° 55' 24"   Lon: E 010° 54' 03"

                  Temperature (°C), Rain (mm), Wind Speed (km/h)

                                      Heat  Cool        Avg
    Mean                              Deg   Deg         Wind                 Dom
Day Temp  High   Time   Low    Time   Days  Days  Rain  Speed High   Time    Dir
----------------------------------------------------------------------------------
 1  14,9  19,7   14:59   9,1   07:42   3,4   0,0   0,0   7,6  46,0   14:51    NE
 2  12,3  18,6   17:02   5,1   06:49   6,0   0,0   0,0   7,3  40,0   13:47    SE
 3  13,0  15,9   11:58   9,6   08:31   5,3   0,0   0,0  11,1  38,0   15:32    SE
 4  10,7  13,8   12:47   8,1   07:04   7,6   0,0   0,0   5,8  35,0   13:51     S
 5   9,9  13,0   18:29   7,4   06:10   8,4   0,0   0,3   7,7  39,0   19:38   ENE
 6  10,4  15,8   14:47   4,3   07:13   7,9   0,0   0,0   6,8  35,0   15:31   NNO
 7  11,1  17,5   15:10   7,2   06:55   7,2   0,0   0,0   7,7  36,0   12:42     N
 8  12,7  20,2   13:40   5,8   07:40   5,6   0,0   0,0   2,1  11,0   18:10   ENE
 9  12,7  18,5   17:16   7,4   06:06   5,6   0,0   0,0   5,3  31,0   16:37     S
10  14,1  19,9   16:31   7,8   04:11   4,2   0,0   0,0   6,3  32,0   14:59     S
11  13,8  19,0   16:34   8,6   06:56   4,5   0,0   0,0   4,2  27,0   15:12   SSO
12  15,2  20,0   11:17   9,9   06:37   3,1   0,0   0,0   4,5  25,0   17:39     S
13  17,2  23,3   16:09  11,1   07:26   1,1   0,0   0,0   4,4  23,0   13:26   SSE
14  18,6  22,5   16:31  11,7   06:25   0,0   0,3   0,0   2,6  13,0   17:27   SSE
15  17,5  23,3   17:25  11,1   06:09   0,8   0,0   0,0   5,0  33,0   15:51   SSE
16  17,4  21,4   18:00  12,7   06:49   1,9   1,0   0,0   4,6  31,0   19:02     S
17  14,6  16,9   00:00  12,6   22:55   3,7   0,0   5,7   3,5  35,0   08:30   SSE
23  14,6  16,9   00:00  12,6   22:54   3,5   0,0   0,0  ----  35,0   08:28   SSE
24  17,5  19,3   17:12  12,6   17:12   0,3   0,1   0,0   6,3  31,0   17:38   SSE
25  15,7  18,3   16:34  12,9   06:26   2,6   0,0   0,0   4,3  29,0   20:03     S
26  15,5  18,4   12:18  12,4   05:49   2,8   0,0   0,0   3,1  23,0   13:52   SSO
27  14,1  15,6   00:00  13,1   23:39   4,2   0,0  16,3   1,5  21,0   19:40    NE
28  15,9  19,7   14:32  11,9   06:24   2,5   0,1   0,0   4,0  32,0   22:33     S
29  15,2  18,5   17:33   9,8   07:11   3,1   0,0   0,0   8,0  36,0   17:07   SSE
30  14,3  17,7   15:47  11,6   08:02   4,0   0,0   4,7   1,9  21,0   23:56   SSO
----------------------------------------------------------------------------------
    14,4  23,3    13     4,3     6    99,3   1,5  27,0   5,3  46,0     1     SSE

Max >=  30,0:  0
Max <=  25,0: 25
Min <=   0,0:  0
Min <=  -5,0:  0
Max Rain: 16,3 on day 27
Days of Rain: 4 (>= 0,2 mm)  3 (>= 2,0 mm)  0 (>= 20,0 mm)
Heat Base: 18,3  Cool Base: 18,3  Method: Integration