Rapporti sul clima in stile NOAA


Report for 2015 Maggio
                   Monthly Climatological Summary for mag 2015

Name: Meteo Massone   City: Massone - Arco ( TN )   State: Italia
Elevation: 130 m  Lat: N 45° 55' 24"   Lon: E 010° 54' 03"

                  Temperature (°C), Rain (mm), Wind Speed (km/h)

                                      Heat  Cool        Avg
    Mean                              Deg   Deg         Wind                 Dom
Day Temp  High   Time   Low    Time   Days  Days  Rain  Speed High   Time    Dir
----------------------------------------------------------------------------------
 1  13,8  15,1   00:07  12,4   06:14   4,5   0,0   0,5   5,6  25,0   10:15   SSO
 2  17,1  21,5   11:53  13,1   00:00   1,9   0,7   0,0   6,9  35,0   16:25     S
 3  16,5  18,1   17:01  14,8   05:19   1,8   0,0   0,8   3,5  22,0   09:51     S
 4  17,8  20,3   15:08  16,1   06:34   0,9   0,4   0,0   2,2  17,0   16:08   SSO
 5  19,2  22,8   17:54  15,4   05:38   0,7   1,6   0,0   3,6  24,0   15:16     S
 6  20,0  24,4   14:59  16,1   04:31   0,6   2,3   0,0   6,2  35,0   14:19     S
 7  20,5  24,5   16:00  14,8   07:26   0,6   2,8   0,0   4,8  28,0   17:18     S
 8  19,3  24,7   17:41  15,1   06:09   0,9   1,9   4,7   3,6  40,0   20:51     S
 9  18,9  26,2   13:47  14,4   07:44   1,3   2,0   6,2   3,4  23,0   14:04    SE
10  20,0  25,6   17:08  13,7   06:39   1,1   2,7   0,0   4,5  28,0   14:46   SSE
11  20,6  25,8   15:22  14,8   07:28   0,7   3,0   0,0   4,4  26,0   14:13   SSE
12  20,3  25,3   16:59  14,9   06:19   0,7   2,7   0,0   3,5  29,0   17:12     S
13  20,4  24,9   17:00  16,3   03:38   0,4   2,5   0,0   4,4  29,0   17:03   SSO
14  21,9  26,3   15:56  16,9   07:02   0,1   3,7   0,0   6,4  40,0   18:54     S
15  17,0  21,8   00:00  14,9   20:41   1,6   0,3  19,7   5,3  33,0   05:49   NNE
16  20,1  24,8   12:08  15,2   00:00   0,7   2,5   0,0   3,5  27,0   12:28     S
17  21,5  26,4   12:30  16,8   04:50   0,2   3,4   0,0   4,4  30,0   15:28     S
18  21,3  25,6   16:43  16,5   07:29   0,2   3,2   0,0   5,8  35,0   16:08     S
19  20,7  26,3   17:54  16,5   06:43   0,4   2,8  18,4   5,2  33,0   16:46     S
20  15,9  19,3   09:07  11,8   21:42   2,5   0,1   5,4   7,5  44,0   16:32     E
21  13,5  17,3   14:31  10,6   06:36   4,8   0,0   1,0   5,7  37,0   15:02     N
22  16,0  19,9   14:22  11,5   05:58   2,6   0,3   0,0   5,9  46,0   16:37     N
23  15,0  17,9   00:00  12,5   06:03   3,3   0,0   0,5   3,8  29,0   01:52     S
24  16,8  22,1   17:09  11,6   06:15   2,4   0,9   0,0   4,9  32,0   16:19     S
25  18,8  23,6   14:47  15,1   05:55   1,1   1,6   0,0   3,6  27,0   14:41     S
26  16,7  20,3   17:39  14,1   08:00   1,8   0,2   2,6   3,0  23,0   14:38     S
27  18,3  23,1   12:38  12,7   07:06   1,7   1,7   0,0   5,2  29,0   16:09     S
28  17,8  21,8   17:20  13,5   06:42   1,5   1,0   0,0   6,8  35,0   14:40     S
29  19,6  23,9   18:06  15,8   06:18   0,7   2,0   0,0   8,2  40,0   16:42     S
30  20,3  23,9   15:26  16,1   05:16   0,3   2,3   0,0   5,5  32,0   14:20     S
31  19,6  22,8   11:08  17,8   23:48   0,0   1,3   0,5   2,4  21,0   11:55     S
----------------------------------------------------------------------------------
    18,6  26,4    17    10,6    21    42,0  49,9  60,3   4,8  46,0    22       S

Max >=  30,0:  0
Max <=  25,0: 23
Min <=   0,0:  0
Min <=  -5,0:  0
Max Rain: 19,7 on day 15
Days of Rain: 11 (>= 0,2 mm)  6 (>= 2,0 mm)  0 (>= 20,0 mm)
Heat Base: 18,3  Cool Base: 18,3  Method: Integration