Rapporti sul clima in stile NOAA


Report for 2015 Giugno
                   Monthly Climatological Summary for giu 2015

Name: Meteo Massone   City: Massone - Arco ( TN )   State: Italia
Elevation: 130 m  Lat: N 45° 55' 24"   Lon: E 010° 54' 03"

                  Temperature (°C), Rain (mm), Wind Speed (km/h)

                                      Heat  Cool        Avg
    Mean                              Deg   Deg         Wind                 Dom
Day Temp  High   Time   Low    Time   Days  Days  Rain  Speed High   Time    Dir
----------------------------------------------------------------------------------
 1  21,0  25,9   17:15  16,4   03:26   0,4   3,1   0,0   5,2  30,0   14:42     S
 2  22,4  27,1   16:20  17,1   04:46   0,1   4,2   0,0   4,4  32,0   15:08     S
 3  24,1  29,6   17:51  18,5   05:19   0,0   5,8   0,0   4,0  28,0   12:54     S
 4  25,9  30,7   11:50  20,7   05:32   0,0   7,6   0,0   4,1  27,0   13:14     S
 5  26,5  31,0   15:31  21,9   02:23   0,0   8,2   0,0   5,1  30,0   15:58   SSE
 6  25,2  30,9   15:15  20,1   23:48   0,0   6,9   6,0   4,7  37,0   19:02   SSE
 7  25,4  31,3   12:53  19,3   03:06   0,0   7,1   0,0   4,9  30,0   13:15    SE
 8  24,6  29,3   14:58  21,4   06:35   0,0   6,3   0,0   4,8  35,0   05:24   NNE
 9  24,2  29,4   12:37  18,9   06:09   0,0   5,9   0,0   5,0  30,0   14:40   NNO
10  23,4  27,9   17:09  19,3   02:56   0,0   5,1   0,0   3,4  22,0   17:15     S
11  24,0  29,8   15:08  18,8   05:19   0,0   5,7   0,0   4,3  27,0   15:27     S
12  23,8  30,1   16:44  18,5   23:47   0,0   5,5   7,5   5,6  45,0   20:23   SSE
13  22,6  27,4   17:23  18,6   00:29   0,0   4,3   1,0   3,3  20,0   13:51   SSE
14  20,8  24,3   10:33  17,9   23:21   0,0   2,6  10,6   3,0  37,0   15:57    NE
15  20,0  24,3   13:30  17,6   04:23   0,1   1,8   4,1   2,5  20,0   13:44   ONO
16  20,7  25,6   14:32  18,2   05:02   0,0   2,4   0,0   4,0  31,0   18:01   NNE
17  20,8  24,1   15:42  17,7   05:43   0,0   2,6   0,0   6,5  32,0   16:20   SSE
18  20,5  23,9   15:54  17,0   05:45   0,1   2,4   0,0   5,1  28,0   12:32     S
19  20,9  25,1   11:39  18,1   07:08   0,0   2,6   4,4   3,2  26,0   11:49     S
20  19,3  23,9   14:15  14,6   05:54   0,7   1,7   1,0   4,5  32,0   14:39     S
21  19,6  24,4   16:20  14,9   05:54   0,9   2,2   0,0   5,1  30,0   13:56     S
22  21,8  25,6   17:22  17,6   06:05   0,0   3,5   0,0   8,9  35,0   16:56   SSE
23  20,4  25,9   15:20  17,6   23:52   0,0   2,1   9,6   6,5  35,0   00:03   SSE
24  19,6  23,8   15:57  14,4   06:18   0,9   2,1   0,0   7,8  33,0   14:19     S
25  21,1  25,3   16:22  17,4   04:37   0,1   3,0   0,0   5,3  32,0   14:10     S
26  22,3  27,2   16:39  15,9   05:13   0,3   4,3   0,0   5,8  31,0   14:31     S
27  22,0  27,9   14:48  17,1   18:40   0,0   3,7  21,0   3,5  51,0   18:01   SSE
28  22,9  30,0   13:29  16,4   04:36   0,3   5,0   0,0   4,5  29,0   17:22   SSE
29  23,5  27,4   17:06  19,9   06:09   0,0   5,2   0,0   2,3  19,0   17:21     S
30  24,0  28,8   16:57  18,5   05:50   0,0   5,7   0,0   5,0  32,0   16:14     S
----------------------------------------------------------------------------------
    22,4  31,3     7    14,4    24     3,9 128,6  65,2   4,8  51,0    27     SSE

Max >=  30,0:  6
Max <=  25,0:  7
Min <=   0,0:  0
Min <=  -5,0:  0
Max Rain: 21,0 on day 27
Days of Rain: 9 (>= 0,2 mm)  7 (>= 2,0 mm)  1 (>= 20,0 mm)
Heat Base: 18,3  Cool Base: 18,3  Method: Integration