Rapporti sul clima in stile NOAA


Report for 2015 Luglio
                   Monthly Climatological Summary for lug 2015

Name: Meteo Massone   City: Massone - Arco ( TN )   State: Italia
Elevation: 130 m  Lat: N 45° 55' 24"   Lon: E 010° 54' 03"

                  Temperature (°C), Rain (mm), Wind Speed (km/h)

                                      Heat  Cool        Avg
    Mean                              Deg   Deg         Wind                 Dom
Day Temp  High   Time   Low    Time   Days  Days  Rain  Speed High   Time    Dir
----------------------------------------------------------------------------------
 1  26,2  30,5   16:36  22,4   04:43   0,0   7,9   0,0   4,3  32,0   17:48     S
 2  26,3  31,5   16:38  20,1   05:39   0,0   8,0   0,0   4,2  30,0   16:59     S
 3  25,5  30,8   14:08  22,5   05:48   0,0   7,2   0,0   3,9  37,0   15:46    SE
 4  26,2  31,7   17:07  19,9   05:37   0,0   7,9   0,0   4,1  22,0   16:12   SSE
 5  27,3  32,5   15:37  22,1   06:56   0,0   9,0   0,5   5,3  29,0   15:44   SSE
 6  28,4  33,7   16:49  22,4   06:41   0,0  10,1   0,0   6,2  27,0   15:43     S
 7  29,8  33,3   15:11  25,3   05:27   0,0  11,5   0,0   5,9  33,0   16:35     S
 8  27,4  31,6   14:16  22,1   08:27   0,0   9,1   6,2   6,0  38,0   19:44   SSE
 9  25,6  29,2   12:11  21,3   07:30   0,0   7,3   0,5   8,3  39,0   16:07   SSE
10  23,8  28,0   15:55  18,3   06:06   0,0   5,5   0,0   6,6  36,0   15:45   SSE
11  24,5  29,5   16:42  18,3   05:45   0,0   6,2   0,0   5,0  30,0   14:51     S
12  26,7  31,3   16:49  21,2   06:00   0,0   8,4   0,0   6,8  34,0   18:11     S
13  27,4  31,1   12:45  22,9   06:23   0,0   9,1   0,0   4,8  33,0   14:18     S
14  27,8  31,8   15:56  22,6   06:20   0,0   9,5   0,0   6,7  34,0   16:37     S
15  28,4  32,8   17:30  22,6   04:54   0,0  10,1   0,0   7,6  38,0   16:33     S
16  29,5  33,9   17:42  24,3   05:50   0,0  11,2   0,0   7,5  39,0   18:07     S
17  28,5  33,4   13:28  24,6   04:35   0,0  10,2   0,0   6,6  38,0   20:18   ENE
18  28,1  34,3   15:57  21,8   06:33   0,0   9,8   0,0   5,2  24,0   17:00    SE
19  29,4  33,9   16:42  24,2   05:46   0,0  11,1   0,0   7,1  39,0   16:17   SSE
20  28,9  33,0   11:32  23,9   05:50   0,0  10,6   0,0   4,0  32,0   14:43     S
21  29,7  34,8   15:52  24,9   07:05   0,0  11,4   0,0   5,3  32,0   15:26   SSE
22  30,5  35,9   16:55  25,3   05:59   0,0  12,2   0,0   5,4  30,0   17:20     S
23  30,3  35,4   17:18  25,1   07:20   0,0  12,0   0,0   4,2  30,0   02:24   SSO
24  28,0  32,2   17:49  22,6   07:25   0,0   9,7   3,6   3,9  26,0   14:36     S
25  25,5  30,8   15:43  20,6   02:55   0,0   7,2  10,4   7,9  44,0   23:49   SSE
26  25,8  29,1   12:57  22,6   07:54   0,0   7,6   0,0  11,9  39,0   15:37    SE
27  25,4  30,7   18:26  20,2   06:39   0,0   7,1   2,3   8,7  36,0   16:47     S
28  25,6  29,8   16:37  22,2   02:23   0,0   7,3   0,0   7,8  39,0   15:06     S
29  25,6  30,4   17:00  22,4   06:42   0,0   7,3   0,5   6,7  35,0   16:43     S
30  25,3  28,9   16:06  21,9   06:12   0,0   7,0   0,0   8,7  37,0   15:57     S
31  24,4  27,8   12:22  20,9   07:28   0,0   6,1   0,0  10,8  46,0   14:59    SE
----------------------------------------------------------------------------------
    27,2  35,9    22    18,3    10     0,0 274,6  24,0   6,4  46,0    31     SSE

Max >=  30,0: 24
Max <=  25,0:  0
Min <=   0,0:  0
Min <=  -5,0:  0
Max Rain: 10,4 on day 25
Days of Rain: 7 (>= 0,2 mm)  4 (>= 2,0 mm)  0 (>= 20,0 mm)
Heat Base: 18,3  Cool Base: 18,3  Method: Integration