Rapporti sul clima in stile NOAA


Report for 2015 Agosto
                   Monthly Climatological Summary for ago 2015

Name: Meteo Massone   City: Massone - Arco ( TN )   State: Italia
Elevation: 130 m  Lat: N 45° 55' 24"   Lon: E 010° 54' 03"

                  Temperature (°C), Rain (mm), Wind Speed (km/h)

                                      Heat  Cool        Avg
    Mean                              Deg   Deg         Wind                 Dom
Day Temp  High   Time   Low    Time   Days  Days  Rain  Speed High   Time    Dir
----------------------------------------------------------------------------------
 1  20,6  23,6   11:36  18,6   23:11   0,0   2,3  16,1   1,6  26,0   10:00   NNE
 2  22,2  26,8   12:40  17,9   06:40   0,0   3,9   0,0   4,1  29,0   14:00   SSE
 3  25,0  30,4   16:55  19,4   04:54   0,0   6,7   0,0   4,6  28,0   13:56     S
 4  26,6  31,4   15:00  21,2   06:07   0,0   8,3   0,0   4,1  30,0   18:15     S
 5  28,0  33,3   12:58  23,0   07:35   0,0   9,7   0,0   4,3  30,0   14:41   SSE
 6  28,7  34,0   16:22  23,6   03:37   0,0  10,4   0,0   4,0  30,0   16:02   SSE
 7  29,7  34,6   16:13  24,9   06:25   0,0  11,4   0,0   4,2  31,0   17:19     S
 8  27,6  34,5   14:50  23,6   21:30   0,0   9,3   1,3   5,8  35,0   01:48     N
 9  27,5  35,4   16:08  21,8   05:06   0,0   9,3   0,0   3,3  24,0   17:12     S
10  26,9  32,4   13:02  22,6   22:38   0,0   8,6   0,0   5,6  39,0   19:42     S
11  26,9  33,9   13:44  21,0   07:45   0,0   8,6   0,0   4,5  32,0   13:47     S
12  28,0  34,1   13:29  22,7   07:33   0,0   9,7   0,0   4,7  30,0   15:42   SSE
13  28,6  34,1   13:09  23,4   08:10   0,0  10,3   0,0   4,8  35,0   13:58   SSE
14  27,1  32,6   16:40  20,6   23:52   0,0   8,8   5,4   4,1  35,0   21:58    SE
15  23,3  27,9   12:28  19,9   06:37   0,0   5,0   0,3   3,2  29,0   23:34     N
27  21,3  28,8   17:00  15,9   07:00   1,3  36,8  58,0   1,6  24,0   17:00   SSE
30  25,5  32,8   17:00  19,2   07:03   0,0  21,6   0,0   1,3  17,0   12:48   SSE
31  25,7  30,9   18:05  20,4   06:10   0,0   7,4   0,0   4,8  33,0   16:27     S
----------------------------------------------------------------------------------
    26,1  35,4     9    15,9    27     1,3 188,1  81,1   4,2  39,0    10     SSE

Max >=  30,0: 14
Max <=  25,0:  1
Min <=   0,0:  0
Min <=  -5,0:  0
Max Rain: 58,0 on day 27
Days of Rain: 5 (>= 0,2 mm)  3 (>= 2,0 mm)  1 (>= 20,0 mm)
Heat Base: 18,3  Cool Base: 18,3  Method: Integration