Rapporti sul clima in stile NOAA


Report for 2015 Settembre
                   Monthly Climatological Summary for set 2015

Name: Meteo Massone   City: Massone - Arco ( TN )   State: Italia
Elevation: 130 m  Lat: N 45° 55' 24"   Lon: E 010° 54' 03"

                  Temperature (°C), Rain (mm), Wind Speed (km/h)

                                      Heat  Cool        Avg
    Mean                              Deg   Deg         Wind                 Dom
Day Temp  High   Time   Low    Time   Days  Days  Rain  Speed High   Time    Dir
----------------------------------------------------------------------------------
 1  24,5  30,1   16:05  19,9   05:05   0,0   6,2   0,0   5,1  35,0   16:38     S
 2  22,5  27,4   13:50  19,9   06:16   0,0   4,2   2,6   2,7  24,0   15:13     N
 3  22,7  26,2   14:49  19,8   04:53   0,0   4,4   0,0   5,2  32,0   15:31   SSE
 4  22,0  26,9   14:10  18,4   06:41   0,0   3,7   0,0   5,9  30,0   02:35   SSE
 5  18,4  23,4   15:25  14,1   23:48   1,0   1,1  25,4   5,3  41,0   19:09   NNE
 6  17,1  23,6   17:06  11,5   07:20   2,6   1,4   0,0   3,7  27,0   15:02   SSE
 7  18,2  23,6   16:00  13,9   04:07   1,4   1,3   0,0   2,5  23,0   15:02     S
 8  19,0  23,6   16:07  12,8   08:26   1,3   2,0   0,0   5,3  27,0   14:06     S
 9  19,2  23,2   16:29  14,2   06:03   0,9   1,8   0,0   5,2  35,0   15:53   SSE
10  17,9  22,3   14:29  14,2   05:48   1,5   1,1   1,8   6,4  35,0   14:14     S
11  17,8  22,3   14:47  14,5   07:35   1,5   0,9   0,0   3,8  27,0   14:59     S
12  19,4  24,8   16:00  13,6   05:42   1,3   2,5   0,0   5,1  30,0   16:15   SSE
13  19,5  22,5   13:45  17,8   22:08   0,0   1,2   1,8   1,9  21,0   22:21   NNE
14  19,3  24,8   15:36  16,6   04:21   0,5   1,6  47,9   3,6  32,0   15:10   SSE
15  20,1  25,0   15:28  16,3   06:26   0,4   2,2   0,0   4,3  32,0   14:48     S
16  18,5  21,5   16:27  16,7   09:11   0,4   0,6   1,6   3,0  20,0   16:20   NNE
17  20,8  26,8   15:25  17,3   00:36   0,1   2,6  40,9   2,4  56,0   18:56     E
18  21,1  26,9   15:09  17,1   23:48   0,1   2,9   0,0   4,0  34,0   14:06     S
19  19,7  26,1   15:16  14,6   08:33   0,8   2,2   0,0   2,7  16,0   05:51   ESE
20  21,0  27,2   14:37  16,2   03:25   0,2   2,9   0,3   5,4  31,0   10:04    NE
21  17,9  22,4   14:30  14,1   05:46   1,3   0,9   0,0   2,5  21,0   14:00   SSE
22  18,3  20,4   15:53  16,4   06:17   0,7   0,7   0,0   3,7  27,0   13:06     S
23  14,2  17,2   01:03  10,9   22:40   4,1   0,0  19,9   6,1  46,0   11:44   NNE
24  16,8  19,4   17:48  13,6   07:14   1,7   0,2   0,0   7,5  32,0   06:11   NNE
25  18,1  25,1   14:35  12,9   05:55   1,8   1,7   0,0   3,0  23,0   14:59   SSE
26  17,8  22,6   14:03  13,0   05:03   1,8   1,3   0,0   3,2  23,0   16:20     S
27  17,5  20,6   14:50  15,4   06:26   1,1   0,3   6,7   3,3  30,0   15:04   SSE
28  16,7  19,4   14:24  14,8   05:30   1,8   0,2   0,0   4,3  32,0   14:28     S
29  16,2  19,4   15:46  12,9   08:42   2,3   0,2   0,0   4,5  30,0   15:56   SSE
30  14,6  18,2   15:08  10,6   06:14   3,7   0,0   0,0   3,9  26,0   15:34   SSE
----------------------------------------------------------------------------------
    18,9  30,1     1    10,6    30    34,3  52,3 148,9   4,2  56,0    17      SE

Max >=  30,0:  1
Max <=  25,0: 21
Min <=   0,0:  0
Min <=  -5,0:  0
Max Rain: 47,9 on day 14
Days of Rain: 10 (>= 0,2 mm)  6 (>= 2,0 mm)  3 (>= 20,0 mm)
Heat Base: 18,3  Cool Base: 18,3  Method: Integration