Rapporti sul clima in stile NOAA


Report for 2015 Ottobre
                   Monthly Climatological Summary for ott 2015

Name: Meteo Massone   City: Massone - Arco ( TN )   State: Italia
Elevation: 130 m  Lat: N 45° 55' 24"   Lon: E 010° 54' 03"

                  Temperature (°C), Rain (mm), Wind Speed (km/h)

                                      Heat  Cool        Avg
    Mean                              Deg   Deg         Wind                 Dom
Day Temp  High   Time   Low    Time   Days  Days  Rain  Speed High   Time    Dir
----------------------------------------------------------------------------------
 1  14,3  18,1   15:58  11,8   07:32   4,0   0,0   0,0   2,3  24,0   13:47   NNE
 2  14,4  16,1   12:40  13,4   23:43   3,9   0,0   9,6   1,4  19,0   23:40   NNE
 3  16,0  19,9   16:41  13,3   00:25   2,5   0,2   3,1   3,0  23,0   13:55     S
 4  15,7  18,9   13:34  13,1   23:25   2,7   0,0  17,9   1,7  19,0   14:35   SSE
 5  16,1  21,9   14:48  12,4   00:40   2,7   0,5   0,0   2,1  19,0   16:36    SE
 6  16,8  19,3   12:29  15,1   01:39   1,6   0,1   0,0   1,7  15,0   19:21   SSE
 7  18,2  23,3   14:07  14,9   08:28   1,2   1,1   1,8   2,8  23,0   14:19   SSE
 8  17,6  21,5   15:07  14,9   07:40   1,2   0,5   4,7   1,6  21,0   13:42   SSO
 9  16,4  19,6   16:01  14,9   07:54   2,0   0,1   4,7   1,2  15,0   10:31   NNE
10  16,6  20,8   13:08  14,5   08:14   1,9   0,2   0,0   2,7  25,0   14:52   SSE
11  16,2  20,8   14:06  13,3   08:02   2,5   0,4   0,0   2,1  19,0   14:17     S
12  16,7  20,6   15:35  13,1   07:18   2,1   0,5   0,0   4,8  28,0   17:48   SSE
13  15,2  17,5   00:15  14,1   23:07   3,1   0,0  10,9   1,1  23,0   01:40     S
14  13,2  14,5   07:29  11,6   23:45   5,1   0,0  25,6   2,4  31,0   09:38   NNE
15  12,1  14,7   13:02  10,6   21:16   6,2   0,0   9,3   1,4  25,0   23:54    NE
16  10,2  12,2   16:21   8,8   10:39   8,1   0,0   9,1   1,8  21,0   02:38   NNE
17  10,8  14,6   15:25   7,6   04:22   7,5   0,0   0,0   1,5  19,0   14:10     N
18  11,9  13,6   15:10  10,8   07:44   6,4   0,0   0,0   0,5  11,0   02:15   NNE
19  13,7  19,2   14:32  10,3   08:53   4,6   0,0   0,0   4,1  31,0   16:38    NE
20  10,9  16,9   14:11   5,8   08:36   7,4   0,0   0,0   3,3  22,0   14:28   ESE
21  10,2  18,2   15:17   5,4   06:45   8,1   0,0   0,0   2,1  21,0   16:13    SE
22   9,9  15,4   14:34   5,3   08:40   8,4   0,0   0,0   2,4  19,0   14:02   SSE
23  10,8  16,0   14:55   6,4   08:29   7,5   0,0   0,0   2,4  26,0   15:56     S
24  12,2  18,9   13:47   7,6   09:10   6,1   0,0   0,0   2,2  20,0   16:12   SSE
25  12,4  17,9   12:52   8,8   07:04   6,2   0,0   0,0   1,8  14,0   22:13    SE
26  12,9  19,5   13:18   9,0   05:00   5,5   0,1   0,0   2,2  18,0   02:58   SSE
27  12,3  18,8   13:33   7,4   06:44   6,0   0,0   0,0   1,8  17,0   14:16     S
28  12,3  13,1   00:55  11,3   07:31   6,0   0,0   8,3   0,8  21,0   23:56    NE
29  12,7  14,4   15:44  11,5   03:02   5,6   0,0  24,1   1,1  21,0   00:19   ENE
30  13,9  20,3   14:02  10,6   07:03   4,5   0,2   0,3   1,5  16,0   14:38    SE
31  12,8  17,9   12:04   9,6   08:12   5,5   0,0   0,0   2,2  21,0   13:22   SSE
----------------------------------------------------------------------------------
    13,7  23,3     7     5,3    22   146,1   3,9 129,4   2,1  31,0    14      SE

Max >=  30,0:  0
Max <=  25,0: 31
Min <=   0,0:  0
Min <=  -5,0:  0
Max Rain: 25,6 on day 14
Days of Rain: 13 (>= 0,2 mm)  11 (>= 2,0 mm)  2 (>= 20,0 mm)
Heat Base: 18,3  Cool Base: 18,3  Method: Integration