Rapporti sul clima in stile NOAA


Report for 2015 Novembre
                   Monthly Climatological Summary for nov 2015

Name: Meteo Massone   City: Massone - Arco ( TN )   State: Italia
Elevation: 130 m  Lat: N 45° 55' 24"   Lon: E 010° 54' 03"

                  Temperature (°C), Rain (mm), Wind Speed (km/h)

                                      Heat  Cool        Avg
    Mean                              Deg   Deg         Wind                 Dom
Day Temp  High   Time   Low    Time   Days  Days  Rain  Speed High   Time    Dir
----------------------------------------------------------------------------------
 1  11,1  18,6   13:20   7,1   05:33   7,2   0,0   0,0   1,9  21,0   14:38     S
 2  10,0  16,6   13:06   6,0   04:57   8,3   0,0   0,0   2,2  18,0   13:49     S
 3  10,0  16,6   14:07   4,5   05:35   8,3   0,0   0,0   2,1  17,0   08:45     E
 4  11,1  15,8   13:32   8,2   03:27   7,2   0,0   0,0   1,6  15,0   04:29   NNO
 5  11,7  18,3   13:04   7,6   07:51   6,6   0,0   0,0   1,8  18,0   13:17     S
 6  13,3  20,6   14:01   9,3   04:59   5,1   0,2   0,0   1,7  15,0   14:21   ESE
 7  14,2  21,2   13:59  10,1   06:02   4,4   0,3   0,0   2,5  18,0   14:25    NE
 8  14,1  21,6   13:24   9,8   07:01   4,5   0,3   0,0   2,1  18,0   02:26     E
 9  13,4  19,4   12:07   9,9   06:00   5,0   0,1   0,0   1,8  17,0   12:35   SSO
10  14,2  22,0   13:06  10,3   23:53   4,4   0,3   0,0   2,1  19,0   07:13     N
11  12,7  19,0   12:09   9,9   02:43   5,6   0,0   0,0   1,7  16,0   12:23    SO
12  13,3  21,0   13:56   9,0   05:58   5,2   0,3   0,0   1,4  15,0   08:05   NNE
13  12,7  18,8   12:54   9,0   05:57   5,6   0,0   0,0   2,0  21,0   15:40     S
14  10,8  12,4   11:28   8,4   23:57   7,5   0,0   0,0   1,9  16,0   13:30   SSE
15   8,7  12,7   14:37   6,6   06:50   9,6   0,0   0,0   1,3  15,0   02:46   NNE
16   9,2  14,4   12:35   5,3   07:11   9,1   0,0   0,0   2,1  14,0   13:40     S
17   9,2  12,9   14:00   5,5   06:28   9,1   0,0   0,0   1,2  16,0   16:10   SSO
18  11,2  13,8   12:48   7,6   09:01   7,1   0,0   0,0   2,1  22,0   14:07     S
19  11,1  13,7   13:16   8,4   07:59   7,2   0,0   0,0   2,4  16,0   09:41     N
20  11,5  13,7   17:11  10,2   07:13   6,8   0,0   0,0   6,3  37,0   18:40   SSE
21  10,7  12,5   14:17   7,3   23:52   7,6   0,0   1,6   3,7  30,0   20:04   SSE
22   7,1  11,8   12:51   4,1   07:28  11,2   0,0   0,0   2,9  21,0   14:05   SSE
23   5,5   9,4   14:24   2,9   21:51  12,8   0,0   0,0   1,4  23,0   00:52   NNE
24   3,7   9,2   14:29  -0,1   07:37  14,6   0,0   0,0   1,3  15,0   14:36     S
25   2,9   5,8   14:37   0,6   23:57  15,4   0,0   0,0   1,0  14,0   21:05    NE
26   5,8  11,4   18:49  -0,1   01:48  12,5   0,0   0,0   4,1  40,0   18:29     N
27   8,0  12,9   14:23   1,9   23:33  10,3   0,0   0,0   5,4  33,0   00:10   NNE
28   2,8   6,3   15:24   0,5   05:44  15,5   0,0   0,0   1,6  20,0   09:10   NNE
29   4,1   8,7   14:37   1,8   08:48  14,2   0,0   0,0   2,3  17,0   07:59   NNE
30   3,2   5,3   13:03   1,1   07:14  15,1   0,0   0,0   2,4  18,0   05:03    NE
----------------------------------------------------------------------------------
     9,6  22,0    10    -0,1    24   263,0   1,5   1,6   2,3  40,0    26     ESE

Max >=  30,0:  0
Max <=  25,0: 30
Min <=   0,0:  2
Min <=  -5,0:  0
Max Rain: 1,6 on day 21
Days of Rain: 1 (>= 0,2 mm)  0 (>= 2,0 mm)  0 (>= 20,0 mm)
Heat Base: 18,3  Cool Base: 18,3  Method: Integration