Rapporti sul clima in stile NOAA


Report for 2015 Dicembre
                   Monthly Climatological Summary for dic 2015

Name: Meteo Massone   City: Massone - Arco ( TN )   State: Italia
Elevation: 130 m  Lat: N 45° 55' 24"   Lon: E 010° 54' 03"

                  Temperature (°C), Rain (mm), Wind Speed (km/h)

                                      Heat  Cool        Avg
    Mean                              Deg   Deg         Wind                 Dom
Day Temp  High   Time   Low    Time   Days  Days  Rain  Speed High   Time    Dir
----------------------------------------------------------------------------------
 1   5,1   9,4   13:57   2,1   05:09  13,2   0,0   0,0   2,6  18,0   07:44     N
 2   6,2  12,0   12:58   2,6   03:40  12,1   0,0   0,0   1,5  12,0   13:30   ESE
 3   6,3  11,4   13:55   3,4   23:54  12,0   0,0   0,0   1,4  14,0   13:56     N
 4   5,4   9,1   13:57   2,3   07:50  12,9   0,0   0,0   1,9  22,0   15:03     S
 5   5,9  10,3   13:59   3,4   23:49  12,4   0,0   0,0   1,6  17,0   05:31   NNE
 6   4,4   8,6   14:04   1,9   08:57  13,9   0,0   0,0   1,5  12,0   13:06   SSE
 7   4,7   9,8   13:32   1,3   05:38  13,6   0,0   0,0   1,6  13,0   13:57     N
 8   6,2  11,8   13:31   3,9   06:38  12,1   0,0   0,0   1,9  17,0   09:47    NE
 9   5,8  10,2   14:34   3,0   04:59  12,5   0,0   0,0   2,2  20,0   05:22   NNE
10   6,2  11,6   14:18   2,6   22:25  12,1   0,0   0,0   2,4  24,0   02:37    NE
11   3,8   9,4   14:03   1,1   04:11  14,5   0,0   0,0   1,4  13,0   01:15    NE
12   3,2   9,1   13:19   0,4   06:19  15,1   0,0   0,0   1,5  15,0   14:31   SSE
13   2,7   7,1   14:18   0,0   20:10  15,6   0,0   0,0   1,0  11,0   07:51   NNE
14   2,8   9,1   14:48  -0,4   07:40  15,5   0,0   0,0   1,3  11,0   22:46   NNE
15   3,7   8,9   14:13   0,5   06:29  14,6   0,0   0,0   1,7  14,0   04:30   NNE
16   5,9  11,0   13:41   2,6   04:20  12,4   0,0   0,0   1,7  19,0   08:42   NNE
17   6,2  12,4   14:34   2,8   08:24  12,1   0,0   0,0   1,7  11,0   13:11   NNE
18   5,7  11,9   14:11   2,4   07:01  12,6   0,0   0,0   1,6  14,0   18:24   NNE
19   6,3  12,6   13:43   2,6   07:37  12,0   0,0   0,0   1,5  15,0   14:33     N
20   6,2  12,6   13:32   2,8   23:54  12,1   0,0   0,0   1,4  15,0   14:00   NNE
21   4,0   7,2   13:14   1,6   05:34  14,3   0,0   0,0   1,0   9,0   17:55   NNE
22   5,2  10,4   13:58   2,5   23:41  13,1   0,0   0,0   1,6  13,0   15:07   NNE
23   4,8   8,4   13:54   1,9   09:17  13,5   0,0   0,0   2,0  15,0   23:43    SE
24   4,0   7,9   14:48   1,2   04:22  14,3   0,0   0,0   1,1  16,0   00:37   NNE
25   4,3  10,2   13:33   1,8   03:33  14,0   0,0   0,0   1,5  16,0   04:02   NNO
26   4,8  12,1   13:59   1,9   00:11  13,5   0,0   0,0   1,6  17,0   14:30   NNE
27   4,5  10,9   12:51   2,2   20:35  13,8   0,0   0,0   1,7  13,0   15:20   NNE
28   4,4  11,9   13:28   1,6   03:15  13,9   0,0   0,0   1,7  15,0   13:34     N
29   3,9  11,1   13:39   0,6   04:38  14,4   0,0   0,0   1,9  17,0   14:12     N
30   4,4   9,2   13:37   0,2   07:22  13,9   0,0   0,0   2,5  19,0   17:13    SE
31   4,3   5,6   14:02   2,6   23:15  14,0   0,0   0,0   0,5   9,0   08:51     E
----------------------------------------------------------------------------------
     4,9  12,6    19    -0,4    14   416,0   0,0   0,0   1,6  24,0    10      NE

Max >=  30,0:  0
Max <=  25,0: 31
Min <=   0,0:  2
Min <=  -5,0:  0
Max Rain: 0,0 on day 0
Days of Rain: 0 (>= 0,2 mm)  0 (>= 2,0 mm)  0 (>= 20,0 mm)
Heat Base: 18,3  Cool Base: 18,3  Method: Integration