Rapporti sul clima in stile NOAA


Report for 2016
                   Annual Climatological Summary for 2016

Name: Meteo Massone   City: Massone - Arco ( TN )   State: Italia
Elevation: 130 m  Lat: N 45° 55' 24"   Lon: E 010° 54' 03"

                  Temperature (°C), Heat Base: 18,3  Cool Base: 18,3
                          Dep.  Heat  Cool                       Max  Max  Min  Min
        Mean  Mean        From  Deg   Deg                        >=   <=   <=   <=
 YR MO  Max   Min   Mean  Norm  Days  Days  Hi  Date  Low  Date 30,0 25,0  0,0  -5,0
------------------------------------------------------------------------------------
 16  1   8,1   0,8   3,8   0.0   450     0  13,8  29  -5,6   19    0   31   14    1
 16  2  10,4   3,8   6,7   0.0   337     0  14,0  18   0,6    4    0   29    0    0
 16  3  13,7   5,4   9,4   0.0   276     0  18,6  29   1,1    4    0   31    0    0
 16  4  18,5  10,0  14,1   0.0   130     4  22,4  19   5,0   25    0   30    0    0
 16  5  20,8  11,9  16,1   0.0    94    24  26,4  28   8,8   17    0   28    0    0
 16  6  25,2  16,4  20,6   0.0    19    88  32,3  24  12,7   18    3   17    0    0
 16  7  28,8  19,6  24,0   0.0     0   176  31,5  11  15,7   17    9    1    0    0
 16  8  27,4  17,8  22,2   0.0     6   128  30,3  29  12,8   11    1    3    0    0
 16  9  26,0  16,8  21,0   0.0    17    98  31,1   6  12,7   23    2   14    0    0
 16 10  17,3  10,0  13,2   0.0   162     4  24,4   4   5,1   12    0   31    0    0
 16 11  11,8   6,4   8,8   0.0   285     0  18,5   3  -0,5   30    0   30    1    0
 16 12  10,5   1,8   5,0   0.0   412     0  17,6  27  -1,6   17    0   31    6    0
------------------------------------------------------------------------------------
        18,2  10,1  13,7   0.0  2195   525  32,3 giu  -5,6  gen   15  276   21    1

                                Precipitation (mm)

              Dep.   Max        Days of Rain
              From   Obs.           >=
 YR MO Total  Norm   Day Date  0,2  2,0 20,0
---------------------------------------------
 16  1  47,6   0.0  26,9  11     6    2    1
 16  2 164,0   0.0  27,5   9    13   11    3
 16  3  32,4   0.0  16,1   5     7    5    0
 16  4  36,5   0.0  10,6   8    10    7    0
 16  5 121,5   0.0  29,0  12    11    9    2
 16  6 127,5   0.0  28,5  26    13   12    1
 16  7 164,2   0.0  56,2  31    11   10    3
 16  8  35,7   0.0  15,3   5    11    4    0
 16  9  15,1   0.0  10,4  16     3    2    0
 16 10 169,2   0.0  45,6   5    17    9    4
 16 11 125,9   0.0  45,6   5    12    8    1
 16 12   0,0   0.0   0,0   0     0    0    0
---------------------------------------------
      1039,6   0.0  56,2  lug  114   79   15

                                Wind Speed (km/h)
                          Dom
 YR MO   Avg.  Hi   Date  Dir
------------------------------
 16  1   2,3  50,0   11    NE
 16  2   3,0  39,0   28   ENE
 16  3   4,4  51,0   23   SSE
 16  4   5,5  51,0   27     S
 16  5   4,3  49,0   23   SSE
 16  6   4,3  41,0   17   SSE
 16  7   4,6  46,0   13    SE
 16  8   4,2  35,0    5   SSE
 16  9   3,7  39,0    6   SSE
 16 10   2,7  43,0    3   SSE
 16 11   2,1  42,0    6     E
 16 12   1,9  33,0   27    NE
------------------------------
         3,6  51,0  mar    SE