Rapporti sul clima in stile NOAA


Report for 2016 Gennaio
                   Monthly Climatological Summary for gen 2016

Name: Meteo Massone   City: Massone - Arco ( TN )   State: Italia
Elevation: 130 m  Lat: N 45° 55' 24"   Lon: E 010° 54' 03"

                  Temperature (°C), Rain (mm), Wind Speed (km/h)

                                      Heat  Cool        Avg
    Mean                              Deg   Deg         Wind                 Dom
Day Temp  High   Time   Low    Time   Days  Days  Rain  Speed High   Time    Dir
----------------------------------------------------------------------------------
 1   2,9   6,6   14:03  -0,2   07:53  15,4   0,0   0,0   1,8  18,0   14:37   SSO
 2   2,8   4,0   12:08   1,4   06:04  15,5   0,0   1,3   0,9  13,0   20:54    NE
 3   3,6   5,6   14:26   0,9   08:44  14,7   0,0   1,8   1,6  22,0   23:38     S
 4   3,1   4,6   00:00   1,1   22:48  15,2   0,0   1,0   2,3  24,0   02:28   SSE
 5   2,8   5,9   14:05   1,0   00:01  15,5   0,0   0,0   1,7  18,0   23:54   NNE
 6   2,7   7,6   15:00   0,4   06:52  15,6   0,0   0,0   2,1  15,0   05:21   NNE
 7   2,1   5,6   16:01  -0,6   23:52  16,2   0,0   0,0   2,3  19,0   07:04   NNE
 8   3,4   7,9   13:26  -0,6   00:00  14,9   0,0   0,0   1,5  19,0   02:52    NE
 9   4,8   5,4   12:05   4,4   02:03  13,5   0,0  15,8   0,7  15,0   04:00    NE
10   6,4   9,7   12:33   4,3   04:49  11,9   0,0   0,8   1,3  17,0   09:36   SSE
11   8,6  11,7   20:08   6,9   23:37   9,7   0,0  26,9   6,9  50,0   17:16   SSE
12   6,3  11,2   14:23   3,9   08:22  12,0   0,0   0,0   2,5  22,0   23:08   NNE
13   5,0  11,1   15:20   1,1   07:47  13,3   0,0   0,0   2,6  16,0   11:26   NNE
14   2,8   5,3   14:35   0,5   06:44  15,5   0,0   0,0   1,3  13,0   15:01    NE
15   3,4  10,0   15:17  -0,5   08:30  14,9   0,0   0,0   2,6  25,0   23:26    NE
16   4,2   9,7   15:05  -1,0   08:56  14,1   0,0   0,0   4,9  32,0   18:59     N
17   2,9   7,4   13:24  -0,4   02:44  15,4   0,0   0,0   4,3  30,0   20:20     N
18   0,7   4,9   15:16  -2,3   23:20  17,6   0,0   0,0   3,4  26,0   04:36   NNE
19  -1,5   3,9   14:25  -5,6   08:01  19,8   0,0   0,0   2,1  15,0   12:30    NE
20  -0,9   4,6   13:51  -4,3   09:02  19,2   0,0   0,0   1,9  15,0   14:07    SE
21  -0,4   5,3   13:51  -3,6   04:04  18,7   0,0   0,0   1,4  13,0   13:58    SO
22   0,9   6,7   14:27  -2,7   02:19  17,4   0,0   0,0   1,9  20,0   08:32   ENE
23   2,2   8,3   14:09  -0,7   00:43  16,1   0,0   0,0   2,5  20,0   15:32    NE
24   3,4   9,0   12:57  -0,1   02:19  14,9   0,0   0,0   2,1  26,0   05:34    NE
25   3,8  11,4   14:13  -0,4   01:02  14,5   0,0   0,0   2,3  23,0   08:36   NNE
26   5,6  11,7   12:22   1,6   00:02  12,7   0,0   0,0   2,1  14,0   13:15   NNO
27   5,2  11,6   12:40   1,6   07:23  13,1   0,0   0,0   2,1  23,0   12:54   SSO
28   6,9  12,0   13:00   3,6   23:55  11,4   0,0   0,0   1,6  21,0   13:08     S
29   7,5  13,8   13:30   3,4   00:06  10,8   0,0   0,0   1,7  22,0   13:40   SSE
30   7,8   8,4   13:29   7,1   00:06  10,5   0,0   0,0   1,8  21,0   17:51     S
31   7,8  11,0   12:48   6,1   08:03  10,5   0,0   0,0   2,3  21,0   01:45     S
----------------------------------------------------------------------------------
     3,8  13,8    29    -5,6    19   450,5   0,0  47,6   2,3  50,0    11      NE

Max >=  30,0:  0
Max <=  25,0: 31
Min <=   0,0: 14
Min <=  -5,0:  1
Max Rain: 26,9 on day 11
Days of Rain: 6 (>= 0,2 mm)  2 (>= 2,0 mm)  1 (>= 20,0 mm)
Heat Base: 18,3  Cool Base: 18,3  Method: Integration