Rapporti sul clima in stile NOAA


Report for 2016 Febbraio
                   Monthly Climatological Summary for feb 2016

Name: Meteo Massone   City: Massone - Arco ( TN )   State: Italia
Elevation: 130 m  Lat: N 45° 55' 24"   Lon: E 010° 54' 03"

                  Temperature (°C), Rain (mm), Wind Speed (km/h)

                                      Heat  Cool        Avg
    Mean                              Deg   Deg         Wind                 Dom
Day Temp  High   Time   Low    Time   Days  Days  Rain  Speed High   Time    Dir
----------------------------------------------------------------------------------
 1   7,3  11,6   11:53   5,1   23:40  11,0   0,0   0,0   2,8  18,0   05:11   ESE
 2   6,6   8,3   14:26   4,1   02:39  11,7   0,0   0,0   1,1  11,0   13:06   SSO
 3   7,3   9,6   22:54   5,8   19:53  11,0   0,0  16,8   3,1  34,0   16:26    NE
 4   5,8  12,6   15:19   0,6   07:38  12,5   0,0   0,0   3,1  30,0   00:16     N
 5   5,2  10,4   15:44   1,8   03:29  13,1   0,0   0,0   3,3  18,0   14:07    SE
 6   4,6  10,3   13:04   1,1   06:35  13,7   0,0   0,0   2,1  20,0   13:30     S
 7   5,1   6,3   12:49   3,3   00:18  13,2   0,0  25,9   1,9  21,0   19:27    NE
 8   6,7   8,6   22:41   5,0   05:11  11,6   0,0   8,3   2,2  23,0   22:35    SE
 9   6,3   7,9   00:00   4,3   07:24  12,0   0,0  27,5   1,5  22,0   22:36   NNE
10   6,1  11,4   15:32   2,7   23:44  12,2   0,0   6,7   3,3  35,0   05:43     N
11   4,7  11,1   15:01   0,7   09:12  13,6   0,0   0,0   2,8  18,0   04:47    NE
12   4,8   9,3   12:48   2,7   04:26  13,5   0,0   6,2   3,1  19,0   13:09   ESE
13   4,2   8,3   15:41   0,8   03:40  14,1   0,0   0,3   2,7  25,0   17:22     E
14   3,8   5,6   16:11   1,9   04:41  14,5   0,0   7,0   1,3  21,0   05:55   NNE
15   6,4  10,9   15:34   1,8   07:54  11,9   0,0   0,3   1,7  16,0   10:27   ENE
16   9,0  11,0   14:36   5,9   21:17   9,3   0,0   0,0   4,1  31,0   05:19   NNE
17   6,0   7,4   16:08   5,1   07:49  12,3   0,0  15,5   1,0  13,0   03:43     N
18   7,4  14,0   15:05   2,9   07:45  10,9   0,0   0,0   2,1  19,0   13:12     N
19   7,3  14,0   13:17   3,1   05:13  11,0   0,0   0,0   3,3  23,0   14:52    SE
20   7,0  11,9   13:09   3,8   09:01  11,3   0,0   0,0   4,2  31,0   13:22   ESE
21   6,7  12,3   13:14   2,8   07:21  11,6   0,0   0,0   2,9  20,0   13:24    SE
22   8,4  11,0   12:06   4,6   00:00   9,8   0,0   0,0   4,6  29,0   19:43     S
23   9,7  12,5   15:24   8,6   07:23   8,6   0,0   0,0   1,9  28,0   03:48     S
24  10,1  13,5   14:10   7,6   23:58   8,2   0,0   0,0   8,4  33,0   14:14   ENE
25   7,2  10,6   14:30   4,1   23:58  11,1   0,0   0,0   3,2  23,0   14:24     S
26   6,3  10,7   13:49   2,1   07:04  12,0   0,0   0,0   4,3  29,0   13:34     S
27   6,9   9,3   15:41   4,6   04:20  11,4   0,0   8,3   3,4  31,0   20:02   NNE
28   6,7  10,1   23:34   4,9   05:47  11,6   0,0  15,3   4,2  39,0   22:03     N
29   9,3  12,5   15:32   7,3   03:09   9,0   0,0  25,9   2,2  35,0   00:22   NNE
----------------------------------------------------------------------------------
     6,7  14,0    18     0,6     4   337,7   0,0 164,0   3,0  39,0    28       E

Max >=  30,0:  0
Max <=  25,0: 29
Min <=   0,0:  0
Min <=  -5,0:  0
Max Rain: 27,5 on day 9
Days of Rain: 13 (>= 0,2 mm)  11 (>= 2,0 mm)  3 (>= 20,0 mm)
Heat Base: 18,3  Cool Base: 18,3  Method: Integration