Rapporti sul clima in stile NOAA


Report for 2016 Marzo
                   Monthly Climatological Summary for mar 2016

Name: Meteo Massone   City: Massone - Arco ( TN )   State: Italia
Elevation: 130 m  Lat: N 45° 55' 24"   Lon: E 010° 54' 03"

                  Temperature (°C), Rain (mm), Wind Speed (km/h)

                                      Heat  Cool        Avg
    Mean                              Deg   Deg         Wind                 Dom
Day Temp  High   Time   Low    Time   Days  Days  Rain  Speed High   Time    Dir
----------------------------------------------------------------------------------
 1   9,9  16,1   14:09   6,4   05:28   8,4   0,0   2,8   4,0  29,0   09:23    NE
 2   9,1  13,0   13:02   4,1   07:38   9,2   0,0   4,4   4,6  30,0   17:09     S
 3   7,2  10,2   15:05   3,8   23:58  11,1   0,0   4,9  10,1  44,0   06:00     N
 4   6,4  12,9   13:30   1,1   07:31  11,9   0,0   0,0   3,3  25,0   16:07   SSE
 5   4,2   6,6   03:09   2,4   17:53  14,1   0,0  16,1   3,9  27,0   14:56   NNE
 6   5,4   9,4   14:48   2,3   03:44  12,9   0,0   0,3   2,1  18,0   12:31     O
 7   5,9   8,5   15:13   3,9   06:36  12,4   0,0   0,0   2,3  21,0   12:47   SSE
 8   7,3  10,6   14:22   3,3   05:51  11,0   0,0   0,0   7,6  42,0   20:26   NNE
 9   7,8  10,4   15:04   6,2   01:36  10,5   0,0   0,0   6,9  39,0   00:27   NNE
10   8,8  13,6   14:11   5,1   08:13   9,5   0,0   0,0   3,2  20,0   15:31     S
11   8,8  13,0   12:26   5,1   02:36   9,5   0,0   0,0   2,0  18,0   13:56    SE
12  10,2  15,8   12:34   5,4   07:52   8,1   0,0   0,0   2,5  32,0   13:14   SSE
13  10,0  15,1   12:43   6,3   06:45   8,3   0,0   0,0   3,1  23,0   09:56    NO
14   9,3  14,3   13:13   5,3   23:48   9,0   0,0   0,0   3,2  30,0   13:55   SSE
15   7,0  10,8   12:57   3,1   05:47  11,3   0,0   3,4   2,0  17,0   09:32   ENE
16   8,3  12,5   13:34   4,4   06:06  10,0   0,0   0,5   3,6  28,0   10:51     N
17   9,4  13,3   11:39   5,4   23:51   8,9   0,0   0,0   4,1  27,0   14:31     S
18   9,2  15,6   12:35   3,8   05:29   9,1   0,0   0,0   3,8  28,0   13:06   SSE
19  10,6  16,0   16:31   4,8   06:32   7,7   0,0   0,0   3,7  26,0   12:55     S
20  11,3  15,7   16:36   5,9   06:56   7,0   0,0   0,0   5,0  29,0   15:55     S
21  11,2  15,3   15:46   7,8   06:42   7,1   0,0   0,0   3,8  25,0   13:48     S
22  11,5  15,9   11:31   7,4   07:05   6,8   0,0   0,0   4,0  29,0   13:59     S
23  12,1  17,6   13:50   7,0   23:52   6,2   0,0   0,0   6,7  51,0   14:42     N
24   9,7  15,6   15:21   3,9   04:46   8,6   0,0   0,0   5,3  31,0   15:25     S
25   9,9  13,4   15:41   6,4   02:54   8,4   0,0   0,0   4,7  32,0   16:00     S
26  10,2  15,0   15:50   5,4   02:38   8,1   0,0   0,0   4,6  27,0   13:32     S
27  11,1  15,6   16:20   5,7   06:39   6,9   0,0   0,0   8,3  38,0   17:43   SSE
28  10,6  11,9   00:00   9,7   08:34   7,7   0,0   0,0   5,2  25,0   15:11   SSO
29  12,5  18,6   16:02   6,6   06:35   5,8   0,0   0,0   7,0  47,0   16:56     S
30  12,3  15,7   16:26   9,4   02:22   6,0   0,0   0,0   3,0  25,0   15:52   SSO
31  13,5  16,9   12:08   9,8   06:54   4,8   0,0   0,0   2,9  24,0   12:46     S
----------------------------------------------------------------------------------
     9,4  18,6    29     1,1     4   276,3   0,0  32,4   4,4  51,0    23     SSE

Max >=  30,0:  0
Max <=  25,0: 31
Min <=   0,0:  0
Min <=  -5,0:  0
Max Rain: 16,1 on day 5
Days of Rain: 7 (>= 0,2 mm)  5 (>= 2,0 mm)  0 (>= 20,0 mm)
Heat Base: 18,3  Cool Base: 18,3  Method: Integration