Rapporti sul clima in stile NOAA


Report for 2016 Aprile
                   Monthly Climatological Summary for apr 2016

Name: Meteo Massone   City: Massone - Arco ( TN )   State: Italia
Elevation: 130 m  Lat: N 45° 55' 24"   Lon: E 010° 54' 03"

                  Temperature (°C), Rain (mm), Wind Speed (km/h)

                                      Heat  Cool        Avg
    Mean                              Deg   Deg         Wind                 Dom
Day Temp  High   Time   Low    Time   Days  Days  Rain  Speed High   Time    Dir
----------------------------------------------------------------------------------
 1  14,0  16,9   17:03  11,1   06:35   4,3   0,0   0,0   4,0  31,0   14:57     S
 2  14,2  19,4   13:28  11,9   05:52   4,1   0,0   0,0   2,1  20,0   13:49   SSO
 3  15,2  20,3   13:15   9,8   07:14   3,4   0,2   0,0   4,3  30,0   14:44     S
 4  13,9  16,4   16:49  11,6   10:32   4,4   0,0   0,0   5,1  33,0   19:16     S
 5  14,5  18,1   16:55  10,9   06:50   3,8   0,0   0,0   3,8  22,0   14:18     S
 6  15,4  19,8   15:49  10,3   06:52   3,1   0,2   0,0   3,9  27,0   19:44     S
 7  15,8  19,4   18:00  13,1   07:51   2,5   0,1   1,6   3,3  24,0   11:46   SSE
 8  13,5  15,3   00:00  11,7   23:03   4,8   0,0  10,6   3,0  26,0   21:43    NE
 9  12,9  16,4   16:09   9,7   07:33   5,4   0,0   0,3   4,1  32,0   00:13   NNE
10  14,8  19,1   12:23  10,5   07:07   3,5   0,1   0,0   4,0  27,0   14:52     S
11  15,0  20,1   17:14   9,8   07:04   3,5   0,3   0,0   6,1  39,0   16:47     S
12  14,9  20,6   15:43   9,1   07:16   3,8   0,3   0,0   5,6  37,0   16:52     S
13  15,4  20,3   15:17  10,6   05:17   3,2   0,3   0,0   6,5  33,0   15:32     S
14  14,6  20,5   13:05  10,9   07:36   3,8   0,1   6,7   3,1  23,0   14:20   SSO
15  14,5  18,4   17:03   9,6   06:08   3,8   0,0   0,0   7,9  42,0   13:47     S
16  17,2  21,0   15:38  12,4   06:59   1,7   0,6   0,0   9,2  38,0   14:55     S
17  15,9  18,8   21:43  14,1   08:23   2,5   0,0   1,3   6,6  33,0   21:41     S
18  18,2  22,3   16:37  15,1   23:49   1,0   0,9   0,0  12,8  42,0   23:18     S
19  15,6  22,4   13:37  11,1   04:36   3,0   0,3   2,1   8,3  36,0   07:00    NO
20  14,5  19,1   15:33   8,4   06:13   3,9   0,1   0,0   6,6  36,0   14:35     S
21  15,5  19,8   16:30  10,5   07:05   3,0   0,2   0,0   5,2  27,0   17:45     S
22  15,9  20,3   16:29  11,1   05:39   2,7   0,4   0,0   5,7  31,0   16:04     S
23  15,0  17,7   00:11  12,6   22:51   3,3   0,0   2,1   5,0  24,0   03:20     S
24  13,1  17,3   12:14   9,3   23:44   5,2   0,0   2,3   7,7  37,0   15:48   ENE
25  10,6  15,3   13:09   5,0   07:59   7,7   0,0   0,0   4,6  29,0   13:31     S
26   9,2  13,7   16:00   5,0   02:34   9,1   0,0   2,8   5,4  34,0   14:37     S
27   9,3  14,3   11:23   5,1   13:39   9,0   0,0   6,7   8,3  51,0   12:43    SE
28   9,3  14,8   15:45   5,8   02:18   9,0   0,0   0,0   2,8  23,0   09:59    NE
29  11,7  16,9   16:15   5,8   05:54   6,6   0,0   0,0   4,8  29,0   17:01     S
30  13,4  19,1   16:53   6,9   06:11   5,0   0,1   0,0   4,1  33,0   14:37     S
----------------------------------------------------------------------------------
    14,1  22,4    19     5,0    25   130,1   4,2  36,5   5,5  51,0    27       S

Max >=  30,0:  0
Max <=  25,0: 30
Min <=   0,0:  0
Min <=  -5,0:  0
Max Rain: 10,6 on day 8
Days of Rain: 10 (>= 0,2 mm)  7 (>= 2,0 mm)  0 (>= 20,0 mm)
Heat Base: 18,3  Cool Base: 18,3  Method: Integration