Rapporti sul clima in stile NOAA


Report for 2016 Maggio
                   Monthly Climatological Summary for mag 2016

Name: Meteo Massone   City: Massone - Arco ( TN )   State: Italia
Elevation: 130 m  Lat: N 45° 55' 24"   Lon: E 010° 54' 03"

                  Temperature (°C), Rain (mm), Wind Speed (km/h)

                                      Heat  Cool        Avg
    Mean                              Deg   Deg         Wind                 Dom
Day Temp  High   Time   Low    Time   Days  Days  Rain  Speed High   Time    Dir
----------------------------------------------------------------------------------
 1  11,5  15,3   17:32   9,0   08:24   6,8   0,0  10,4   3,3  23,0   12:07   NNE
 2  13,0  17,4   11:54  10,4   02:11   5,3   0,0   0,0   3,1  28,0   10:03    NE
 3  17,1  23,5   12:42  11,1   00:00   2,3   1,1   0,0   5,2  34,0   23:02   NNE
 4  18,3  23,6   15:55  14,4   07:02   1,3   1,3   0,0   8,4  32,0   13:42     N
 5  15,9  20,2   13:27  11,9   23:51   2,6   0,2   0,0   5,2  32,0   07:42   ENE
 6  15,9  21,8   16:07  10,0   06:27   3,3   0,9   0,0   5,2  35,0   15:19     S
 7  16,7  22,0   15:44  11,0   05:25   2,8   1,1   0,0   4,8  30,0   11:56     S
 8  17,5  23,4   15:59  11,9   05:45   2,1   1,3   0,0   6,8  32,0   14:42   SSE
 9  15,8  19,3   14:53  13,8   06:52   2,5   0,0   0,3   1,8  21,0   14:53   SSO
10  15,0  18,6   18:17  12,9   07:20   3,3   0,0   3,4   1,6  15,0   17:07     S
11  14,3  15,1   09:49  13,6   02:52   4,0   0,0  23,8   1,3  21,0   16:53   NNE
12  13,4  18,8   16:10   9,8   23:45   4,9   0,0  29,0   2,8  41,0   17:00    NE
13  12,7  16,3   16:46   9,4   01:38   5,6   0,0   0,5   1,3  14,0   08:02     N
14  14,7  19,4   14:54  11,4   06:40   3,6   0,0   3,6   3,7  27,0   16:42   SSE
15  15,1  19,6   15:46  11,4   23:20   3,3   0,1   0,0   4,2  28,0   14:47     S
16  12,9  17,3   15:18   8,9   06:12   5,4   0,0   0,0   5,5  33,0   14:19     S
17  14,2  19,1   16:52   8,8   05:04   4,2   0,0   0,0   7,0  35,0   16:52   SSE
18  15,3  19,8   18:32  10,4   04:32   3,1   0,2   0,0   5,5  32,0   15:51     S
19  12,6  16,1   00:00  11,0   23:11   5,7   0,0  18,4   2,6  29,0   18:08   NNE
20  17,0  22,6   12:40  10,1   05:22   2,6   1,4   0,0   6,2  31,0   13:42   SSE
21  18,2  23,7   16:52  12,4   04:36   1,9   1,9   0,0   4,4  28,0   13:28     S
22  19,7  25,6   16:02  13,9   05:26   1,3   2,7   0,0   4,9  32,0   16:45     S
23  14,6  18,3   00:00  10,4   14:47   3,7   0,0  11,9   5,6  49,0   13:24    NE
24  16,0  24,0   13:49   9,4   07:25   3,3   1,0   0,0   3,2  23,0   14:44   SSE
25  17,8  23,3   17:30  12,0   06:00   2,0   1,5   0,0   5,3  33,0   16:15     S
26  19,1  24,7   16:32  13,7   04:57   1,4   2,2   0,0   5,0  26,0   14:25     S
27  20,7  25,8   16:12  15,1   04:43   0,9   3,3   0,0   4,6  29,0   16:49     S
28  21,9  26,4   16:32  16,7   05:19   0,3   3,9   0,0   5,4  33,0   17:16     S
29  17,3  21,3   00:00  15,4   23:56   1,1   0,1  18,1   2,4  24,0   12:23   NNE
30  16,2  18,9   14:13  14,7   05:49   2,1   0,0   2,1   4,1  33,0   16:25     S
31  17,2  22,8   15:37  13,8   05:24   1,7   0,6   0,0   3,3  25,0   11:42     S
----------------------------------------------------------------------------------
    16,1  26,4    28     8,8    17    94,4  24,8 121,5   4,3  49,0    23     SSE

Max >=  30,0:  0
Max <=  25,0: 28
Min <=   0,0:  0
Min <=  -5,0:  0
Max Rain: 29,0 on day 12
Days of Rain: 11 (>= 0,2 mm)  9 (>= 2,0 mm)  2 (>= 20,0 mm)
Heat Base: 18,3  Cool Base: 18,3  Method: Integration