Rapporti sul clima in stile NOAA


Report for 2016 Giugno
                   Monthly Climatological Summary for giu 2016

Name: Meteo Massone   City: Massone - Arco ( TN )   State: Italia
Elevation: 130 m  Lat: N 45° 55' 24"   Lon: E 010° 54' 03"

                  Temperature (°C), Rain (mm), Wind Speed (km/h)

                                      Heat  Cool        Avg
    Mean                              Deg   Deg         Wind                 Dom
Day Temp  High   Time   Low    Time   Days  Days  Rain  Speed High   Time    Dir
----------------------------------------------------------------------------------
 1  16,8  20,4   11:55  13,3   06:05   1,8   0,3   0,0   3,5  33,0   14:21     S
 2  17,7  21,9   16:31  14,7   04:26   1,2   0,7   0,0   3,3  28,0   14:58     S
 3  18,3  21,9   12:46  15,3   05:28   1,0   1,0   0,0   3,6  27,0   15:13     S
 4  18,0  21,4   11:24  15,0   04:15   0,9   0,6   2,1   2,3  28,0   13:36     S
 5  19,2  23,4   12:50  15,3   04:27   0,9   1,8   0,0   3,1  23,0   15:37     S
 6  18,6  23,1   13:00  14,1   05:40   1,0   1,4  13,2   2,7  25,0   15:48   NNE
 7  20,7  25,9   13:15  15,3   06:15   0,6   3,1   0,0   4,4  23,0   13:42   SSE
 8  19,2  25,4   11:24  16,8   22:55   0,4   1,3   7,5   2,2  22,0   12:12    SE
 9  17,5  21,3   13:26  15,6   23:53   1,2   0,4  10,4   1,9  22,0   13:43   SSE
10  19,3  23,8   15:44  14,1   06:50   1,2   2,2   0,0   6,1  34,0   15:05     S
11  19,0  22,7   16:45  16,9   12:27   0,2   0,8  14,0   1,9  21,0   22:24   SSO
12  18,5  22,8   16:06  15,6   05:34   0,8   1,0   0,3   3,4  20,0   16:42     S
13  18,1  23,3   11:35  14,4   05:25   1,3   1,1   3,1   3,7  26,0   11:46    SE
14  17,6  21,9   14:12  14,9   05:30   1,2   0,5   4,4   2,0  17,0   13:24   SSE
15  18,2  23,3   16:13  13,8   07:30   1,5   1,4  12,7   5,8  38,0   15:59   SSE
16  19,9  25,6   16:14  15,3   04:53   0,9   2,5  11,9   2,2  25,0   23:21   ESE
17  20,1  23,9   14:37  14,5   23:57   0,3   2,1  16,8  13,3  41,0   12:12   SSE
18  18,3  24,4   15:20  12,7   04:37   1,9   1,9   0,0   4,2  25,0   14:56     S
19  18,5  21,9   16:15  15,4   05:19   0,8   1,0   0,0   3,5  28,0   18:00     N
20  21,4  24,6   12:41  18,1   07:41   0,0   3,1   0,0   6,6  31,0   17:25   ESE
21  21,6  25,9   16:12  16,9   03:23   0,2   3,5   0,0   3,9  28,0   17:35     S
22  24,3  29,3   17:43  18,8   06:03   0,0   6,0   0,0   4,4  28,0   13:45     S
23  25,4  30,4   16:59  19,9   06:34   0,0   7,1   0,0   4,2  25,0   15:34     S
24  26,6  32,3   17:02  21,3   05:51   0,0   8,3   0,0   3,3  22,0   17:23   SSE
25  26,9  32,3   16:44  22,6   04:27   0,0   8,6   0,0   5,3  38,0   19:33     S
26  24,6  29,3   14:48  18,6   23:59   0,0   6,3  28,5   5,5  32,0   23:46   SSE
27  23,5  29,4   17:22  18,2   01:38   0,0   5,2   2,6   7,4  32,0   00:09   NNE
28  22,3  27,0   17:08  16,1   06:05   0,3   4,3   0,0   4,7  32,0   15:45     S
29  24,1  28,4   16:08  19,0   04:58   0,0   5,8   0,0   5,1  30,0   15:04     S
30  23,8  28,6   15:17  19,1   04:26   0,0   5,5   0,0   5,3  32,0   15:35   SSE
----------------------------------------------------------------------------------
    20,6  32,3    24    12,7    18    19,6  88,8 127,5   4,3  41,0    17     SSE

Max >=  30,0:  3
Max <=  25,0: 17
Min <=   0,0:  0
Min <=  -5,0:  0
Max Rain: 28,5 on day 26
Days of Rain: 13 (>= 0,2 mm)  12 (>= 2,0 mm)  1 (>= 20,0 mm)
Heat Base: 18,3  Cool Base: 18,3  Method: Integration