Rapporti sul clima in stile NOAA


Report for 2016 Luglio
                   Monthly Climatological Summary for lug 2016

Name: Meteo Massone   City: Massone - Arco ( TN )   State: Italia
Elevation: 130 m  Lat: N 45° 55' 24"   Lon: E 010° 54' 03"

                  Temperature (°C), Rain (mm), Wind Speed (km/h)

                                      Heat  Cool        Avg
    Mean                              Deg   Deg         Wind                 Dom
Day Temp  High   Time   Low    Time   Days  Days  Rain  Speed High   Time    Dir
----------------------------------------------------------------------------------
 1  24,9  28,7   17:11  20,6   03:20   0,0   6,6   0,0   5,7  31,0   15:59     S
 2  24,0  28,7   15:30  20,2   06:27   0,0   5,7   4,4   3,8  29,0   18:42   SSE
 3  25,0  28,8   15:35  21,0   03:42   0,0   6,7   0,0   7,6  35,0   15:10     S
 4  21,9  25,3   15:47  18,4   09:16   0,0   3,6   7,8   1,9  20,0   06:26   SSO
 5  22,2  28,6   13:48  17,9   05:44   0,0   3,9  19,7   5,8  43,0   19:09    SE
 6  23,1  30,6   14:08  16,4   05:50   0,4   5,1   0,0   3,6  27,0   14:26   SSE
 7  24,6  28,4   16:26  19,9   06:02   0,0   6,3   0,0   7,0  36,0   15:19     S
 8  25,1  29,3   15:23  21,4   05:13   0,0   6,8   0,0   5,7  34,0   17:13     S
 9  25,6  30,4   17:02  20,8   06:06   0,0   7,3   0,0   4,0  25,0   13:15   SSE
10  26,4  30,1   13:21  22,1   04:16   0,0   8,1   0,0   3,8  28,0   15:02   SSE
11  27,3  31,5   17:44  22,6   06:42   0,0   9,0   0,0   4,0  31,0   14:55     S
12  24,6  28,9   14:32  21,0   10:17   0,0   6,3   8,8   3,8  23,0   15:58   NNE
13  21,4  25,0   10:49  17,8   14:32   0,0   3,1  23,0   4,7  46,0   23:11   NNE
14  21,3  25,8   14:06  18,1   04:00   0,0   3,0   0,0   7,3  32,0   00:25     N
15  22,0  26,9   16:20  17,3   07:30   0,1   3,8   0,0   9,6  38,0   20:24     N
16  23,0  29,4   15:56  17,0   05:43   0,0   4,7   0,0   7,5  37,0   17:08     N
17  22,6  28,4   16:19  15,7   06:29   0,3   4,6   0,0   4,3  22,0   18:45   SSE
18  24,1  29,6   15:30  17,9   05:14   0,0   5,8   0,0   4,1  23,0   13:40     S
19  25,4  30,5   17:13  19,6   06:34   0,0   7,1   0,0   4,3  30,0   16:27     S
20  26,6  30,6   15:38  22,4   02:53   0,0   8,3   0,0   4,0  26,0   17:48     S
21  25,0  30,2   15:06  22,5   03:56   0,0   6,7   0,8   2,5  22,0   12:20     S
22  24,3  29,9   15:15  21,1   06:00   0,0   6,0   2,1   3,1  24,0   12:54   NNE
23  22,0  26,1   18:06  19,5   13:27   0,0   3,7  12,4   2,3  17,0   08:10   NNE
24  23,4  28,2   12:59  19,7   03:05   0,0   5,1   0,0   3,0  24,0   13:34     E
25  25,0  30,0   13:57  20,3   06:26   0,0   6,7   0,0   3,5  32,0   20:44    NE
26  25,0  29,8   13:43  21,4   07:04   0,0   6,7   0,0   2,8  20,0   12:13    SE
27  23,9  29,8   13:03  19,3   22:01   0,0   5,6  20,5   4,9  43,0   17:26    NE
28  22,6  27,4   15:58  18,8   02:39   0,0   4,3   8,5   3,0  22,0   11:04   SSE
29  24,2  28,9   17:06  18,8   06:52   0,0   5,9   0,0   4,8  30,0   16:46   SSE
30  25,6  30,2   16:50  20,4   06:14   0,0   7,3   0,0   5,5  33,0   15:23     S
31  20,9  25,4   00:37  18,0   12:43   0,0   2,6  56,2   4,7  28,0   04:26     N
----------------------------------------------------------------------------------
    24,0  31,5    11    15,7    17     0,8 176,4 164,2   4,6  46,0    13      SE

Max >=  30,0:  9
Max <=  25,0:  1
Min <=   0,0:  0
Min <=  -5,0:  0
Max Rain: 56,2 on day 31
Days of Rain: 11 (>= 0,2 mm)  10 (>= 2,0 mm)  3 (>= 20,0 mm)
Heat Base: 18,3  Cool Base: 18,3  Method: Integration