Rapporti sul clima in stile NOAA


Report for 2016 Agosto
                   Monthly Climatological Summary for ago 2016

Name: Meteo Massone   City: Massone - Arco ( TN )   State: Italia
Elevation: 130 m  Lat: N 45° 55' 24"   Lon: E 010° 54' 03"

                  Temperature (°C), Rain (mm), Wind Speed (km/h)

                                      Heat  Cool        Avg
    Mean                              Deg   Deg         Wind                 Dom
Day Temp  High   Time   Low    Time   Days  Days  Rain  Speed High   Time    Dir
----------------------------------------------------------------------------------
 1  22,4  29,1   14:42  18,9   03:21   0,0   4,1   0,0   3,2  25,0   15:03   SSE
 2  22,8  27,1   17:49  19,9   03:42   0,0   4,5   0,0   3,4  27,0   15:51     S
 3  23,5  28,3   16:46  18,6   07:37   0,0   5,2   0,0   4,0  25,0   14:28     S
 4  24,9  29,9   15:55  19,5   05:48   0,0   6,6   0,0   4,2  30,0   16:59     S
 5  20,2  23,8   06:27  16,9   16:11   0,1   2,0  15,3   6,2  35,0   10:28     N
 6  23,3  29,9   15:53  18,0   04:19   0,0   5,0   0,0   7,9  33,0   06:30     N
 7  22,8  29,6   14:18  16,8   06:13   0,2   4,7   0,0   4,3  31,0   15:08     S
 8  22,2  27,0   14:51  17,3   05:26   0,2   4,1   0,0   4,1  23,0   13:27     S
 9  23,4  29,0   15:09  19,2   04:33   0,0   5,1   1,8   4,8  29,0   21:56     E
10  19,5  25,4   16:54  16,0   23:59   0,4   1,5   1,0   5,3  32,0   10:49    NE
11  17,9  22,9   15:15  12,8   04:45   1,9   1,5   3,1   5,3  32,0   13:41   SSE
12  18,7  23,3   14:29  14,3   05:45   1,2   1,6   0,0   3,3  25,0   15:15   SSE
13  20,2  25,7   17:38  14,4   07:08   1,0   2,9   0,0   4,4  23,0   14:25     S
14  22,3  27,8   16:54  16,6   06:38   0,2   4,2   0,0   3,6  22,0   12:43     S
15  23,6  28,9   14:39  20,2   03:34   0,0   5,3   6,7   2,4  21,0   21:00   NNE
16  22,0  27,9   15:03  18,8   06:30   0,0   3,7   0,5   3,2  23,0   13:44    SE
17  21,1  26,8   14:17  17,5   06:02   0,1   2,9   0,8   4,7  30,0   16:55    NE
18  21,5  25,4   15:43  18,2   05:52   0,0   3,2   4,1   4,4  23,0   12:26     S
19  22,0  26,0   16:08  18,1   07:14   0,0   3,7   0,0   3,5  23,0   14:02     S
20  22,7  26,4   11:32  19,8   06:23   0,0   4,4   0,3   2,5  23,0   12:45   SSE
21  22,0  27,0   15:47  17,9   23:59   0,0   3,7   0,5   4,6  34,0   16:36   ENE
22  20,5  26,9   13:12  15,3   06:59   0,7   2,9   0,0   3,8  25,0   14:17     S
23  21,2  26,6   17:24  15,5   04:29   0,6   3,5   0,0   4,5  25,0   12:45   SSE
24  22,2  27,6   16:24  16,7   07:12   0,2   4,1   0,0   4,2  26,0   15:38     S
25  22,9  27,5   16:37  17,8   06:47   0,0   4,6   0,0   4,5  30,0   13:15     S
26  23,1  27,3   17:22  19,6   02:01   0,0   4,8   0,0   4,3  28,0   14:11     S
27  23,2  28,1   16:05  18,6   07:16   0,0   4,9   0,0   3,9  26,0   15:51     S
28  24,2  29,1   16:11  18,8   07:14   0,0   5,9   0,0   3,7  25,0   16:25     S
29  25,1  30,3   12:57  20,8   07:31   0,0   6,8   0,0   4,7  35,0   20:44   ENE
30  23,1  29,4   16:43  18,8   06:21   0,0   4,8   1,6   2,5  30,0   00:13   NNE
31  24,1  28,2   16:12  21,0   01:01   0,0   5,8   0,0   5,1  30,0   17:15   SSE
----------------------------------------------------------------------------------
    22,2  30,3    29    12,8    11     6,8 128,0  35,7   4,2  35,0     5     SSE

Max >=  30,0:  1
Max <=  25,0:  3
Min <=   0,0:  0
Min <=  -5,0:  0
Max Rain: 15,3 on day 5
Days of Rain: 11 (>= 0,2 mm)  4 (>= 2,0 mm)  0 (>= 20,0 mm)
Heat Base: 18,3  Cool Base: 18,3  Method: Integration