Rapporti sul clima in stile NOAA


Report for 2016 Settembre
                   Monthly Climatological Summary for set 2016

Name: Meteo Massone   City: Massone - Arco ( TN )   State: Italia
Elevation: 130 m  Lat: N 45° 55' 24"   Lon: E 010° 54' 03"

                  Temperature (°C), Rain (mm), Wind Speed (km/h)

                                      Heat  Cool        Avg
    Mean                              Deg   Deg         Wind                 Dom
Day Temp  High   Time   Low    Time   Days  Days  Rain  Speed High   Time    Dir
----------------------------------------------------------------------------------
 1  23,8  28,7   16:22  19,6   07:30   0,0   5,5   0,0   3,6  24,0   14:29     S
 2  24,7  29,0   15:49  20,8   07:34   0,0   6,4   0,0   4,5  30,0   14:37   SSE
 3  25,2  29,1   14:52  22,4   07:02   0,0   6,9   0,0   3,5  21,0   13:02   SSE
 4  24,8  28,3   13:15  21,6   03:39   0,0   6,5   0,0   3,6  27,0   13:52     S
 5  25,0  29,3   16:57  21,1   07:16   0,0   6,7   0,0   6,5  35,0   13:05     N
 6  23,1  31,1   15:24  16,4   06:56   0,2   5,0   0,0   6,0  39,0   18:53   NNE
 7  21,5  27,9   12:34  15,9   06:13   0,5   3,7   0,0   2,0  16,0   12:40   SSE
 8  22,7  27,4   14:46  17,9   07:53   0,0   4,4   0,0   3,7  27,0   14:22   SSE
 9  23,7  29,7   13:08  18,2   06:16   0,0   5,4   0,0   3,6  26,0   13:44   SSE
10  24,0  29,7   14:02  19,3   04:49   0,0   5,7   0,0   3,1  26,0   15:25    SE
11  23,1  29,8   13:18  19,0   07:46   0,0   4,8   0,0   2,9  17,0   14:17   ENE
12  23,4  31,1   14:29  17,8   07:24   0,0   5,1   0,0   2,5  24,0   14:38    SE
13  23,4  29,3   13:46  18,4   07:15   0,0   5,1   0,0   2,6  30,0   14:59   SSE
14  23,2  28,4   13:14  18,1   08:10   0,0   4,9   0,0   2,7  28,0   14:36   SSE
15  20,3  22,6   16:51  17,6   23:18   0,0   2,0   3,4   1,9  21,0   11:54    NE
16  18,2  22,0   14:09  16,1   04:51   0,9   0,8  10,4   1,6  15,0   16:59    NE
17  18,9  25,0   16:00  15,8   06:00   0,9   1,5   1,3   2,9  24,0   14:01     N
18  17,9  21,7   16:11  15,3   05:19   1,1   0,7   0,0   1,4  18,0   16:17   SSO
19  19,4  27,9   15:31  15,3   06:33   1,0   2,1   0,0   2,8  23,0   14:37   OSO
20  19,9  25,4   14:00  14,8   08:37   0,7   2,4   0,0   4,4  26,0   15:13    SE
21  18,6  21,6   13:37  16,8   01:28   0,3   0,6   0,0   6,0  35,0   14:54   SSE
22  18,1  20,9   15:01  14,4   23:20   0,8   0,6   0,0   6,4  35,0   15:28     S
23  17,2  21,8   15:14  12,7   07:07   2,1   1,0   0,0   3,8  28,0   17:48     S
24  18,7  23,1   13:05  14,9   06:08   1,2   1,6   0,0   3,9  30,0   17:11   SSE
25  17,9  23,4   12:55  12,7   08:19   1,8   1,5   0,0   4,0  27,0   15:29   SSE
26  18,6  23,3   12:38  13,5   07:09   1,5   1,7   0,0   4,7  33,0   16:00   SSE
27  19,2  23,3   12:18  15,4   07:48   0,7   1,6   0,0   3,6  28,0   12:44     S
28  18,2  23,4   13:05  13,4   07:24   1,6   1,5   0,0   3,8  26,0   14:51     S
29  18,6  22,9   15:52  13,9   07:46   1,3   1,6   0,0   3,3  27,0   14:42   SSE
30  18,9  23,1   16:18  14,6   07:55   1,0   1,5   0,0   4,5  28,0   16:43   SSE
----------------------------------------------------------------------------------
    21,0  31,1     6    12,7    23    17,6  98,8  15,1   3,7  39,0     6     SSE

Max >=  30,0:  2
Max <=  25,0: 14
Min <=   0,0:  0
Min <=  -5,0:  0
Max Rain: 10,4 on day 16
Days of Rain: 3 (>= 0,2 mm)  2 (>= 2,0 mm)  0 (>= 20,0 mm)
Heat Base: 18,3  Cool Base: 18,3  Method: Integration