Rapporti sul clima in stile NOAA


Report for 2016 Ottobre
                   Monthly Climatological Summary for ott 2016

Name: Meteo Massone   City: Massone - Arco ( TN )   State: Italia
Elevation: 130 m  Lat: N 45° 55' 24"   Lon: E 010° 54' 03"

                  Temperature (°C), Rain (mm), Wind Speed (km/h)

                                      Heat  Cool        Avg
    Mean                              Deg   Deg         Wind                 Dom
Day Temp  High   Time   Low    Time   Days  Days  Rain  Speed High   Time    Dir
----------------------------------------------------------------------------------
 1  18,6  22,3   16:17  14,3   06:08   1,2   1,5   0,0   4,2  31,0   16:37   SSE
 2  18,2  20,7   16:03  15,9   08:24   0,6   0,5   3,4   4,5  30,0   17:02     S
 3  18,2  24,2   15:52  13,7   06:51   1,3   1,2   0,0   5,3  43,0   01:36    NE
 4  16,7  24,4   15:34  10,1   07:39   2,7   1,1   0,0   3,4  26,0   23:55     N
 5  14,5  19,3   12:20  10,4   09:02   3,8   0,0  45,6   5,1  32,0   12:54   SSE
 6  11,7  16,5   15:38   7,1   07:29   6,6   0,0   0,3   3,3  28,0   16:14   SSE
 7  12,4  18,1   13:43   7,3   07:30   5,9   0,0   0,0   2,9  23,0   15:30   SSE
 8  13,7  16,4   13:37  11,2   05:39   4,6   0,0   0,3   1,3  19,0   23:50   SSE
 9  12,0  14,1   13:19  10,1   06:46   6,3   0,0   6,2   1,5  19,0   00:09   NNE
10  12,5  15,6   13:05   9,8   23:43   5,8   0,0   2,6   6,0  31,0   03:53     E
11  10,5  15,1   15:09   7,1   23:54   7,8   0,0   0,3   2,5  25,0   16:23     S
12  10,3  17,6   14:40   5,1   08:12   8,0   0,0   0,0   3,5  28,0   15:37    SE
13   9,6  12,9   13:13   6,9   01:23   8,7   0,0   1,3   1,2  17,0   04:48    NE
14  10,3  12,7   23:23   8,8   02:16   8,0   0,0  42,2   2,7  35,0   20:13    NE
15  13,8  18,6   15:54  11,6   05:18   4,5   0,0   1,8   1,3  37,0   00:33    NE
16  13,9  19,9   13:50   9,4   07:02   4,5   0,2   0,0   2,2  19,0   14:46     S
17  14,3  17,9   13:44  11,4   07:45   4,0   0,0   0,5   1,3  15,0   03:19   ENE
18  14,8  19,0   12:57  11,0   07:03   3,5   0,0   0,0   3,0  25,0   14:08     S
19  13,7  16,1   12:31  11,7   03:03   4,6   0,0  25,1   2,1  25,0   15:45     S
20  12,9  16,4   13:22  10,8   23:39   5,4   0,0   0,5   3,9  31,0   16:39   SSE
21  12,3  15,8   13:43   9,6   08:26   6,0   0,0   0,0   3,2  23,0   15:36   SSE
22  11,9  15,3   13:38   9,6   23:55   6,4   0,0   0,0   3,6  28,0   14:45   SSE
23  10,7  13,0   13:28   8,9   00:41   7,6   0,0   6,5   0,9  18,0   10:22   NNE
24  11,8  13,4   12:44  10,4   00:15   6,5   0,0   8,3   0,8  12,0   06:06    NE
25  12,7  13,4   13:03  12,1   01:04   5,6   0,0  23,0   0,3   9,0   09:33   NNE
26  14,4  19,6   13:45  11,1   06:39   4,0   0,1   1,3   1,9  22,0   14:35   ENE
27  13,9  17,9   13:14  10,1   23:58   4,4   0,0   0,0   3,1  24,0   15:11   SSE
28  12,3  16,3   13:59   9,9   00:11   6,0   0,0   0,0   1,6  15,0   08:21     S
29  12,5  19,4   14:30   9,1   05:11   5,8   0,0   0,0   2,2  17,0   14:55    SE
30  12,0  17,6   13:43   8,3   06:58   6,6   0,0   0,0   2,2  17,0   15:36     S
31  12,1  16,1   14:40   7,3   06:01   6,2   0,0   0,0   3,1  26,0   16:40   SSE
----------------------------------------------------------------------------------
    13,2  24,4     4     5,1    12   162,9   4,6 169,2   2,7  43,0     3      SE

Max >=  30,0:  0
Max <=  25,0: 31
Min <=   0,0:  0
Min <=  -5,0:  0
Max Rain: 45,6 on day 5
Days of Rain: 17 (>= 0,2 mm)  9 (>= 2,0 mm)  4 (>= 20,0 mm)
Heat Base: 18,3  Cool Base: 18,3  Method: Integration