Rapporti sul clima in stile NOAA


Report for 2016 Novembre
                   Monthly Climatological Summary for nov 2016

Name: Meteo Massone   City: Massone - Arco ( TN )   State: Italia
Elevation: 130 m  Lat: N 45° 55' 24"   Lon: E 010° 54' 03"

                  Temperature (°C), Rain (mm), Wind Speed (km/h)

                                      Heat  Cool        Avg
    Mean                              Deg   Deg         Wind                 Dom
Day Temp  High   Time   Low    Time   Days  Days  Rain  Speed High   Time    Dir
----------------------------------------------------------------------------------
 1  12,5  16,0   12:00  11,1   07:47   5,8   0,0   0,0   3,0  26,0   12:25   SSO
 2  12,1  15,0   12:39   9,1   23:53   6,2   0,0   0,0   1,1  16,0   13:24     S
 3  11,9  18,5   13:01   7,3   06:43   6,4   0,0   0,0   4,2  29,0   15:48   SSE
 4  11,7  13,2   00:23   9,6   23:28   6,6   0,0   0,0   1,6  17,0   00:02   SSE
 5   9,0   9,9   01:00   8,5   23:18   9,3   0,0  45,6   0,5  14,0   10:18    NE
 6   9,7  12,7   17:19   7,6   22:22   8,6   0,0  15,3   5,0  42,0   20:11   ENE
 7   8,3  13,7   13:31   5,7   23:41  10,0   0,0   0,0   3,2  21,0   14:42   NNE
 8   5,6   9,1   15:35   3,1   22:20  12,7   0,0   0,8   1,6  19,0   04:43   NNE
 9   4,7   8,6   14:13   0,8   07:04  13,5   0,0   0,0   1,4  14,0   01:17    NE
10   5,3   9,9   12:57   1,8   05:52  13,0   0,0   0,0   2,2  19,0   13:30     N
11   6,1  10,0   23:10   4,7   05:24  12,2   0,0   0,8   1,7  26,0   23:02    NE
12  10,0  14,5   13:52   5,0   23:59   8,3   0,0   0,0   5,8  30,0   08:40     N
13   6,1   9,3   13:15   3,4   07:02  12,2   0,0   0,0   1,3  17,0   23:42    NE
14   6,8  10,7   13:55   2,2   07:51  11,5   0,0   0,0   3,0  24,0   14:29   SSE
15   6,2   8,9   14:08   3,4   22:59  12,1   0,0   0,0   2,5  18,0   12:36   SSE
16   5,8   9,5   13:09   2,3   06:49  12,5   0,0   0,0   2,1  20,0   12:59   SSE
17   7,5   8,4   12:31   6,3   07:35  10,8   0,0   0,0   0,6  12,0   12:42     O
18   7,9   9,4   19:52   6,5   07:07  10,4   0,0   2,9   0,6  11,0   00:35   NNE
19   9,8  11,6   15:50   8,3   05:45   8,5   0,0  15,5   2,6  28,0   15:52     S
20  10,1  11,9   13:28   7,9   07:52   8,2   0,0   0,0   0,7  14,0   20:43   NNE
21  10,2  11,3   23:55   9,3   04:36   8,1   0,0  19,2   1,4  17,0   00:41   NNE
22  12,2  13,5   13:07  10,9   02:14   6,1   0,0   7,3   1,2  17,0   12:04    NE
23  13,1  14,2   14:28  11,7   23:01   5,2   0,0   1,3   1,9  17,0   05:04    NE
24  12,3  14,4   14:25  10,3   07:53   6,0   0,0   0,3   1,6  18,0   04:17    NE
25  11,6  12,9   14:10  10,6   21:43   6,7   0,0   3,4   0,9  11,0   12:33    NE
26  11,4  13,8   14:48   9,9   23:57   6,9   0,0  13,5   1,1  21,0   06:17   NNE
27   9,5  13,6   12:25   7,3   05:22   8,8   0,0   0,0   1,7  22,0   13:00   SSE
28   8,9  13,7   13:03   6,2   04:48   9,4   0,0   0,0   3,2  23,0   13:18   SSE
29   4,3   7,3   13:10   0,4   23:55  14,0   0,0   0,0   2,7  24,0   12:48     S
30   2,9   8,4   13:50  -0,5   07:17  15,4   0,0   0,0   1,7  14,0   09:36   ENE
----------------------------------------------------------------------------------
     8,8  18,5     3    -0,5    30   285,4   0,0 125,9   2,1  42,0     6       E

Max >=  30,0:  0
Max <=  25,0: 30
Min <=   0,0:  1
Min <=  -5,0:  0
Max Rain: 45,6 on day 5
Days of Rain: 12 (>= 0,2 mm)  8 (>= 2,0 mm)  1 (>= 20,0 mm)
Heat Base: 18,3  Cool Base: 18,3  Method: Integration