Rapporti sul clima in stile NOAA


Report for 2016 Dicembre
                   Monthly Climatological Summary for dic 2016

Name: Meteo Massone   City: Massone - Arco ( TN )   State: Italia
Elevation: 130 m  Lat: N 45° 55' 24"   Lon: E 010° 54' 03"

                  Temperature (°C), Rain (mm), Wind Speed (km/h)

                                      Heat  Cool        Avg
    Mean                              Deg   Deg         Wind                 Dom
Day Temp  High   Time   Low    Time   Days  Days  Rain  Speed High   Time    Dir
----------------------------------------------------------------------------------
 1   3,8   8,3   13:02   1,6   02:36  14,5   0,0   0,0   2,2  19,0   03:52   NNE
 2   5,0   9,8   12:48   2,4   00:00  13,3   0,0   0,0   1,9  16,0   14:47   SSE
 3   4,8   8,1   15:00   1,6   03:32  13,5   0,0   0,0   0,4   8,0   08:10   NNE
 4   5,9   9,4   13:22   3,6   19:15  12,4   0,0   0,0   0,6  15,0   22:57   NNE
 5   5,8  11,3   14:25   3,0   06:16  12,5   0,0   0,0   1,3  16,0   14:29    NE
 6   4,9  11,1   14:13   1,6   03:17  13,4   0,0   0,0   1,8  15,0   22:49    NE
 7   4,3  10,5   13:49   0,9   06:51  14,0   0,0   0,0   1,7  15,0   06:56    NE
 8   3,8  10,9   14:12   0,4   06:03  14,5   0,0   0,0   1,4  14,0   09:00    NE
 9   3,5   9,1   12:51   0,3   08:31  14,8   0,0   0,0   1,7  12,0   13:45   NNE
10   3,4   9,6   12:52   0,4   04:44  14,9   0,0   0,0   1,6  15,0   13:09    SO
11   3,4   8,0   13:08  -0,1   07:43  14,9   0,0   0,0   1,5  13,0   13:37     S
12   4,5  11,3   12:32   0,7   08:10  13,8   0,0   0,0   2,3  16,0   00:07     N
13   4,6  10,6   13:37   1,4   08:28  13,7   0,0   0,0   2,1  22,0   14:24   ENE
14   3,9   8,3   12:43   1,1   07:36  16,4   0,0   0,0   1,5  13,0   12:46   NNO
15   3,0   8,6   13:08  -0,6   08:01  15,3   0,0   0,0   1,5  21,0   13:42   OSO
16   2,1   7,7   14:21  -0,9   07:44  16,2   0,0   0,0   1,0  11,0   13:28    SO
17   2,3   9,1   15:11  -1,6   07:52  15,9   0,0   0,0   1,2  12,0   19:32   NNE
18   3,1   9,0   13:53   0,1   07:28  15,2   0,0   0,0   1,9  15,0   01:23   NNE
19   5,9  10,8   14:47   2,1   05:54  12,4   0,0   0,0   2,0  20,0   11:27   NNE
20   7,7   9,6   20:47   6,4   04:41  10,6   0,0   0,0   1,1  13,0   06:22   ENE
21   7,6  13,0   14:01   4,4   21:42  10,7   0,0   0,0   1,7  21,0   04:35    NE
22   6,3  12,6   14:07   3,4   03:52  12,0   0,0   0,0   1,6  15,0   05:08   NNE
23   6,8  14,5   13:59   3,4   05:17  11,5   0,0   0,0   1,9  11,0   13:37    NE
24   5,8  10,9   15:16   2,8   05:18  12,5   0,0   0,0   1,7  21,0   18:36   NNE
25   6,7  12,7   12:02   4,0   05:27  11,6   0,0   0,0   2,7  15,0   12:38   NNE
26   8,1  13,3   13:47   4,6   22:24  10,2   0,0   0,0   2,9  24,0   08:07    NE
27  10,5  17,6   14:08   4,4   00:42   7,8   0,0   0,0   4,2  33,0   18:02    NE
28   8,6  14,6   15:09   4,3   09:35   9,7   0,0   0,0   4,1  25,0   03:17   NNE
29   4,6   7,4   00:00   0,8   23:57  13,7   0,0   0,0   3,7  29,0   11:29    SE
30   2,4   8,4   14:35  -0,5   07:36  15,9   0,0   0,0   1,2  13,0   23:24   ENE
31   3,2  10,3   14:32  -0,1   06:15  15,1   0,0   0,0   1,5  21,0   00:48    NE
----------------------------------------------------------------------------------
     5,0  17,6    27    -1,6    17   412,9   0,0   0,0   1,9  33,0    27      NE

Max >=  30,0:  0
Max <=  25,0: 31
Min <=   0,0:  6
Min <=  -5,0:  0
Max Rain: 0,0 on day 0
Days of Rain: 0 (>= 0,2 mm)  0 (>= 2,0 mm)  0 (>= 20,0 mm)
Heat Base: 18,3  Cool Base: 18,3  Method: Integration