Rapporti sul clima in stile NOAA


Report for 2017
                   Annual Climatological Summary for 2017

Name: Meteo Massone   City: Massone - Arco ( TN )   State: Italia
Elevation: 130 m  Lat: N 45° 55' 24"   Lon: E 010° 54' 03"

                  Temperature (°C), Heat Base: 18,3  Cool Base: 18,3
                          Dep.  Heat  Cool                       Max  Max  Min  Min
        Mean  Mean        From  Deg   Deg                        >=   <=   <=   <=
 YR MO  Max   Min   Mean  Norm  Days  Days  Hi  Date  Low  Date 30,0 25,0  0,0  -5,0
------------------------------------------------------------------------------------
 17  1   6,4  -1,7   1,6   0.0   516     0  11,1   3  -6,3    7    0   31   25    2
 17  2   9,9   3,7   6,5   0.0   329     0  15,3  16   1,6   26    0   28    0    0
 17  3  16,0   7,0  11,2   0.0   222     2  21,9  29   3,3    2    0   31    0    0
 17  4  18,3   9,4  13,7   0.0   142     5  24,3   3   3,5   21    0   30    0    0
 17  5  22,4  13,2  17,7   0.0    74    56  28,9  31   5,6    2    0   21    0    0
 17  6  27,7  18,3  23,0   0.0     6   149  31,8  23  13,3    7    7    5    0    0
 17  7  28,8  18,3  23,6   0.0     5   170  31,9   8  13,3    1    9    2    0    0
 17  8  29,6  19,1  24,0   0.0     2   180  34,2   5  15,3   21   12    1    0    0
 17  9  21,2  13,1  16,7   0.0    71    23  25,6   7   9,4   18    0   28    0    0
 17 10  19,5  10,2  14,3   0.0   132     7  23,8  16   5,9   31    0   31    0    0
 17 11  12,1   4,7   7,9   0.0   312     0  17,3   3  -0,4   28    0   30    1    0
 17 12   7,5   0,3   3,2   0.0   466     0  13,7  24  -3,2   10    0   31   16    0
------------------------------------------------------------------------------------
        18,3   9,6  13,6   0.0  2283   596  34,2 ago  -6,3  gen   28  269   42    2

                                Precipitation (mm)

              Dep.   Max        Days of Rain
              From   Obs.           >=
 YR MO Total  Norm   Day Date  0,2  2,0 20,0
---------------------------------------------
 17  1   9,3   0.0   7,5  13     3    1    0
 17  2 140,7   0.0  61,1  28     9    8    1
 17  3  64,3   0.0  27,5   4     6    5    1
 17  4  85,7   0.0  52,8  26     4    4    2
 17  5  83,9   0.0  14,8   3    12    8    0
 17  6 143,5   0.0  50,2  25     9    7    2
 17  7  99,8   0.0  25,1  10     8    7    2
 17  8  89,5   0.0  61,9  10     6    4    1
 17  9 122,5   0.0  43,8  12    14    9    2
 17 10  10,3   0.0   8,5  22     2    1    0
 17 11  78,9   0.0  35,0   5     9    5    1
 17 12 129,8   0.0  69,9  11     5    4    2
---------------------------------------------
      1058,2   0.0  69,9  dic   87   63   14

                                Wind Speed (km/h)
                          Dom
 YR MO   Avg.  Hi   Date  Dir
------------------------------
 17  1   3,3  49,0   17    NE
 17  2   2,7  39,0   23   SSE
 17  3   3,5  47,0    1   SSE
 17  4   5,5  53,0   19   SSE
 17  5   4,4  41,0   10     S
 17  6   4,6  62,0   28     S
 17  7   5,0  63,0   30   SSE
 17  8   4,1  64,0    6    SE
 17  9   3,2  41,0   12    SE
 17 10   2,8  41,0   22    SE
 17 11   2,9  64,0   13   NNE
 17 12   2,5  46,0   12    NE
------------------------------
         3,7  64,0  ago    SE