Rapporti sul clima in stile NOAA


Report for 2017 Gennaio
                   Monthly Climatological Summary for gen 2017

Name: Meteo Massone   City: Massone - Arco ( TN )   State: Italia
Elevation: 130 m  Lat: N 45° 55' 24"   Lon: E 010° 54' 03"

                  Temperature (°C), Rain (mm), Wind Speed (km/h)

                                      Heat  Cool        Avg
    Mean                              Deg   Deg         Wind                 Dom
Day Temp  High   Time   Low    Time   Days  Days  Rain  Speed High   Time    Dir
----------------------------------------------------------------------------------
 1   2,9   9,8   14:15  -0,1   07:09  15,4   0,0   0,0   1,2  10,0   15:03   NNE
 2   2,6   7,8   13:05  -0,7   05:23  15,7   0,0   0,0   1,9  18,0   13:18   ESE
 3   5,2  11,1   14:03   0,6   22:30  13,1   0,0   0,0   4,4  32,0   14:36   ENE
 4   3,1   8,4   13:57   0,1   09:21  15,2   0,0   0,0   3,0  30,0   23:55   NNE
 5   4,7   7,9   00:00   1,6   21:56  13,6   0,0   0,0   7,4  38,0   14:01     N
 6   1,0   4,6   14:37  -3,7   23:59  17,3   0,0   0,0   5,7  34,0   02:11   NNE
 7  -2,6   2,4   14:15  -6,3   08:33  20,9   0,0   0,0   2,3  22,0   15:33   SSE
 8  -2,6   2,2   15:35  -5,6   07:17  20,9   0,0   0,0   1,6  18,0   13:38   SSO
 9   0,0   6,4   12:43  -4,1   00:41  18,3   0,0   0,0   3,2  25,0   09:12   ENE
10  -0,3   1,9   18:07  -3,1   01:27  18,6   0,0   0,0   4,3  29,0   16:01    SE
11   0,1   2,4   13:01  -3,4   23:54  18,2   0,0   0,0   4,2  25,0   00:21   SSE
12  -1,1   1,6   11:53  -3,9   01:36  19,4   0,0   0,0   2,2  18,0   13:37    SE
13   1,3   5,0   18:28  -0,7   00:45  17,0   0,0   7,5   2,5  31,0   15:02     N
14   0,8   5,5   14:59  -3,0   08:37  17,5   0,0   0,5   2,4  23,0   23:25   NNE
15   3,2   7,1   14:39  -0,6   23:52  15,1   0,0   0,0   4,2  30,0   04:32    NE
16   1,1   5,8   14:20  -3,8   08:18  17,2   0,0   0,0   8,1  44,0   22:27   NNE
17   4,4   7,0   14:38   2,8   06:40  13,9   0,0   0,0  11,9  49,0   04:20     N
18   4,1   8,1   13:29   1,9   23:25  14,2   0,0   0,0   6,5  38,0   04:26    NE
19   2,2   6,6   13:46  -1,2   23:36  16,1   0,0   0,0   2,2  21,0   13:57     S
20   0,6   5,9   13:35  -2,4   06:29  17,7   0,0   0,0   1,6  17,0   23:45   SSE
21   1,1   7,4   14:07  -3,0   07:29  17,2   0,0   0,0   1,7  15,0   13:19   ESE
22   1,9   8,3   15:00  -1,9   05:04  16,4   0,0   0,0   2,1  14,0   15:29    NE
23   2,3   9,5   15:26  -1,9   02:40  16,0   0,0   0,0   2,6  17,0   04:48    NE
24   2,7  10,5   15:31  -1,7   07:47  15,6   0,0   0,0   1,8  14,0   13:44   ENE
25   2,0   7,9   14:15  -1,0   04:39  16,3   0,0   0,0   2,0  18,0   12:30     S
26   1,1   5,9   14:34  -2,2   09:36  17,2   0,0   0,0   3,0  25,0   12:22   SSE
27   0,4   6,0   14:45  -3,2   06:31  17,9   0,0   0,0   1,7  24,0   12:44   SSO
28   0,6   5,4   14:03  -2,6   05:09  17,7   0,0   0,0   1,6  14,0   14:04     S
29   0,9   6,4   13:59  -2,6   07:40  17,4   0,0   0,0   1,8  17,0   12:15     S
30   2,9   7,8   14:00  -1,1   05:26  15,4   0,0   0,0   1,9  18,0   13:41   SSE
31   3,9   4,6   00:49   3,3   05:18  14,4   0,0   1,3   0,6  10,0   14:03   ESE
----------------------------------------------------------------------------------
     1,6  11,1     3    -6,3     7   516,8   0,0   9,3   3,3  49,0    17     ENE

Max >=  30,0:  0
Max <=  25,0: 31
Min <=   0,0: 25
Min <=  -5,0:  2
Max Rain: 7,5 on day 13
Days of Rain: 3 (>= 0,2 mm)  1 (>= 2,0 mm)  0 (>= 20,0 mm)
Heat Base: 18,3  Cool Base: 18,3  Method: Integration