Rapporti sul clima in stile NOAA


Report for 2017 Febbraio
                   Monthly Climatological Summary for feb 2017

Name: Meteo Massone   City: Massone - Arco ( TN )   State: Italia
Elevation: 130 m  Lat: N 45° 55' 24"   Lon: E 010° 54' 03"

                  Temperature (°C), Rain (mm), Wind Speed (km/h)

                                      Heat  Cool        Avg
    Mean                              Deg   Deg         Wind                 Dom
Day Temp  High   Time   Low    Time   Days  Days  Rain  Speed High   Time    Dir
----------------------------------------------------------------------------------
 1   4,3   5,7   14:04   3,1   04:17  14,0   0,0   0,0   0,3   8,0   14:36     N
 2   5,7   7,1   13:52   4,3   07:13  12,6   0,0   3,6   0,4   7,0   13:29   NNE
 3   6,8   9,2   16:17   5,7   06:36  11,5   0,0  17,1   0,9  15,0   16:18   NNE
 4   6,3   8,4   10:59   3,9   23:19  12,0   0,0  10,6   1,2  12,0   10:09     N
 5   4,5   6,6   14:06   2,4   06:35  13,8   0,0  19,2   3,7  33,0   19:02   NNE
 6   7,8  11,1   21:08   3,9   00:59  10,5   0,0  16,1   5,3  34,0   09:25   NNE
 7   8,9  13,1   13:54   3,9   08:02   9,4   0,0   0,0   3,8  27,0   00:26   ENE
 8   6,8   7,9   02:48   5,6   23:57  11,5   0,0   0,3   1,8  17,0   12:38   SSE
 9   5,6   7,7   12:40   3,8   23:20  12,7   0,0   0,0   2,4  23,0   13:12   SSE
10   4,8   7,0   13:37   3,8   02:13  13,5   0,0   6,7   0,6   9,0   20:22   NNE
11   5,4   7,8   15:15   3,4   03:01  12,9   0,0   0,0   0,8  11,0   15:41     S
12   6,4  11,4   13:43   3,1   23:41  11,9   0,0   0,0   2,4  26,0   13:55    SE
13   5,2   9,3   12:25   1,9   07:29  13,1   0,0   0,0   2,6  27,0   14:50   SSE
14   7,2  12,0   12:12   3,9   23:52  11,1   0,0   0,0   2,2  19,0   13:34     S
15   7,4  14,9   14:12   2,8   05:55  10,9   0,0   0,0   2,3  17,0   14:34   SSE
16   8,0  15,3   13:24   3,3   06:53  10,3   0,0   0,0   2,3  18,0   13:41     S
17   7,3  11,3   12:39   3,6   06:49  11,0   0,0   0,0   3,1  26,0   13:16   SSO
18   6,5  11,6   14:32   2,8   07:28  11,8   0,0   0,0   3,1  18,0   14:52     S
19   6,6  11,1   12:48   3,6   23:55  11,7   0,0   0,0   3,2  27,0   16:20   SSE
20   5,5  10,3   12:03   1,8   07:42  12,8   0,0   0,0   3,5  25,0   13:50   SSE
21   5,6   8,4   14:18   4,1   04:09  12,7   0,0   0,0   2,3  17,0   14:56   SSO
22   5,6   7,0   16:49   3,7   01:25  12,7   0,0   0,0   1,6  16,0   15:37   SSO
23   7,8   9,8   23:29   6,3   02:15  10,5   0,0   0,0   6,4  39,0   22:38   SSE
24   8,2   9,6   23:38   5,6   21:26  10,1   0,0   6,0   5,0  39,0   00:35     S
25   7,3  11,8   14:37   2,5   07:53  11,0   0,0   0,0   4,0  27,0   13:24   SSE
26   6,5  11,9   13:38   1,6   05:17  11,8   0,0   0,0   2,4  21,0   14:07   SSE
27   7,6  11,8   15:26   3,3   05:50  10,7   0,0   0,0   5,3  31,0   16:16     S
28   6,9   9,1   23:50   5,9   05:21  11,4   0,0  61,1   2,3  27,0   22:07   SSE
----------------------------------------------------------------------------------
     6,5  15,3    16     1,6    26   329,9   0,0 140,7   2,7  39,0    23     SSE

Max >=  30,0:  0
Max <=  25,0: 28
Min <=   0,0:  0
Min <=  -5,0:  0
Max Rain: 61,1 on day 28
Days of Rain: 9 (>= 0,2 mm)  8 (>= 2,0 mm)  1 (>= 20,0 mm)
Heat Base: 18,3  Cool Base: 18,3  Method: Integration