Rapporti sul clima in stile NOAA


Report for 2017 Marzo
                   Monthly Climatological Summary for mar 2017

Name: Meteo Massone   City: Massone - Arco ( TN )   State: Italia
Elevation: 130 m  Lat: N 45° 55' 24"   Lon: E 010° 54' 03"

                  Temperature (°C), Rain (mm), Wind Speed (km/h)

                                      Heat  Cool        Avg
    Mean                              Deg   Deg         Wind                 Dom
Day Temp  High   Time   Low    Time   Days  Days  Rain  Speed High   Time    Dir
----------------------------------------------------------------------------------
 1   9,2  15,1   14:02   4,0   06:30   9,1   0,0   0,5   5,0  47,0   02:23    NE
 2   7,9  13,6   15:24   3,3   06:34  10,5   0,0   0,0   1,8  21,0   12:52   SSE
 3   8,2  12,4   12:49   3,9   07:14  10,1   0,0   0,0   2,2  18,0   08:00    SE
 4   8,4  10,9   11:26   6,6   21:23   9,9   0,0  27,5   0,0   5,0   00:04     N
 5   7,9  12,6   14:17   5,4   23:08  10,4   0,0   2,3   3,1  33,0   12:39     S
 6   7,7  11,7   15:39   4,2   06:07  11,0   0,0   0,0   3,6  24,0   15:37     S
 7  10,3  16,4   12:58   4,5   05:57   7,9   0,0   0,0   5,1  31,0   20:18     N
 8  10,8  18,1   15:06   5,2   08:04   7,5   0,0   0,0   5,2  32,0   15:24     N
 9  10,9  17,8   16:24   5,3   07:25   7,5   0,0   0,0   3,4  21,0   12:19     S
10  13,6  20,5   14:39   6,8   06:24   5,1   0,4   0,0   9,3  35,0   12:51   NNE
11   9,6  14,1   15:35   4,2   07:22   8,7   0,0   0,0   4,9  29,0   12:23   SSE
12   9,4  13,8   15:56   5,3   06:02   8,9   0,0   0,0   4,9  31,0   15:37     S
13   8,7  12,9   16:18   4,4   06:37   9,5   0,0   0,0   4,4  27,0   13:14     S
14  11,4  16,8   14:48   6,6   07:14   6,9   0,0   0,0   3,5  19,0   12:51     S
15  10,9  15,0   10:29   7,0   06:26   7,4   0,0   0,0   3,4  23,0   12:34   SSE
16  11,1  16,3   16:25   6,4   07:28   7,2   0,0   0,0   4,0  26,0   13:44     S
17  12,0  16,9   15:42   7,0   05:42   6,3   0,0   0,0   3,6  21,0   13:58     S
18  11,6  16,9   17:17   7,6   06:14   6,7   0,0   0,0   2,2  18,0   12:29   SSO
19  11,0  15,0   15:52   7,4   07:05   7,3   0,0   0,0   2,8  21,0   13:40     S
20  12,1  15,9   13:54   7,3   06:16   6,2   0,0   0,0   4,7  31,0   14:19     S
21  12,2  13,1   00:00  11,3   06:04   6,1   0,0   0,0   2,0  17,0   10:16     S
22  11,2  12,4   00:00  10,3   08:51   7,1   0,0   9,1   2,1  21,0   23:17     S
23  11,9  16,3   11:09   8,9   06:01   6,4   0,0  11,7   1,7  19,0   11:58     E
24  13,3  18,7   16:18  10,2   05:35   5,1   0,0   0,0   1,8  15,0   12:39    SE
25  14,5  19,4   11:41   9,4   06:24   4,0   0,2   0,0   3,1  22,0   12:20   SSE
26  12,0  15,7   15:22  10,0   23:59   6,0   0,0  13,2   2,9  23,0   15:17     S
27  11,2  14,3   17:08   8,3   22:51   7,1   0,0   0,0   5,0  27,0   14:10     S
28  11,6  17,3   15:27   6,1   05:49   6,7   0,0   0,0   4,0  23,0   17:33   SSE
29  15,0  21,9   13:05   9,5   04:03   3,9   0,6   0,0   4,2  26,0   14:02    SE
30  16,0  21,7   12:55  10,6   07:22   3,1   0,8   0,0   3,8  23,0   15:03   SSE
31  16,1  21,8   15:40  10,8   06:29   3,0   0,8   0,0   3,7  25,0   15:35   SSE
----------------------------------------------------------------------------------
    11,2  21,9    29     3,3     2   222,6   2,8  64,3   3,5  47,0     1     SSE

Max >=  30,0:  0
Max <=  25,0: 31
Min <=   0,0:  0
Min <=  -5,0:  0
Max Rain: 27,5 on day 4
Days of Rain: 6 (>= 0,2 mm)  5 (>= 2,0 mm)  1 (>= 20,0 mm)
Heat Base: 18,3  Cool Base: 18,3  Method: Integration