Rapporti sul clima in stile NOAA


Report for 2017 Aprile
                   Monthly Climatological Summary for apr 2017

Name: Meteo Massone   City: Massone - Arco ( TN )   State: Italia
Elevation: 130 m  Lat: N 45° 55' 24"   Lon: E 010° 54' 03"

                  Temperature (°C), Rain (mm), Wind Speed (km/h)

                                      Heat  Cool        Avg
    Mean                              Deg   Deg         Wind                 Dom
Day Temp  High   Time   Low    Time   Days  Days  Rain  Speed High   Time    Dir
----------------------------------------------------------------------------------
 1  15,0  19,3   17:40  11,7   01:28   3,3   0,1   0,0   3,0  17,0   14:52     S
 2  16,2  22,6   14:43  10,5   04:33   2,9   0,7   0,0   4,6  42,0   12:03   NNE
 3  16,8  24,3   14:19  10,1   06:34   2,7   1,2   0,0   4,0  24,0   17:46   ESE
 4  16,1  20,7   15:13  12,7   08:24   2,5   0,2   0,0   4,4  30,0   19:57   NNE
 5  13,9  18,4   17:04  10,4   23:51   4,4   0,0   0,0   5,3  30,0   09:31     N
 6  14,4  21,3   12:55  10,4   00:00   4,0   0,1   0,0   5,0  32,0   13:47   SSE
 7  12,0  16,0   15:50   7,6   06:50   6,2   0,0   0,0   3,5  24,0   14:23     S
 8  13,9  19,5   17:08   8,6   06:24   4,5   0,1   0,0   4,3  28,0   17:13   SSO
 9  15,3  20,8   16:39  10,1   07:13   3,3   0,4   0,0   4,1  26,0   15:31     S
10  15,8  20,6   14:36  11,1   05:53   3,0   0,5   0,0   3,8  27,0   12:58     S
11  15,9  20,2   17:01  11,3   06:46   2,7   0,3   0,0   3,5  24,0   18:06     S
12  15,4  19,0   17:15  11,6   04:26   2,9   0,1   0,0   3,7  24,0   16:00     S
13  16,1  21,4   17:30  10,7   07:20   2,8   0,6   0,0   3,4  22,0   12:31     S
14  17,6  21,1   15:48  14,4   05:22   1,4   0,7   0,0   7,9  44,0   15:06   SSE
15  15,7  18,1   13:08  12,7   23:59   2,6   0,0   0,0   4,0  30,0   16:04     S
16  15,0  19,8   11:54  10,0   06:03   3,4   0,1   0,0   5,4  30,0   21:30    SE
17  12,6  15,7   00:01   8,2   07:36   5,7   0,0   0,0   7,9  36,0   14:20   SSE
18  11,9  16,1   12:17   8,8   06:41   6,4   0,0   0,0   7,6  45,0   15:35   NNE
19  10,6  14,9   13:30   7,4   06:49   7,7   0,0   0,0   9,7  53,0   15:38     N
20  10,9  16,9   15:31   6,3   06:23   7,4   0,0   0,0  10,9  50,0   19:56   NNE
21   9,8  14,7   16:58   3,5   06:58   8,5   0,0   0,0   7,5  34,0   01:00    SE
22  11,8  18,4   17:37   5,6   06:03   6,5   0,0   0,0   4,8  30,0   14:58     S
23  13,3  18,2   16:45   6,9   06:23   5,0   0,0   0,0   7,5  39,0   16:56     S
24  14,0  16,3   18:27  11,6   06:55   4,3   0,0   0,0   8,8  35,0   13:55     S
25  13,3  15,9   15:08  11,3   08:04   5,0   0,0   5,2   6,4  30,0   23:31     S
26  11,7  15,8   00:08   9,6   20:48   6,6   0,0  52,8   2,7  24,0   00:19     E
27  11,9  14,1   12:47   9,7   00:11   6,4   0,0  22,8   1,5  19,0   02:08     E
28  11,1  14,4   14:57   7,6   23:26   7,2   0,0   4,9   6,2  36,0   15:21   SSE
29  11,9  16,9   13:09   6,1   06:29   6,4   0,0   0,0   6,9  36,0   14:43     S
30  11,9  17,3   15:40   6,3   06:26   6,4   0,0   0,0   5,3  32,0   13:55     S
----------------------------------------------------------------------------------
    13,7  24,3     3     3,5    21   142,1   5,1  85,7   5,5  53,0    19     SSE

Max >=  30,0:  0
Max <=  25,0: 30
Min <=   0,0:  0
Min <=  -5,0:  0
Max Rain: 52,8 on day 26
Days of Rain: 4 (>= 0,2 mm)  4 (>= 2,0 mm)  2 (>= 20,0 mm)
Heat Base: 18,3  Cool Base: 18,3  Method: Integration